xen.org
2013-Jun-13  21:11 UTC
[qemu-upstream-unstable test] 18112: tolerable FAIL - PUSHED
flight 18112 qemu-upstream-unstable real [real]
http://www.chiark.greenend.org.uk/~xensrcts/logs/18112/
Failures :-/ but no regressions.
Tests which did not succeed, but are not blocking:
 test-amd64-amd64-xl-qemuu-win7-amd64 13 guest-stop             fail never pass
 test-amd64-i386-xl-qemuu-winxpsp3-vcpus1 13 guest-stop         fail never pass
 test-amd64-i386-xend-qemuu-winxpsp3 16 leak-check/check        fail never pass
 test-amd64-i386-xl-qemuu-win7-amd64 13 guest-stop              fail never pass
 test-amd64-amd64-xl-qemuu-winxpsp3 13 guest-stop               fail never pass
version targeted for testing:
 qemuu                79c097d5fe7cb0b4788ed509240cde7e210650bf
baseline version:
 qemuu                4597594c61add43725bd207bb498268a058f9cfb
------------------------------------------------------------
People who touched revisions under test:
------------------------------------------------------------
jobs:
 build-amd64                                                  pass    
 build-armhf                                                  pass    
 build-i386                                                   pass    
 build-amd64-oldkern                                          pass    
 build-i386-oldkern                                           pass    
 build-amd64-pvops                                            pass    
 build-i386-pvops                                             pass    
 test-amd64-i386-qemuu-rhel6hvm-amd                           pass    
 test-amd64-amd64-xl-qemuu-win7-amd64                         fail    
 test-amd64-i386-xl-qemuu-win7-amd64                          fail    
 test-amd64-i386-qemuu-rhel6hvm-intel                         pass    
 test-amd64-i386-xl-qemuu-winxpsp3-vcpus1                     fail    
 test-amd64-i386-xend-qemuu-winxpsp3                          fail    
 test-amd64-amd64-xl-qemuu-winxpsp3                           fail    
------------------------------------------------------------
sg-report-flight on woking.cam.xci-test.com
logs: /home/xc_osstest/logs
images: /home/xc_osstest/images
Logs, config files, etc. are available at
    http://www.chiark.greenend.org.uk/~xensrcts/logs
Test harness code can be found at
    http://xenbits.xensource.com/gitweb?p=osstest.git;a=summary
Pushing revision :
+ branch=qemu-upstream-unstable
+ revision=79c097d5fe7cb0b4788ed509240cde7e210650bf
+ . cri-lock-repos
++ . cri-common
+++ . cri-getconfig
+++ umask 002
+++ getconfig Repos
+++ perl -e ''
                use Osstest;
                readglobalconfig();
                print $c{"Repos"} or die $!;
        ''
++ repos=/export/home/osstest/repos
++ repos_lock=/export/home/osstest/repos/lock
++ ''['' x ''!=''
x/export/home/osstest/repos/lock '']''
++ OSSTEST_REPOS_LOCK_LOCKED=/export/home/osstest/repos/lock
++ exec with-lock-ex -w /export/home/osstest/repos/lock ./ap-push
qemu-upstream-unstable 79c097d5fe7cb0b4788ed509240cde7e210650bf
+ branch=qemu-upstream-unstable
+ revision=79c097d5fe7cb0b4788ed509240cde7e210650bf
+ . cri-lock-repos
++ . cri-common
+++ . cri-getconfig
+++ umask 002
+++ getconfig Repos
+++ perl -e ''
                use Osstest;
                readglobalconfig();
                print $c{"Repos"} or die $!;
        ''
++ repos=/export/home/osstest/repos
++ repos_lock=/export/home/osstest/repos/lock
++ ''['' x/export/home/osstest/repos/lock ''!=''
x/export/home/osstest/repos/lock '']''
+ . cri-common
++ . cri-getconfig
++ umask 002
+ select_xenbranch
+ case "$branch" in
+ tree=qemuu
+ xenbranch=xen-unstable
+ ''['' xqemuu = xlinux '']''
+ linuxbranch=linux
+ : master
+ : tested/2.6.39.x
+ . ap-common
++ : osstest@xenbits.xensource.com
++ : git://xenbits.xen.org/xen.git
++ : osstest@xenbits.xensource.com:/home/xen/git/xen.git
++ : git://xenbits.xen.org/staging/qemu-xen-unstable.git
++ : git://git.kernel.org
++ : git://git.kernel.org/pub/scm/linux/kernel/git
++ : git
++ : git://xenbits.xen.org/linux-pvops.git
++ : master
++ : git://xenbits.xen.org/osstest/linux-firmware.git
++ : osstest@xenbits.xensource.com:/home/osstest/ext/linux-firmware.git
++ : git://git.kernel.org/pub/scm/linux/kernel/git/firmware/linux-firmware.git
++ : osstest@xenbits.xensource.com:/home/xen/git/linux-pvops.git
++ : git://xenbits.xen.org/linux-pvops.git
++ : master
++ : git://git.kernel.org/pub/scm/linux/kernel/git/konrad/xen.git
++ : tested/2.6.39.x
++ : daily-cron.qemu-upstream-unstable
++ : daily-cron.qemu-upstream-unstable
++ : http://hg.uk.xensource.com/carbon/trunk/linux-2.6.27
++ : git://xenbits.xen.org/staging/qemu-upstream-unstable.git
++ : daily-cron.qemu-upstream-unstable
+ TREE_LINUX=osstest@xenbits.xensource.com:/home/xen/git/linux-pvops.git
+
TREE_QEMU_UPSTREAM=osstest@xenbits.xensource.com:/home/xen/git/qemu-upstream-unstable.git
+ TREE_XEN=osstest@xenbits.xensource.com:/home/xen/git/xen.git
+ info_linux_tree qemu-upstream-unstable
+ case $1 in
+ return 1
+ case "$branch" in
+ cd /export/home/osstest/repos/qemu-upstream-unstable
+ git push
osstest@xenbits.xensource.com:/home/xen/git/qemu-upstream-unstable.git
79c097d5fe7cb0b4788ed509240cde7e210650bf:master
Counting objects: 11, done.
Compressing objects: 100% (1/1)   
Compressing objects: 100% (1/1), done.
Writing objects:  16% (1/6)   
Writing objects:  33% (2/6)   
Writing objects:  50% (3/6)   
Writing objects:  66% (4/6)   
Writing objects:  83% (5/6)   
Writing objects: 100% (6/6)   
Writing objects: 100% (6/6), 751 bytes, done.
Total 6 (delta 5), reused 6 (delta 5)
To osstest@xenbits.xensource.com:/home/xen/git/qemu-upstream-unstable.git
   4597594..79c097d  79c097d5fe7cb0b4788ed509240cde7e210650bf -> master