flight 18048 xen-unstable real [real]
http://www.chiark.greenend.org.uk/~xensrcts/logs/18048/
Failures :-/ but no regressions.
Tests which are failing intermittently (not blocking):
test-amd64-i386-xl-winxpsp3-vcpus1 10 guest-saverestore.2 fail pass in 18047
test-amd64-amd64-xl-winxpsp3 10 guest-saverestore.2 fail in 18047 pass in 18048
Tests which did not succeed, but are not blocking:
test-amd64-amd64-xl-pcipt-intel 9 guest-start fail never pass
test-amd64-i386-xend-winxpsp3 16 leak-check/check fail never pass
test-amd64-amd64-xl-qemut-win7-amd64 13 guest-stop fail never pass
test-amd64-amd64-xl-qemuu-winxpsp3 13 guest-stop fail never pass
test-amd64-amd64-xl-win7-amd64 13 guest-stop fail never pass
test-amd64-i386-xl-win7-amd64 13 guest-stop fail never pass
test-amd64-i386-xl-qemut-win7-amd64 13 guest-stop fail never pass
test-amd64-amd64-xl-winxpsp3 13 guest-stop fail never pass
test-amd64-amd64-xl-qemut-winxpsp3 13 guest-stop fail never pass
test-amd64-i386-xl-qemut-winxpsp3-vcpus1 13 guest-stop fail never pass
test-amd64-i386-xend-qemut-winxpsp3 16 leak-check/check fail never pass
test-amd64-amd64-xl-qemuu-win7-amd64 13 guest-stop fail never pass
test-amd64-i386-xl-winxpsp3-vcpus1 13 guest-stop fail in 18047 never pass
version targeted for testing:
xen 7476f4788250ef281e09b449753c7ddc19239c64
baseline version:
xen 41abbadef60e5fccdfd688579dd458f7f7887cf5
------------------------------------------------------------
People who touched revisions under test:
Andre Przywara <andre.przywara@calxeda.com>
Anthony PERARD <anthony.perard@citrix.com>
Christoph Egger <chegger@amazon.de>
Frediano Ziglio <frediano.ziglio@citrix.com>
George Dunlap <george.dunlap@eu.citrix.com>
Ian Campbell <ian.campbell@citrix.com>
Ian Campbell <ian.camppbell@citrix.com>
Ian Jackson <ian.jackson@eu.citrix.com>
Julien Grall <julien.grall@linaro.org>
Konrad Rzeszutek Wilk <konrad.wilk@oracle.com>
------------------------------------------------------------
jobs:
build-amd64 pass
build-armhf pass
build-i386 pass
build-amd64-oldkern pass
build-i386-oldkern pass
build-amd64-pvops pass
build-i386-pvops pass
test-amd64-amd64-xl pass
test-amd64-i386-xl pass
test-amd64-i386-rhel6hvm-amd pass
test-amd64-i386-qemut-rhel6hvm-amd pass
test-amd64-i386-qemuu-rhel6hvm-amd pass
test-amd64-amd64-xl-qemut-win7-amd64 fail
test-amd64-i386-xl-qemut-win7-amd64 fail
test-amd64-amd64-xl-qemuu-win7-amd64 fail
test-amd64-amd64-xl-win7-amd64 fail
test-amd64-i386-xl-win7-amd64 fail
test-amd64-i386-xl-credit2 pass
test-amd64-amd64-xl-pcipt-intel fail
test-amd64-i386-rhel6hvm-intel pass
test-amd64-i386-qemut-rhel6hvm-intel pass
test-amd64-i386-qemuu-rhel6hvm-intel pass
test-amd64-i386-xl-multivcpu pass
test-amd64-amd64-pair pass
test-amd64-i386-pair pass
test-amd64-amd64-xl-sedf-pin pass
test-amd64-amd64-pv pass
test-amd64-i386-pv pass
test-amd64-amd64-xl-sedf pass
test-amd64-i386-xl-qemut-winxpsp3-vcpus1 fail
test-amd64-i386-xl-winxpsp3-vcpus1 fail
test-amd64-i386-xend-qemut-winxpsp3 fail
test-amd64-amd64-xl-qemut-winxpsp3 fail
test-amd64-amd64-xl-qemuu-winxpsp3 fail
test-amd64-i386-xend-winxpsp3 fail
test-amd64-amd64-xl-winxpsp3 fail
------------------------------------------------------------
sg-report-flight on woking.cam.xci-test.com
logs: /home/xc_osstest/logs
images: /home/xc_osstest/images
Logs, config files, etc. are available at
http://www.chiark.greenend.org.uk/~xensrcts/logs
Test harness code can be found at
http://xenbits.xensource.com/gitweb?p=osstest.git;a=summary
Pushing revision :
+ branch=xen-unstable
+ revision=7476f4788250ef281e09b449753c7ddc19239c64
+ . cri-lock-repos
++ . cri-common
+++ . cri-getconfig
+++ umask 002
+++ getconfig Repos
+++ perl -e ''
use Osstest;
readglobalconfig();
print $c{"Repos"} or die $!;
''
++ repos=/export/home/osstest/repos
++ repos_lock=/export/home/osstest/repos/lock
++ ''['' x ''!=''
x/export/home/osstest/repos/lock '']''
++ OSSTEST_REPOS_LOCK_LOCKED=/export/home/osstest/repos/lock
++ exec with-lock-ex -w /export/home/osstest/repos/lock ./ap-push xen-unstable
7476f4788250ef281e09b449753c7ddc19239c64
+ branch=xen-unstable
+ revision=7476f4788250ef281e09b449753c7ddc19239c64
+ . cri-lock-repos
++ . cri-common
+++ . cri-getconfig
+++ umask 002
+++ getconfig Repos
+++ perl -e ''
use Osstest;
readglobalconfig();
print $c{"Repos"} or die $!;
''
++ repos=/export/home/osstest/repos
++ repos_lock=/export/home/osstest/repos/lock
++ ''['' x/export/home/osstest/repos/lock ''!=''
x/export/home/osstest/repos/lock '']''
+ . cri-common
++ . cri-getconfig
++ umask 002
+ select_xenbranch
+ case "$branch" in
+ tree=xen
+ xenbranch=xen-unstable
+ ''['' xxen = xlinux '']''
+ linuxbranch=linux
+ : master
+ : tested/2.6.39.x
+ . ap-common
++ : osstest@xenbits.xensource.com
++ : git://xenbits.xen.org/xen.git
++ : osstest@xenbits.xensource.com:/home/xen/git/xen.git
++ : git://xenbits.xen.org/staging/qemu-xen-unstable.git
++ : git://git.kernel.org
++ : git://git.kernel.org/pub/scm/linux/kernel/git
++ : git
++ : git://xenbits.xen.org/linux-pvops.git
++ : master
++ : git://xenbits.xen.org/osstest/linux-firmware.git
++ : osstest@xenbits.xensource.com:/home/osstest/ext/linux-firmware.git
++ : git://git.kernel.org/pub/scm/linux/kernel/git/firmware/linux-firmware.git
++ : osstest@xenbits.xensource.com:/home/xen/git/linux-pvops.git
++ : git://xenbits.xen.org/linux-pvops.git
++ : master
++ : git://git.kernel.org/pub/scm/linux/kernel/git/konrad/xen.git
++ : tested/2.6.39.x
++ : daily-cron.xen-unstable
++ : daily-cron.xen-unstable
++ : http://hg.uk.xensource.com/carbon/trunk/linux-2.6.27
++ : git://xenbits.xen.org/staging/qemu-upstream-unstable.git
++ : daily-cron.xen-unstable
+ TREE_LINUX=osstest@xenbits.xensource.com:/home/xen/git/linux-pvops.git
+
TREE_QEMU_UPSTREAM=osstest@xenbits.xensource.com:/home/xen/git/qemu-upstream-unstable.git
+ TREE_XEN=osstest@xenbits.xensource.com:/home/xen/git/xen.git
+ info_linux_tree xen-unstable
+ case $1 in
+ return 1
+ case "$branch" in
+ cd /export/home/osstest/repos/xen
+ git push osstest@xenbits.xensource.com:/home/xen/git/xen.git
7476f4788250ef281e09b449753c7ddc19239c64:master
Counting objects: 1
Counting objects: 4
Counting objects: 7
Counting objects: 21
Counting objects: 34
Counting objects: 56
Counting objects: 100
Counting objects: 157
Counting objects: 189, done.
Compressing objects: 2% (1/39)
Compressing objects: 5% (2/39)
Compressing objects: 7% (3/39)
Compressing objects: 10% (4/39)
Compressing objects: 12% (5/39)
Compressing objects: 15% (6/39)
Compressing objects: 17% (7/39)
Compressing objects: 20% (8/39)
Compressing objects: 23% (9/39)
Compressing objects: 25% (10/39)
Compressing objects: 28% (11/39)
Compressing objects: 30% (12/39)
Compressing objects: 33% (13/39)
Compressing objects: 35% (14/39)
Compressing objects: 38% (15/39)
Compressing objects: 41% (16/39)
Compressing objects: 43% (17/39)
Compressing objects: 46% (18/39)
Compressing objects: 48% (19/39)
Compressing objects: 51% (20/39)
Compressing objects: 53% (21/39)
Compressing objects: 56% (22/39)
Compressing objects: 58% (23/39)
Compressing objects: 61% (24/39)
Compressing objects: 64% (25/39)
Compressing objects: 66% (26/39)
Compressing objects: 69% (27/39)
Compressing objects: 71% (28/39)
Compressing objects: 74% (29/39)
Compressing objects: 76% (30/39)
Compressing objects: 79% (31/39)
Compressing objects: 82% (32/39)
Compressing objects: 84% (33/39)
Compressing objects: 87% (34/39)
Compressing objects: 89% (35/39)
Compressing objects: 92% (36/39)
Compressing objects: 94% (37/39)
Compressing objects: 97% (38/39)
Compressing objects: 100% (39/39)
Compressing objects: 100% (39/39), done.
Writing objects: 0% (1/147)
Writing objects: 1% (2/147)
Writing objects: 2% (3/147)
Writing objects: 3% (5/147)
Writing objects: 4% (6/147)
Writing objects: 5% (8/147)
Writing objects: 6% (9/147)
Writing objects: 7% (11/147)
Writing objects: 8% (12/147)
Writing objects: 9% (14/147)
Writing objects: 10% (15/147)
Writing objects: 11% (17/147)
Writing objects: 12% (18/147)
Writing objects: 13% (20/147)
Writing objects: 14% (21/147)
Writing objects: 15% (23/147)
Writing objects: 17% (25/147)
Writing objects: 18% (27/147)
Writing objects: 19% (28/147)
Writing objects: 20% (30/147)
Writing objects: 21% (31/147)
Writing objects: 22% (33/147)
Writing objects: 23% (35/147)
Writing objects: 24% (36/147)
Writing objects: 25% (37/147)
Writing objects: 26% (39/147)
Writing objects: 27% (40/147)
Writing objects: 28% (42/147)
Writing objects: 29% (43/147)
Writing objects: 31% (46/147)
Writing objects: 32% (48/147)
Writing objects: 33% (49/147)
Writing objects: 34% (50/147)
Writing objects: 35% (52/147)
Writing objects: 36% (53/147)
Writing objects: 38% (56/147)
Writing objects: 39% (58/147)
Writing objects: 40% (59/147)
Writing objects: 41% (61/147)
Writing objects: 42% (63/147)
Writing objects: 43% (64/147)
Writing objects: 44% (65/147)
Writing objects: 46% (68/147)
Writing objects: 47% (70/147)
Writing objects: 48% (72/147)
Writing objects: 49% (73/147)
Writing objects: 50% (74/147)
Writing objects: 51% (75/147)
Writing objects: 52% (77/147)
Writing objects: 53% (78/147)
Writing objects: 54% (80/147)
Writing objects: 55% (81/147)
Writing objects: 56% (83/147)
Writing objects: 57% (84/147)
Writing objects: 58% (86/147)
Writing objects: 59% (87/147)
Writing objects: 60% (89/147)
Writing objects: 61% (90/147)
Writing objects: 62% (92/147)
Writing objects: 63% (93/147)
Writing objects: 64% (95/147)
Writing objects: 65% (96/147)
Writing objects: 66% (98/147)
Writing objects: 67% (99/147)
Writing objects: 68% (100/147)
Writing objects: 69% (102/147)
Writing objects: 70% (103/147)
Writing objects: 71% (105/147)
Writing objects: 72% (106/147)
Writing objects: 73% (108/147)
Writing objects: 74% (109/147)
Writing objects: 75% (111/147)
Writing objects: 76% (112/147)
Writing objects: 77% (114/147)
Writing objects: 78% (115/147)
Writing objects: 79% (117/147)
Writing objects: 80% (118/147)
Writing objects: 81% (120/147)
Writing objects: 82% (121/147)
Writing objects: 83% (123/147)
Writing objects: 84% (124/147)
Writing objects: 85% (125/147)
Writing objects: 86% (127/147)
Writing objects: 87% (128/147)
Writing objects: 88% (130/147)
Writing objects: 89% (131/147)
Writing objects: 90% (133/147)
Writing objects: 91% (134/147)
Writing objects: 92% (136/147)
Writing objects: 93% (137/147)
Writing objects: 94% (139/147)
Writing objects: 95% (140/147)
Writing objects: 96% (142/147)
Writing objects: 97% (143/147)
Writing objects: 98% (145/147)
Writing objects: 99% (146/147)
Writing objects: 100% (147/147)
Writing objects: 100% (147/147), 21.29 KiB, done.
Total 147 (delta 115), reused 140 (delta 108)
To osstest@xenbits.xensource.com:/home/xen/git/xen.git
41abbad..7476f47 7476f4788250ef281e09b449753c7ddc19239c64 -> master