flight 18008 xen-unstable real [real]
http://www.chiark.greenend.org.uk/~xensrcts/logs/18008/
Regressions :-(
Tests which did not succeed and are blocking,
including tests which could not be run:
test-amd64-amd64-xl-qemuu-winxpsp3 8 guest-saverestore fail REGR. vs. 18002
Tests which did not succeed, but are not blocking:
test-amd64-amd64-xl-pcipt-intel 9 guest-start fail never pass
test-amd64-i386-xend-winxpsp3 16 leak-check/check fail never pass
test-amd64-amd64-xl-qemut-win7-amd64 13 guest-stop fail never pass
test-amd64-i386-xl-win7-amd64 13 guest-stop fail never pass
test-amd64-i386-xl-qemut-win7-amd64 13 guest-stop fail never pass
test-amd64-amd64-xl-winxpsp3 13 guest-stop fail never pass
test-amd64-amd64-xl-qemut-winxpsp3 13 guest-stop fail never pass
test-amd64-i386-xl-winxpsp3-vcpus1 13 guest-stop fail never pass
test-amd64-i386-xl-qemut-winxpsp3-vcpus1 13 guest-stop fail never pass
test-amd64-i386-xend-qemut-winxpsp3 16 leak-check/check fail never pass
test-amd64-amd64-xl-qemuu-win7-amd64 13 guest-stop fail never pass
test-amd64-amd64-xl-win7-amd64 13 guest-stop fail never pass
version targeted for testing:
xen da3bca931fbcf0cbdfec971aca234e7ec0f41e16
baseline version:
xen 9204bc654562976c7cdebf21c6b5013f6e3057b3
------------------------------------------------------------
People who touched revisions under test:
Eric Shelton <eshelton@pobox.com>
Ian Campbell <ian.campbell@citrix.com>
Ian MURRAY <murrayie@yahoo.co.uk>
Jaeyong Yoo <jaeyong.yoo@samsung.com>
Jan Beulich <jbeulich@suse.com>
Julien Grall <julien.grall@linaro.org>
Keir Fraser <keir@xen.org>
Stefano Stabellini <stefano.stabellini@eu.citrix.com>
------------------------------------------------------------
jobs:
build-amd64 pass
build-armhf pass
build-i386 pass
build-amd64-oldkern pass
build-i386-oldkern pass
build-amd64-pvops pass
build-i386-pvops pass
test-amd64-amd64-xl pass
test-amd64-i386-xl pass
test-amd64-i386-rhel6hvm-amd pass
test-amd64-i386-qemut-rhel6hvm-amd pass
test-amd64-i386-qemuu-rhel6hvm-amd pass
test-amd64-amd64-xl-qemut-win7-amd64 fail
test-amd64-i386-xl-qemut-win7-amd64 fail
test-amd64-amd64-xl-qemuu-win7-amd64 fail
test-amd64-amd64-xl-win7-amd64 fail
test-amd64-i386-xl-win7-amd64 fail
test-amd64-i386-xl-credit2 pass
test-amd64-amd64-xl-pcipt-intel fail
test-amd64-i386-rhel6hvm-intel pass
test-amd64-i386-qemut-rhel6hvm-intel pass
test-amd64-i386-qemuu-rhel6hvm-intel pass
test-amd64-i386-xl-multivcpu pass
test-amd64-amd64-pair pass
test-amd64-i386-pair pass
test-amd64-amd64-xl-sedf-pin pass
test-amd64-amd64-pv pass
test-amd64-i386-pv pass
test-amd64-amd64-xl-sedf pass
test-amd64-i386-xl-qemut-winxpsp3-vcpus1 fail
test-amd64-i386-xl-winxpsp3-vcpus1 fail
test-amd64-i386-xend-qemut-winxpsp3 fail
test-amd64-amd64-xl-qemut-winxpsp3 fail
test-amd64-amd64-xl-qemuu-winxpsp3 fail
test-amd64-i386-xend-winxpsp3 fail
test-amd64-amd64-xl-winxpsp3 fail
------------------------------------------------------------
sg-report-flight on woking.cam.xci-test.com
logs: /home/xc_osstest/logs
images: /home/xc_osstest/images
Logs, config files, etc. are available at
http://www.chiark.greenend.org.uk/~xensrcts/logs
Test harness code can be found at
http://xenbits.xensource.com/gitweb?p=osstest.git;a=summary
Not pushing.
------------------------------------------------------------
commit da3bca931fbcf0cbdfec971aca234e7ec0f41e16
Merge: 7312c21... 47f71a8...
Author: Ian Campbell <ian.campbell@citrix.com>
Date: Thu May 23 14:23:32 2013 +0100
Merge branch ''staging'' of
ssh://xenbits.xen.org/home/xen/git/xen into staging
commit 7312c21dbd3f5026f087ba72c4e36754f1921762
Author: Julien Grall <julien.grall@linaro.org>
Date: Wed May 22 12:43:12 2013 +0100
drivers/exynos4210: Return -ENOMEM when ioremap has failed
Signed-off-by: Julien Grall <julien.grall@linaro.org>
Acked-by: Ian Campbell <ian.campbell@citrix.com>
commit 9f5179a4ecafd9a15e0a066e0f935ded681bf997
Author: Jaeyong Yoo <jaeyong.yoo@samsung.com>
Date: Wed May 22 02:34:18 2013 +0000
xen/arm: Disable interrupts for the entire duration of the context switch
Not just while saving state. Otherwise there is a race between interrupts
arriving and updating the LR state and gic_restore_state overwriting them
with
the saved state.
With this change we no longer need to disable interrupts in
gic_restore_state.
Signed-off-by: Jaeyong Yoo <jaeyong.yoo@samsung.com>
Acked-by: Stefano Stabellini <stefano.stabellini@eu.citrix.com>
[ ijc -- rewrote commit message ]
commit 47f71a8ccb0c881cf3d9e0b917ef5f0dc084b062
Author: Eric Shelton <eshelton@pobox.com>
Date: Thu May 23 13:08:51 2013 +0200
x86/EFI: fix boot for pre-UEFI systems
efi/boot.c makes a call to QueryVariableInfo on all systems. However,
as it is only promised for UEFI 2.0+ systems, pre-UEFI systems can
hang or crash on this call. The below patch adds a version check, a
technique used in other parts of the Xen EFI codebase.
Signed-off-by: Eric Shelton <eshelton@pobox.com>
Check runtime services version instead of EFI version (while generally
they would be in sync, nothing requires them to be).
Signed-off-by: Jan Beulich <jbeulich@suse.com>
commit 234c4dde2fd4f1182fe1a6bea6bced83fe363007
Author: Jan Beulich <jbeulich@suse.com>
Date: Thu May 23 13:08:32 2013 +0200
x86: fix boot time APIC mode detection
current_cpu_data becomes valid only relatively late in the boot
process, so looking there for a particular feature early in the game
would generally give the appearance of the feature being unavailable.
Getting this wrong means that at kexec time the system would get
returned to xAPIC mode, causing disconnect_bsp_APIC() to try to access
the APIC page, which on systems with x2APIC pre-enabled will never get
set up.
Signed-off-by: Jan Beulich <jbeulich@suse.com>
Acked-by: Keir Fraser <keir@xen.org>
Reviewed-by: Andrew Cooper <andrew.cooper3@citrix.com>
commit 13b37b6e08679d810544c99e69cfd81b7d34db18
Author: Ian Murray <murrayie@yahoo.co.uk>
Date: Thu May 23 11:33:34 2013 +0100
hotplug/Linux: xendomains compatibility with xl
The xl save file uses a different header string to the xm one. Teach the
xendomains script about it.
Signed-off-by: Ian MURRAY <murrayie@yahoo.co.uk>
Acked-by: Ian Campbell <ian.campbell@citrix.com>
[ ijc -- rewrote commit message ]
commit 0bb8977dca01321b5ea6f86bf62431783a49a955
Author: Julien Grall <julien.grall@linaro.org>
Date: Thu May 16 23:34:11 2013 +0100
xen/arm: Remove leading +1 when hypervisor compat property is created
When a static array with string is created, the size of this array contains
the \0.
This error was raised with gcc 4.7 because, the local variables are not
always
initialized to 0.
Signed-off-by: Julien Grall <julien.grall@linaro.org>
Acked-by: Stefano Stabellini <stefano.stabellini@eu.citrix.com>
(qemu changes not included)