flight 17948 xen-unstable real [real]
http://www.chiark.greenend.org.uk/~xensrcts/logs/17948/
Regressions :-(
Tests which did not succeed and are blocking,
including tests which could not be run:
test-amd64-amd64-xl-qemuu-win7-amd64 10 guest-saverestore.2 fail REGR. vs.
17946
test-amd64-i386-xl-win7-amd64 10 guest-saverestore.2 fail REGR. vs. 17946
Tests which did not succeed, but are not blocking:
test-amd64-amd64-xl-pcipt-intel 9 guest-start fail never pass
test-amd64-amd64-xl-qemuu-winxpsp3 13 guest-stop fail never pass
test-amd64-i386-xend-winxpsp3 16 leak-check/check fail never pass
test-amd64-amd64-xl-qemut-win7-amd64 13 guest-stop fail never pass
test-amd64-i386-xl-qemut-win7-amd64 13 guest-stop fail never pass
test-amd64-amd64-xl-winxpsp3 13 guest-stop fail never pass
test-amd64-amd64-xl-qemut-winxpsp3 13 guest-stop fail never pass
test-amd64-amd64-xl-win7-amd64 13 guest-stop fail never pass
test-amd64-i386-xl-winxpsp3-vcpus1 13 guest-stop fail never pass
test-amd64-i386-xl-qemut-winxpsp3-vcpus1 13 guest-stop fail never pass
test-amd64-i386-xend-qemut-winxpsp3 16 leak-check/check fail never pass
version targeted for testing:
xen ce2abaa5faae6662ddb93fc77b39ecf087d4c95f
baseline version:
xen 017610862e55a31a5abb2a7e7da39ad628794e1e
------------------------------------------------------------
People who touched revisions under test:
Christoph Egger <chegger@amazon.de>
Daniel Kiper <daniel.kiper@oracle.com>
Ian Campbell <ian.campbell@citrix.com>
Jan Beulich <jbeulich@suse.com>
Stefano Stabellini <stefano.stabellini@eu.citrix.com>
------------------------------------------------------------
jobs:
build-amd64 pass
build-armhf pass
build-i386 pass
build-amd64-oldkern pass
build-i386-oldkern pass
build-amd64-pvops pass
build-i386-pvops pass
test-amd64-amd64-xl pass
test-amd64-i386-xl pass
test-amd64-i386-rhel6hvm-amd pass
test-amd64-i386-qemut-rhel6hvm-amd pass
test-amd64-i386-qemuu-rhel6hvm-amd pass
test-amd64-amd64-xl-qemut-win7-amd64 fail
test-amd64-i386-xl-qemut-win7-amd64 fail
test-amd64-amd64-xl-qemuu-win7-amd64 fail
test-amd64-amd64-xl-win7-amd64 fail
test-amd64-i386-xl-win7-amd64 fail
test-amd64-i386-xl-credit2 pass
test-amd64-amd64-xl-pcipt-intel fail
test-amd64-i386-rhel6hvm-intel pass
test-amd64-i386-qemut-rhel6hvm-intel pass
test-amd64-i386-qemuu-rhel6hvm-intel pass
test-amd64-i386-xl-multivcpu pass
test-amd64-amd64-pair pass
test-amd64-i386-pair pass
test-amd64-amd64-xl-sedf-pin pass
test-amd64-amd64-pv pass
test-amd64-i386-pv pass
test-amd64-amd64-xl-sedf pass
test-amd64-i386-xl-qemut-winxpsp3-vcpus1 fail
test-amd64-i386-xl-winxpsp3-vcpus1 fail
test-amd64-i386-xend-qemut-winxpsp3 fail
test-amd64-amd64-xl-qemut-winxpsp3 fail
test-amd64-amd64-xl-qemuu-winxpsp3 fail
test-amd64-i386-xend-winxpsp3 fail
test-amd64-amd64-xl-winxpsp3 fail
------------------------------------------------------------
sg-report-flight on woking.cam.xci-test.com
logs: /home/xc_osstest/logs
images: /home/xc_osstest/images
Logs, config files, etc. are available at
http://www.chiark.greenend.org.uk/~xensrcts/logs
Test harness code can be found at
http://xenbits.xensource.com/gitweb?p=osstest.git;a=summary
Not pushing.
------------------------------------------------------------
commit ce2abaa5faae6662ddb93fc77b39ecf087d4c95f
Merge: 667d8a8... 9b670ac...
Author: Ian Campbell <ian.campbell@citrix.com>
Date: Mon May 13 11:44:02 2013 +0100
Merge branch ''staging'' of
ssh://xenbits.xen.org/home/xen/git/xen into staging
commit 9b670aceff75f9d61bfe842a09520bfccb418df7
Author: Jan Beulich <jbeulich@suse.com>
Date: Mon May 13 12:07:40 2013 +0200
x86/EFI: fix build
... after f6254405 ("xen/arm: compile and initialize vmap") moving
the
map_pages_to_xen() declaration.
Reported-by: Olaf Hering <olaf@aepfle.de>
Signed-off-by: Jan Beulich <jbeulich@suse.com>
Acked-by: Stefano Stabellini <stefano.stabellini@eu.citrix.com>
commit 667d8a84b244d02e9c6a2d02d6a02fc90c2efb4e
Author: Daniel Kiper <daniel.kiper@oracle.com>
Date: Fri May 10 17:33:54 2013 +0200
tools/libfsimage: Fix clean and distclean make targets
If there is a single colon for a given target and the target
is redefined in another place (e.g. in included file) then
make executes only new target and displays following warning:
Makefile:35: warning: overriding commands for target `clean''
tools/libfsimage/common/../../../tools/libfsimage/Rules.mk:25:
warning: ignoring old commands for target `clean''
To cope with that issue define all required targets as double-colon
rules. Additionally, remove some redundant stuff.
Signed-off-by: Daniel Kiper <daniel.kiper@oracle.com>
Acked-by: Ian Campbell <ian.campbell@citrix.com>
commit 2569c54743c887ec6fbbba74efe56fb113b933fc
Author: Christoph Egger <chegger@amazon.de>
Date: Fri May 10 16:07:44 2013 +0200
docs: make ''gmake dist-docs'' work
doc: buildsystem fixes
- use correct pathes (make gmake dist-docs from toplevel directory work)
- configure detects perl as tools/configure does
Signed-off-by: Christoph Egger <chegger@amazon.de>
Reviewed-by: Matthew Wilson <msw@amazon.de>
Acked-by: Ian Campbell <ian.campbell@citrix.com>
[ ijc -- reran autogen.sh ]
(qemu changes not included)