flight 17640 xen-4.2-testing real [real]
http://www.chiark.greenend.org.uk/~xensrcts/logs/17640/
Regressions :-(
Tests which did not succeed and are blocking,
including tests which could not be run:
build-amd64-oldkern 4 xen-build fail in 17634 REGR. vs. 17630
build-i386-oldkern 4 xen-build fail in 17634 REGR. vs. 17630
Tests which are failing intermittently (not blocking):
test-amd64-i386-xl-qemut-winxpsp3-vcpus1 7 windows-install fail pass in 17634
Regressions which are regarded as allowable (not blocking):
test-amd64-amd64-xl-qemut-winxpsp3 7 windows-install fail like 17630
Tests which did not succeed, but are not blocking:
build-armhf 4 xen-build fail never pass
test-amd64-amd64-xl-pcipt-intel 9 guest-start fail never pass
test-amd64-i386-xl-winxpsp3-vcpus1 13 guest-stop fail never pass
test-amd64-i386-xl-qemut-win7-amd64 13 guest-stop fail never pass
test-amd64-amd64-xl-win7-amd64 13 guest-stop fail never pass
test-amd64-i386-xl-win7-amd64 13 guest-stop fail never pass
test-i386-i386-xl-qemuu-winxpsp3 13 guest-stop fail never pass
test-amd64-i386-xend-winxpsp3 16 leak-check/check fail never pass
test-i386-i386-xl-winxpsp3 13 guest-stop fail never pass
test-amd64-amd64-xl-qemuu-win7-amd64 13 guest-stop fail never pass
test-amd64-amd64-xl-qemuu-winxpsp3 13 guest-stop fail never pass
test-amd64-amd64-xl-winxpsp3 13 guest-stop fail never pass
test-i386-i386-xl-qemut-winxpsp3 13 guest-stop fail never pass
test-amd64-amd64-xl-qemut-win7-amd64 13 guest-stop fail never pass
test-amd64-i386-xend-qemut-winxpsp3 16 leak-check/check fail never pass
test-amd64-i386-xl-qemut-winxpsp3-vcpus1 13 guest-stop fail in 17634 never pass
test-amd64-amd64-xl-qemut-winxpsp3 13 guest-stop fail in 17634 never pass
version targeted for testing:
xen 321e742eab7a36ffd18ac64f246f341015a007e0
baseline version:
xen e5b9f23485aa3709bec753badbcb989fde390925
------------------------------------------------------------
People who touched revisions under test:
------------------------------------------------------------
jobs:
build-amd64 pass
build-armhf fail
build-i386 pass
build-amd64-oldkern pass
build-i386-oldkern pass
build-amd64-pvops pass
build-i386-pvops pass
test-amd64-amd64-xl pass
test-amd64-i386-xl pass
test-i386-i386-xl pass
test-amd64-i386-rhel6hvm-amd pass
test-amd64-i386-qemut-rhel6hvm-amd pass
test-amd64-i386-qemuu-rhel6hvm-amd pass
test-amd64-amd64-xl-qemut-win7-amd64 fail
test-amd64-i386-xl-qemut-win7-amd64 fail
test-amd64-amd64-xl-qemuu-win7-amd64 fail
test-amd64-amd64-xl-win7-amd64 fail
test-amd64-i386-xl-win7-amd64 fail
test-amd64-i386-xl-credit2 pass
test-amd64-amd64-xl-pcipt-intel fail
test-amd64-i386-rhel6hvm-intel pass
test-amd64-i386-qemut-rhel6hvm-intel pass
test-amd64-i386-qemuu-rhel6hvm-intel pass
test-amd64-i386-xl-multivcpu pass
test-amd64-amd64-pair pass
test-amd64-i386-pair pass
test-i386-i386-pair pass
test-amd64-amd64-xl-sedf-pin pass
test-amd64-amd64-pv pass
test-amd64-i386-pv pass
test-i386-i386-pv pass
test-amd64-amd64-xl-sedf pass
test-amd64-i386-xl-qemut-winxpsp3-vcpus1 fail
test-amd64-i386-xl-winxpsp3-vcpus1 fail
test-amd64-i386-xend-qemut-winxpsp3 fail
test-amd64-amd64-xl-qemut-winxpsp3 fail
test-i386-i386-xl-qemut-winxpsp3 fail
test-amd64-amd64-xl-qemuu-winxpsp3 fail
test-i386-i386-xl-qemuu-winxpsp3 fail
test-amd64-i386-xend-winxpsp3 fail
test-amd64-amd64-xl-winxpsp3 fail
test-i386-i386-xl-winxpsp3 fail
------------------------------------------------------------
sg-report-flight on woking.cam.xci-test.com
logs: /home/xc_osstest/logs
images: /home/xc_osstest/images
Logs, config files, etc. are available at
http://www.chiark.greenend.org.uk/~xensrcts/logs
Test harness code can be found at
http://xenbits.xensource.com/gitweb?p=osstest.git;a=summary
Not pushing.
------------------------------------------------------------
commit 321e742eab7a36ffd18ac64f246f341015a007e0
Author: Jan Beulich <jbeulich@suse.com>
Date: Fri Apr 12 13:41:19 2013 +0200
update Xen version to 4.2.2-rc2
(qemu changes not included)