flight 17623 xen-unstable real [real]
http://www.chiark.greenend.org.uk/~xensrcts/logs/17623/
Failures :-/ but no regressions.
Regressions which are regarded as allowable (not blocking):
test-amd64-amd64-xl-sedf-pin 14 guest-localmigrate/x10 fail REGR. vs. 17610
Tests which did not succeed, but are not blocking:
test-amd64-amd64-xl-pcipt-intel 9 guest-start fail never pass
test-amd64-amd64-xl-qemut-win7-amd64 13 guest-stop fail never pass
test-amd64-amd64-xl-qemuu-winxpsp3 13 guest-stop fail never pass
test-amd64-i386-xend-winxpsp3 16 leak-check/check fail never pass
test-amd64-amd64-xl-win7-amd64 13 guest-stop fail never pass
test-amd64-i386-xl-win7-amd64 13 guest-stop fail never pass
test-amd64-i386-xl-qemut-win7-amd64 13 guest-stop fail never pass
test-amd64-amd64-xl-winxpsp3 13 guest-stop fail never pass
test-amd64-amd64-xl-qemut-winxpsp3 13 guest-stop fail never pass
test-amd64-i386-xl-winxpsp3-vcpus1 13 guest-stop fail never pass
test-amd64-i386-xend-qemut-winxpsp3 16 leak-check/check fail never pass
test-amd64-i386-xl-qemut-winxpsp3-vcpus1 13 guest-stop fail never pass
test-amd64-amd64-xl-qemuu-win7-amd64 13 guest-stop fail never pass
version targeted for testing:
xen e8dec6c69a6d0cbf19d120b9ecc03bc637fe23e4
baseline version:
xen bd9be94eb2280e8e662e75f1e5fea7c12eb2589c
------------------------------------------------------------
People who touched revisions under test:
Christoph Egger <chegger@amazon.de>
Ian Campbell <ian.campbell@citrix.com>
Ian Jackson <ian.jackson@eu.citrix.com>
Jan Beulich <jbeulich@suse.com>
Keir Fraser <keir@xen.org>
Stefano Stabellini <stefano.stabellini@eu.citrix.com>
Tim Deegan <tim@xen.org>
------------------------------------------------------------
jobs:
build-amd64 pass
build-armhf pass
build-i386 pass
build-amd64-oldkern pass
build-i386-oldkern pass
build-amd64-pvops pass
build-i386-pvops pass
test-amd64-amd64-xl pass
test-amd64-i386-xl pass
test-amd64-i386-rhel6hvm-amd pass
test-amd64-i386-qemut-rhel6hvm-amd pass
test-amd64-i386-qemuu-rhel6hvm-amd pass
test-amd64-amd64-xl-qemut-win7-amd64 fail
test-amd64-i386-xl-qemut-win7-amd64 fail
test-amd64-amd64-xl-qemuu-win7-amd64 fail
test-amd64-amd64-xl-win7-amd64 fail
test-amd64-i386-xl-win7-amd64 fail
test-amd64-i386-xl-credit2 pass
test-amd64-amd64-xl-pcipt-intel fail
test-amd64-i386-rhel6hvm-intel pass
test-amd64-i386-qemut-rhel6hvm-intel pass
test-amd64-i386-qemuu-rhel6hvm-intel pass
test-amd64-i386-xl-multivcpu pass
test-amd64-amd64-pair pass
test-amd64-i386-pair pass
test-amd64-amd64-xl-sedf-pin fail
test-amd64-amd64-pv pass
test-amd64-i386-pv pass
test-amd64-amd64-xl-sedf pass
test-amd64-i386-xl-qemut-winxpsp3-vcpus1 fail
test-amd64-i386-xl-winxpsp3-vcpus1 fail
test-amd64-i386-xend-qemut-winxpsp3 fail
test-amd64-amd64-xl-qemut-winxpsp3 fail
test-amd64-amd64-xl-qemuu-winxpsp3 fail
test-amd64-i386-xend-winxpsp3 fail
test-amd64-amd64-xl-winxpsp3 fail
------------------------------------------------------------
sg-report-flight on woking.cam.xci-test.com
logs: /home/xc_osstest/logs
images: /home/xc_osstest/images
Logs, config files, etc. are available at
http://www.chiark.greenend.org.uk/~xensrcts/logs
Test harness code can be found at
http://xenbits.xensource.com/gitweb?p=osstest.git;a=summary
Pushing revision :
+ branch=xen-unstable
+ revision=e8dec6c69a6d0cbf19d120b9ecc03bc637fe23e4
+ . cri-lock-repos
++ . cri-common
+++ . cri-getconfig
+++ umask 002
+++ getconfig Repos
+++ perl -e ''
use Osstest;
readglobalconfig();
print $c{"Repos"} or die $!;
''
++ repos=/export/home/osstest/repos
++ repos_lock=/export/home/osstest/repos/lock
++ ''['' x ''!=''
x/export/home/osstest/repos/lock '']''
++ OSSTEST_REPOS_LOCK_LOCKED=/export/home/osstest/repos/lock
++ exec with-lock-ex -w /export/home/osstest/repos/lock ./ap-push xen-unstable
e8dec6c69a6d0cbf19d120b9ecc03bc637fe23e4
+ branch=xen-unstable
+ revision=e8dec6c69a6d0cbf19d120b9ecc03bc637fe23e4
+ . cri-lock-repos
++ . cri-common
+++ . cri-getconfig
+++ umask 002
+++ getconfig Repos
+++ perl -e ''
use Osstest;
readglobalconfig();
print $c{"Repos"} or die $!;
''
++ repos=/export/home/osstest/repos
++ repos_lock=/export/home/osstest/repos/lock
++ ''['' x/export/home/osstest/repos/lock ''!=''
x/export/home/osstest/repos/lock '']''
+ . cri-common
++ . cri-getconfig
++ umask 002
+ select_xenbranch
+ case "$branch" in
+ tree=xen
+ xenbranch=xen-unstable
+ ''['' xxen = xlinux '']''
+ linuxbranch=linux
+ : master
+ : tested/2.6.39.x
+ . ap-common
++ : osstest@xenbits.xensource.com
++ : git://xenbits.xen.org/xen.git
++ : osstest@xenbits.xensource.com:/home/xen/git/xen.git
++ : git://xenbits.xen.org/staging/qemu-xen-unstable.git
++ : git://git.kernel.org
++ : git://git.kernel.org/pub/scm/linux/kernel/git
++ : git
++ : git://xenbits.xen.org/linux-pvops.git
++ : master
++ : git://xenbits.xen.org/osstest/linux-firmware.git
++ : osstest@xenbits.xensource.com:/home/osstest/ext/linux-firmware.git
++ : git://git.kernel.org/pub/scm/linux/kernel/git/firmware/linux-firmware.git
++ : osstest@xenbits.xensource.com:/home/xen/git/linux-pvops.git
++ : git://xenbits.xen.org/linux-pvops.git
++ : master
++ : git://git.kernel.org/pub/scm/linux/kernel/git/konrad/xen.git
++ : tested/2.6.39.x
++ : daily-cron.xen-unstable
++ : daily-cron.xen-unstable
++ : http://hg.uk.xensource.com/carbon/trunk/linux-2.6.27
++ : git://xenbits.xen.org/staging/qemu-upstream-unstable.git
++ : daily-cron.xen-unstable
+ TREE_LINUX=osstest@xenbits.xensource.com:/home/xen/git/linux-pvops.git
+
TREE_QEMU_UPSTREAM=osstest@xenbits.xensource.com:/home/xen/git/qemu-upstream-unstable.git
+ TREE_XEN=osstest@xenbits.xensource.com:/home/xen/git/xen.git
+ info_linux_tree xen-unstable
+ case $1 in
+ return 1
+ case "$branch" in
+ cd /export/home/osstest/repos/xen
+ git push osstest@xenbits.xensource.com:/home/xen/git/xen.git
e8dec6c69a6d0cbf19d120b9ecc03bc637fe23e4:master
Counting objects: 1
Counting objects: 164
Counting objects: 218, done.
Compressing objects: 2% (1/50)
Compressing objects: 4% (2/50)
Compressing objects: 6% (3/50)
Compressing objects: 8% (4/50)
Compressing objects: 10% (5/50)
Compressing objects: 12% (6/50)
Compressing objects: 14% (7/50)
Compressing objects: 16% (8/50)
Compressing objects: 18% (9/50)
Compressing objects: 20% (10/50)
Compressing objects: 22% (11/50)
Compressing objects: 24% (12/50)
Compressing objects: 26% (13/50)
Compressing objects: 28% (14/50)
Compressing objects: 30% (15/50)
Compressing objects: 32% (16/50)
Compressing objects: 34% (17/50)
Compressing objects: 36% (18/50)
Compressing objects: 38% (19/50)
Compressing objects: 40% (20/50)
Compressing objects: 42% (21/50)
Compressing objects: 44% (22/50)
Compressing objects: 46% (23/50)
Compressing objects: 48% (24/50)
Compressing objects: 50% (25/50)
Compressing objects: 52% (26/50)
Compressing objects: 54% (27/50)
Compressing objects: 56% (28/50)
Compressing objects: 58% (29/50)
Compressing objects: 60% (30/50)
Compressing objects: 62% (31/50)
Compressing objects: 64% (32/50)
Compressing objects: 66% (33/50)
Compressing objects: 68% (34/50)
Compressing objects: 70% (35/50)
Compressing objects: 72% (36/50)
Compressing objects: 74% (37/50)
Compressing objects: 76% (38/50)
Compressing objects: 78% (39/50)
Compressing objects: 80% (40/50)
Compressing objects: 82% (41/50)
Compressing objects: 84% (42/50)
Compressing objects: 86% (43/50)
Compressing objects: 88% (44/50)
Compressing objects: 90% (45/50)
Compressing objects: 92% (46/50)
Compressing objects: 94% (47/50)
Compressing objects: 96% (48/50)
Compressing objects: 98% (49/50)
Compressing objects: 100% (50/50)
Compressing objects: 100% (50/50), done.
Writing objects: 0% (1/165)
Writing objects: 1% (2/165)
Writing objects: 2% (4/165)
Writing objects: 3% (5/165)
Writing objects: 4% (7/165)
Writing objects: 5% (9/165)
Writing objects: 6% (10/165)
Writing objects: 7% (12/165)
Writing objects: 8% (14/165)
Writing objects: 9% (15/165)
Writing objects: 10% (17/165)
Writing objects: 11% (19/165)
Writing objects: 12% (20/165)
Writing objects: 13% (22/165)
Writing objects: 14% (24/165)
Writing objects: 15% (25/165)
Writing objects: 16% (27/165)
Writing objects: 17% (29/165)
Writing objects: 18% (30/165)
Writing objects: 19% (32/165)
Writing objects: 20% (33/165)
Writing objects: 21% (35/165)
Writing objects: 22% (37/165)
Writing objects: 23% (38/165)
Writing objects: 24% (40/165)
Writing objects: 25% (42/165)
Writing objects: 26% (43/165)
Writing objects: 27% (45/165)
Writing objects: 29% (48/165)
Writing objects: 30% (50/165)
Writing objects: 31% (52/165)
Writing objects: 32% (54/165)
Writing objects: 33% (55/165)
Writing objects: 34% (57/165)
Writing objects: 35% (59/165)
Writing objects: 36% (60/165)
Writing objects: 37% (62/165)
Writing objects: 38% (63/165)
Writing objects: 39% (65/165)
Writing objects: 40% (67/165)
Writing objects: 41% (69/165)
Writing objects: 42% (70/165)
Writing objects: 43% (71/165)
Writing objects: 44% (73/165)
Writing objects: 45% (75/165)
Writing objects: 46% (76/165)
Writing objects: 47% (79/165)
Writing objects: 48% (80/165)
Writing objects: 49% (81/165)
Writing objects: 50% (84/165)
Writing objects: 51% (85/165)
Writing objects: 52% (86/165)
Writing objects: 53% (88/165)
Writing objects: 54% (90/165)
Writing objects: 55% (91/165)
Writing objects: 56% (93/165)
Writing objects: 57% (95/165)
Writing objects: 58% (96/165)
Writing objects: 59% (98/165)
Writing objects: 60% (99/165)
Writing objects: 61% (101/165)
Writing objects: 62% (103/165)
Writing objects: 63% (104/165)
Writing objects: 64% (106/165)
Writing objects: 65% (108/165)
Writing objects: 66% (110/165)
Writing objects: 67% (111/165)
Writing objects: 68% (113/165)
Writing objects: 69% (114/165)
Writing objects: 70% (116/165)
Writing objects: 71% (118/165)
Writing objects: 72% (119/165)
Writing objects: 73% (121/165)
Writing objects: 74% (123/165)
Writing objects: 75% (124/165)
Writing objects: 76% (126/165)
Writing objects: 77% (128/165)
Writing objects: 78% (129/165)
Writing objects: 79% (131/165)
Writing objects: 80% (132/165)
Writing objects: 81% (134/165)
Writing objects: 82% (136/165)
Writing objects: 83% (137/165)
Writing objects: 84% (139/165)
Writing objects: 85% (141/165)
Writing objects: 86% (142/165)
Writing objects: 87% (144/165)
Writing objects: 88% (146/165)
Writing objects: 89% (147/165)
Writing objects: 90% (149/165)
Writing objects: 91% (151/165)
Writing objects: 92% (152/165)
Writing objects: 93% (154/165)
Writing objects: 94% (156/165)
Writing objects: 95% (157/165)
Writing objects: 96% (159/165)
Writing objects: 97% (161/165)
Writing objects: 98% (162/165)
Writing objects: 99% (164/165)
Writing objects: 100% (165/165)
Writing objects: 100% (165/165), 23.65 KiB, done.
Total 165 (delta 128), reused 152 (delta 115)
To osstest@xenbits.xensource.com:/home/xen/git/xen.git
bd9be94..e8dec6c e8dec6c69a6d0cbf19d120b9ecc03bc637fe23e4 -> master