xen.org
2013-Apr-06 17:55 UTC
[qemu-upstream-4.2-testing test] 17572: tolerable FAIL - PUSHED
flight 17572 qemu-upstream-4.2-testing real [real]
http://www.chiark.greenend.org.uk/~xensrcts/logs/17572/
Failures :-/ but no regressions.
Tests which did not succeed, but are not blocking:
build-armhf 4 xen-build fail never pass
test-amd64-amd64-xl-qemuu-win7-amd64 13 guest-stop fail never pass
test-amd64-i386-xl-qemuu-win7-amd64 13 guest-stop fail never pass
test-i386-i386-xl-qemuu-winxpsp3 13 guest-stop fail never pass
test-amd64-i386-xl-qemuu-winxpsp3-vcpus1 13 guest-stop fail never pass
test-amd64-i386-xend-qemuu-winxpsp3 16 leak-check/check fail never pass
test-amd64-amd64-xl-qemuu-winxpsp3 13 guest-stop fail never pass
version targeted for testing:
qemuu 59e2fb7252dbdc008a63d144b19be0cd8d873128
baseline version:
qemuu bf8e2e756e3e98b8388068173e24d99d1e09d2dd
------------------------------------------------------------
People who touched revisions under test:
Alex Bligh <alex@alex.org.uk>
Felipe Franciosi <felipe@paradoxo.org>
Stefano Stabellini <stefano.stabellini@eu.citrix.com>
------------------------------------------------------------
jobs:
build-amd64 pass
build-armhf fail
build-i386 pass
build-amd64-oldkern pass
build-i386-oldkern pass
build-amd64-pvops pass
build-i386-pvops pass
test-amd64-i386-qemuu-rhel6hvm-amd pass
test-amd64-amd64-xl-qemuu-win7-amd64 fail
test-amd64-i386-xl-qemuu-win7-amd64 fail
test-amd64-i386-qemuu-rhel6hvm-intel pass
test-amd64-i386-xl-qemuu-winxpsp3-vcpus1 fail
test-amd64-i386-xend-qemuu-winxpsp3 fail
test-amd64-amd64-xl-qemuu-winxpsp3 fail
test-i386-i386-xl-qemuu-winxpsp3 fail
------------------------------------------------------------
sg-report-flight on woking.cam.xci-test.com
logs: /home/xc_osstest/logs
images: /home/xc_osstest/images
Logs, config files, etc. are available at
http://www.chiark.greenend.org.uk/~xensrcts/logs
Test harness code can be found at
http://xenbits.xensource.com/gitweb?p=osstest.git;a=summary
Pushing revision :
+ branch=qemu-upstream-4.2-testing
+ revision=59e2fb7252dbdc008a63d144b19be0cd8d873128
+ . cri-lock-repos
++ . cri-common
+++ . cri-getconfig
+++ umask 002
+++ getconfig Repos
+++ perl -e ''
use Osstest;
readglobalconfig();
print $c{"Repos"} or die $!;
''
++ repos=/export/home/osstest/repos
++ repos_lock=/export/home/osstest/repos/lock
++ ''['' x ''!=''
x/export/home/osstest/repos/lock '']''
++ OSSTEST_REPOS_LOCK_LOCKED=/export/home/osstest/repos/lock
++ exec with-lock-ex -w /export/home/osstest/repos/lock ./ap-push
qemu-upstream-4.2-testing 59e2fb7252dbdc008a63d144b19be0cd8d873128
+ branch=qemu-upstream-4.2-testing
+ revision=59e2fb7252dbdc008a63d144b19be0cd8d873128
+ . cri-lock-repos
++ . cri-common
+++ . cri-getconfig
+++ umask 002
+++ getconfig Repos
+++ perl -e ''
use Osstest;
readglobalconfig();
print $c{"Repos"} or die $!;
''
++ repos=/export/home/osstest/repos
++ repos_lock=/export/home/osstest/repos/lock
++ ''['' x/export/home/osstest/repos/lock ''!=''
x/export/home/osstest/repos/lock '']''
+ . cri-common
++ . cri-getconfig
++ umask 002
+ select_xenbranch
+ case "$branch" in
+ tree=qemuu
+ xenbranch=xen-4.2-testing
+ ''['' xqemuu = xlinux '']''
+ linuxbranch=linux
+ : master
+ : tested/2.6.39.x
+ . ap-common
++ : osstest@xenbits.xensource.com
++ : git://xenbits.xen.org/xen.git
++ : osstest@xenbits.xensource.com:/home/xen/git/xen.git
++ : git://xenbits.xen.org/staging/qemu-xen-4.2-testing.git
++ : git://git.kernel.org
++ : git://git.kernel.org/pub/scm/linux/kernel/git
++ : git
++ : git://xenbits.xen.org/linux-pvops.git
++ : master
++ : git://xenbits.xen.org/osstest/linux-firmware.git
++ : osstest@xenbits.xensource.com:/home/osstest/ext/linux-firmware.git
++ : git://git.kernel.org/pub/scm/linux/kernel/git/firmware/linux-firmware.git
++ : osstest@xenbits.xensource.com:/home/xen/git/linux-pvops.git
++ : git://xenbits.xen.org/linux-pvops.git
++ : master
++ : git://git.kernel.org/pub/scm/linux/kernel/git/konrad/xen.git
++ : tested/2.6.39.x
++ : daily-cron.qemu-upstream-4.2-testing
++ : daily-cron.qemu-upstream-4.2-testing
++ : http://hg.uk.xensource.com/carbon/trunk/linux-2.6.27
++ : git://xenbits.xen.org/staging/qemu-upstream-4.2-testing.git
++ : daily-cron.qemu-upstream-4.2-testing
+ TREE_LINUX=osstest@xenbits.xensource.com:/home/xen/git/linux-pvops.git
+
TREE_QEMU_UPSTREAM=osstest@xenbits.xensource.com:/home/xen/git/qemu-upstream-4.2-testing.git
+ TREE_XEN=osstest@xenbits.xensource.com:/home/xen/git/xen.git
+ info_linux_tree qemu-upstream-4.2-testing
+ case $1 in
+ return 1
+ case "$branch" in
+ cd /export/home/osstest/repos/qemu-upstream-4.2-testing
+ git push
osstest@xenbits.xensource.com:/home/xen/git/qemu-upstream-4.2-testing.git
59e2fb7252dbdc008a63d144b19be0cd8d873128:master
Counting objects: 1
Counting objects: 8
Counting objects: 18
Counting objects: 22
Counting objects: 22, done.
Compressing objects: 25% (1/4)
Compressing objects: 50% (2/4)
Compressing objects: 75% (3/4)
Compressing objects: 100% (4/4)
Compressing objects: 100% (4/4), done.
Writing objects: 5% (1/17)
Writing objects: 11% (2/17)
Writing objects: 17% (3/17)
Writing objects: 23% (4/17)
Writing objects: 29% (5/17)
Writing objects: 35% (6/17)
Writing objects: 41% (7/17)
Writing objects: 47% (8/17)
Writing objects: 58% (10/17)
Writing objects: 64% (11/17)
Writing objects: 70% (12/17)
Writing objects: 76% (13/17)
Writing objects: 82% (14/17)
Writing objects: 88% (15/17)
Writing objects: 94% (16/17)
Writing objects: 100% (17/17)
Writing objects: 100% (17/17), 3.30 KiB, done.
Total 17 (delta 13), reused 17 (delta 13)
To osstest@xenbits.xensource.com:/home/xen/git/qemu-upstream-4.2-testing.git
bf8e2e7..59e2fb7 59e2fb7252dbdc008a63d144b19be0cd8d873128 -> master