flight 17432 xen-unstable real [real]
http://www.chiark.greenend.org.uk/~xensrcts/logs/17432/
Regressions :-(
Tests which did not succeed and are blocking,
including tests which could not be run:
 build-amd64-oldkern           4 xen-build                 fail REGR. vs. 17431
 build-i386                    4 xen-build                 fail REGR. vs. 17431
 test-amd64-amd64-xl-winxpsp3 10 guest-saverestore.2       fail REGR. vs. 17431
 build-i386-pvops              4 kernel-build              fail REGR. vs. 17431
 build-i386-oldkern            4 xen-build                 fail REGR. vs. 17431
Tests which did not succeed, but are not blocking:
 test-amd64-amd64-xl-pcipt-intel  9 guest-start                 fail never pass
 test-amd64-i386-rhel6hvm-intel  1 xen-build-check(1)           blocked  n/a
 test-amd64-i386-xl-multivcpu  1 xen-build-check(1)           blocked  n/a
 test-amd64-i386-xl-credit2    1 xen-build-check(1)           blocked  n/a
 test-amd64-i386-qemuu-rhel6hvm-intel  1 xen-build-check(1)         blocked n/a
 test-amd64-i386-qemut-rhel6hvm-amd  1 xen-build-check(1)           blocked n/a
 test-amd64-i386-xl            1 xen-build-check(1)           blocked  n/a
 test-amd64-i386-rhel6hvm-amd  1 xen-build-check(1)           blocked  n/a
 test-amd64-i386-qemuu-rhel6hvm-amd  1 xen-build-check(1)           blocked n/a
 test-amd64-amd64-xl-win7-amd64 13 guest-stop                   fail never pass
 test-amd64-amd64-xl-qemut-win7-amd64 13 guest-stop             fail never pass
 test-amd64-i386-xend-winxpsp3  1 xen-build-check(1)           blocked  n/a
 test-amd64-i386-pv            1 xen-build-check(1)           blocked  n/a
 test-amd64-amd64-xl-qemuu-winxpsp3 13 guest-stop               fail never pass
 test-amd64-i386-xl-win7-amd64  1 xen-build-check(1)           blocked  n/a
 test-amd64-i386-qemut-rhel6hvm-intel  1 xen-build-check(1)         blocked n/a
 test-amd64-i386-xl-qemut-win7-amd64  1 xen-build-check(1)          blocked n/a
 test-amd64-amd64-xl-qemut-winxpsp3 13 guest-stop               fail never pass
 test-amd64-i386-xl-winxpsp3-vcpus1  1 xen-build-check(1)           blocked n/a
 test-amd64-i386-xl-qemut-winxpsp3-vcpus1  1 xen-build-check(1)     blocked n/a
 test-amd64-i386-xend-qemut-winxpsp3  1 xen-build-check(1)          blocked n/a
 test-amd64-amd64-xl-qemuu-win7-amd64 13 guest-stop             fail never pass
 test-amd64-i386-pair          1 xen-build-check(1)           blocked  n/a
version targeted for testing:
 xen                  78380c34dfeb27da3d0222bcb7232c5d8e2f5b30
baseline version:
 xen                  25250ed7c8094a905c5f03b8ae25c8694d3fa9b3
------------------------------------------------------------
People who touched revisions under test:
  Jan Beulich <jbeulich@suse.com>
  Keir Fraser <keir@xen.org>
------------------------------------------------------------
jobs:
 build-amd64                                                  pass    
 build-armhf                                                  pass    
 build-i386                                                   fail    
 build-amd64-oldkern                                          fail    
 build-i386-oldkern                                           fail    
 build-amd64-pvops                                            pass    
 build-i386-pvops                                             fail    
 test-amd64-amd64-xl                                          pass    
 test-amd64-i386-xl                                           blocked 
 test-amd64-i386-rhel6hvm-amd                                 blocked 
 test-amd64-i386-qemut-rhel6hvm-amd                           blocked 
 test-amd64-i386-qemuu-rhel6hvm-amd                           blocked 
 test-amd64-amd64-xl-qemut-win7-amd64                         fail    
 test-amd64-i386-xl-qemut-win7-amd64                          blocked 
 test-amd64-amd64-xl-qemuu-win7-amd64                         fail    
 test-amd64-amd64-xl-win7-amd64                               fail    
 test-amd64-i386-xl-win7-amd64                                blocked 
 test-amd64-i386-xl-credit2                                   blocked 
 test-amd64-amd64-xl-pcipt-intel                              fail    
 test-amd64-i386-rhel6hvm-intel                               blocked 
 test-amd64-i386-qemut-rhel6hvm-intel                         blocked 
 test-amd64-i386-qemuu-rhel6hvm-intel                         blocked 
 test-amd64-i386-xl-multivcpu                                 blocked 
 test-amd64-amd64-pair                                        pass    
 test-amd64-i386-pair                                         blocked 
 test-amd64-amd64-xl-sedf-pin                                 pass    
 test-amd64-amd64-pv                                          pass    
 test-amd64-i386-pv                                           blocked 
 test-amd64-amd64-xl-sedf                                     pass    
 test-amd64-i386-xl-qemut-winxpsp3-vcpus1                     blocked 
 test-amd64-i386-xl-winxpsp3-vcpus1                           blocked 
 test-amd64-i386-xend-qemut-winxpsp3                          blocked 
 test-amd64-amd64-xl-qemut-winxpsp3                           fail    
 test-amd64-amd64-xl-qemuu-winxpsp3                           fail    
 test-amd64-i386-xend-winxpsp3                                blocked 
 test-amd64-amd64-xl-winxpsp3                                 fail    
------------------------------------------------------------
sg-report-flight on woking.cam.xci-test.com
logs: /home/xc_osstest/logs
images: /home/xc_osstest/images
Logs, config files, etc. are available at
    http://www.chiark.greenend.org.uk/~xensrcts/logs
Test harness code can be found at
    http://xenbits.xensource.com/gitweb?p=osstest.git;a=summary
Not pushing.
------------------------------------------------------------
commit 78380c34dfeb27da3d0222bcb7232c5d8e2f5b30
Author: Jan Beulich <jbeulich@suse.com>
Date:   Wed Mar 27 08:46:28 2013 +0100
    x86/EFI: permit setting variable with non-zero attributes
    
    This must have been a copy-and-paste mistake - get_variable uses
    op->misc as output only, and wants to make sure it''s zero for
future
    extensibility. For set_variable, this is an input though, and hence
    the check is wrong.
    
    Signed-off-by: Jan Beulich <jbeulich@suse.com>
    Acked-by: Keir Fraser <keir@xen.org>
(qemu changes not included)