flight 17164 xen-unstable real [real]
http://www.chiark.greenend.org.uk/~xensrcts/logs/17164/
Regressions :-(
Tests which did not succeed and are blocking,
including tests which could not be run:
 test-amd64-i386-xl-credit2    5 xen-boot                  fail REGR. vs. 16772
Tests which are failing intermittently (not blocking):
 test-amd64-amd64-xl-qemut-win7-amd64  7 windows-install     fail pass in 17139
Regressions which are regarded as allowable (not blocking):
 test-amd64-amd64-xl-sedf      5 xen-boot                     fail   like 16772
 test-amd64-amd64-xl-sedf-pin  5 xen-boot                     fail   like 16772
 test-amd64-amd64-xl-sedf-pin  7 debian-install  fail in 17139 blocked in 16772
 test-amd64-amd64-xl-qemut-win  7 windows-install      fail in 17139 like 16772
Tests which did not succeed, but are not blocking:
 test-amd64-amd64-xl-pcipt-intel  9 guest-start                 fail never pass
 test-amd64-amd64-xl-qemuu-win7-amd64 13 guest-stop             fail never pass
 test-amd64-amd64-xl-win7-amd64 13 guest-stop                   fail never pass
 test-amd64-i386-xl-qemut-win7-amd64 13 guest-stop              fail never pass
 test-amd64-i386-xl-win7-amd64 13 guest-stop                   fail  never pass
 test-amd64-amd64-xl-qemut-winxpsp3 13 guest-stop               fail never pass
 test-amd64-amd64-xl-winxpsp3 13 guest-stop                   fail   never pass
 test-amd64-i386-xl-winxpsp3-vcpus1 13 guest-stop               fail never pass
 test-amd64-i386-xend-qemut-winxpsp3 16 leak-check/check        fail never pass
 test-amd64-i386-xl-qemut-winxpsp3-vcpus1 13 guest-stop         fail never pass
 test-amd64-i386-xend-winxpsp3 16 leak-check/check             fail  never pass
 test-amd64-amd64-xl-qemuu-winxpsp3 13 guest-stop               fail never pass
 test-amd64-i386-qemut-win-vcpus1 16 leak-check/check  fail in 17139 never pass
 test-amd64-amd64-win         16 leak-check/check      fail in 17139 never pass
 test-amd64-i386-xl-win-vcpus1 13 guest-stop           fail in 17139 never pass
 test-amd64-amd64-qemut-win   16 leak-check/check      fail in 17139 never pass
 test-amd64-i386-win-vcpus1   16 leak-check/check      fail in 17139 never pass
 test-amd64-i386-xl-qemut-win-vcpus1 13 guest-stop     fail in 17139 never pass
 test-amd64-i386-win          16 leak-check/check      fail in 17139 never pass
 test-amd64-amd64-xl-qemut-win7-amd64 13 guest-stop    fail in 17139 never pass
 test-amd64-i386-qemut-win    16 leak-check/check      fail in 17139 never pass
 test-amd64-amd64-xl-win      13 guest-stop            fail in 17139 never pass
version targeted for testing:
 xen                  9581c4f9a55372a21e759cd449cb676d0e8feddb
baseline version:
 xen                  ba9ef879973f9bee4b72c8f1d3ef816bc58e5fdc
------------------------------------------------------------
People who touched revisions under test:
  Andrew Cooper <andrew.cooper3@citrix.com>
  George Dunlap <george.dunlap@eu.citrix.com>
  Ian Campbell <ian.campbell@citrix.com>
  Ian Jackson <ian.jackson@eu.citrix.com>
  Jan Beulich <jbeulich@suse.com>
  Juergen Gross <juergen.gross@ts.fujitsu.com>
  Keir Fraser <keir@xen.org>
  Matthew Daley <mattjd@gmail.com>
  Olaf Hering <olaf@aepfle.de>
  Robbie VanVossen <robert.vanvossen@dornerworks.com>
  Tim Deegan <tim@xen.org>
------------------------------------------------------------
jobs:
 build-amd64                                                  pass    
 build-armhf                                                  pass    
 build-i386                                                   pass    
 build-amd64-oldkern                                          pass    
 build-i386-oldkern                                           pass    
 build-amd64-pvops                                            pass    
 build-i386-pvops                                             pass    
 test-amd64-amd64-xl                                          pass    
 test-amd64-i386-xl                                           pass    
 test-amd64-i386-rhel6hvm-amd                                 pass    
 test-amd64-i386-qemut-rhel6hvm-amd                           pass    
 test-amd64-i386-qemuu-rhel6hvm-amd                           pass    
 test-amd64-amd64-xl-qemut-win7-amd64                         fail    
 test-amd64-i386-xl-qemut-win7-amd64                          fail    
 test-amd64-amd64-xl-qemuu-win7-amd64                         fail    
 test-amd64-amd64-xl-win7-amd64                               fail    
 test-amd64-i386-xl-win7-amd64                                fail    
 test-amd64-i386-xl-credit2                                   fail    
 test-amd64-amd64-xl-pcipt-intel                              fail    
 test-amd64-i386-rhel6hvm-intel                               pass    
 test-amd64-i386-qemut-rhel6hvm-intel                         pass    
 test-amd64-i386-qemuu-rhel6hvm-intel                         pass    
 test-amd64-i386-xl-multivcpu                                 pass    
 test-amd64-amd64-pair                                        pass    
 test-amd64-i386-pair                                         pass    
 test-amd64-amd64-xl-sedf-pin                                 fail    
 test-amd64-amd64-pv                                          pass    
 test-amd64-i386-pv                                           pass    
 test-amd64-amd64-xl-sedf                                     fail    
 test-amd64-i386-xl-qemut-winxpsp3-vcpus1                     fail    
 test-amd64-i386-xl-winxpsp3-vcpus1                           fail    
 test-amd64-i386-xend-qemut-winxpsp3                          fail    
 test-amd64-amd64-xl-qemut-winxpsp3                           fail    
 test-amd64-amd64-xl-qemuu-winxpsp3                           fail    
 test-amd64-i386-xend-winxpsp3                                fail    
 test-amd64-amd64-xl-winxpsp3                                 fail    
------------------------------------------------------------
sg-report-flight on woking.cam.xci-test.com
logs: /home/xc_osstest/logs
images: /home/xc_osstest/images
Logs, config files, etc. are available at
    http://www.chiark.greenend.org.uk/~xensrcts/logs
Test harness code can be found at
    http://xenbits.xensource.com/gitweb?p=osstest.git;a=summary
Not pushing.
(No revision log; it would be 391 lines long.)