xen.org
2013-Mar-07 14:21 UTC
[qemu-upstream-4.2-testing test] 17143: tolerable FAIL - PUSHED
flight 17143 qemu-upstream-4.2-testing real [real]
http://www.chiark.greenend.org.uk/~xensrcts/logs/17143/
Failures :-/ but no regressions.
Tests which did not succeed, but are not blocking:
build-armhf 4 xen-build fail never pass
test-amd64-amd64-xl-qemuu-win7-amd64 13 guest-stop fail never pass
test-amd64-amd64-xl-qemuu-win 13 guest-stop fail never pass
test-amd64-i386-qemuu-win-vcpus1 16 leak-check/check fail never pass
test-amd64-i386-qemuu-win 16 leak-check/check fail never pass
test-i386-i386-qemuu-win 16 leak-check/check fail never pass
test-amd64-i386-xl-qemuu-win-vcpus1 13 guest-stop fail never pass
test-amd64-i386-xend-qemuu-winxpsp3 16 leak-check/check fail never pass
test-amd64-i386-xl-qemuu-winxpsp3-vcpus1 13 guest-stop fail never pass
test-i386-i386-xl-qemuu-win 13 guest-stop fail never pass
test-amd64-amd64-xl-qemuu-winxpsp3 13 guest-stop fail never pass
test-amd64-amd64-qemuu-win 16 leak-check/check fail never pass
test-amd64-i386-xl-qemuu-win7-amd64 13 guest-stop fail never pass
test-i386-i386-xl-qemuu-winxpsp3 13 guest-stop fail never pass
version targeted for testing:
qemuu 351f94ff4bf3a7795ca5b282305aa610e598eec0
baseline version:
qemuu 70454385eeee6f0b3f7a9eddca9f7340b5060824
------------------------------------------------------------
People who touched revisions under test:
Alex Bligh <alex@alex.org.uk>
Ian Jackson <ian.jackson@eu.citrix.com>
------------------------------------------------------------
jobs:
build-amd64 pass
build-armhf fail
build-i386 pass
build-amd64-oldkern pass
build-i386-oldkern pass
build-amd64-pvops pass
build-i386-pvops pass
test-amd64-i386-qemuu-rhel6hvm-amd pass
test-amd64-amd64-xl-qemuu-win7-amd64 fail
test-amd64-i386-xl-qemuu-win7-amd64 fail
test-amd64-i386-qemuu-rhel6hvm-intel pass
test-amd64-i386-qemuu-win-vcpus1 fail
test-amd64-i386-xl-qemuu-win-vcpus1 fail
test-amd64-i386-xl-qemuu-winxpsp3-vcpus1 fail
test-amd64-amd64-qemuu-win fail
test-amd64-i386-qemuu-win fail
test-i386-i386-qemuu-win fail
test-amd64-amd64-xl-qemuu-win fail
test-i386-i386-xl-qemuu-win fail
test-amd64-i386-xend-qemuu-winxpsp3 fail
test-amd64-amd64-xl-qemuu-winxpsp3 fail
test-i386-i386-xl-qemuu-winxpsp3 fail
------------------------------------------------------------
sg-report-flight on woking.cam.xci-test.com
logs: /home/xc_osstest/logs
images: /home/xc_osstest/images
Logs, config files, etc. are available at
http://www.chiark.greenend.org.uk/~xensrcts/logs
Test harness code can be found at
http://xenbits.xensource.com/gitweb?p=osstest.git;a=summary
Pushing revision :
+ branch=qemu-upstream-4.2-testing
+ revision=351f94ff4bf3a7795ca5b282305aa610e598eec0
+ . cri-lock-repos
++ . cri-common
+++ . cri-getconfig
+++ umask 002
+++ getconfig Repos
+++ perl -e ''
use Osstest;
readglobalconfig();
print $c{"Repos"} or die $!;
''
++ repos=/export/home/osstest/repos
++ repos_lock=/export/home/osstest/repos/lock
++ ''['' x ''!=''
x/export/home/osstest/repos/lock '']''
++ OSSTEST_REPOS_LOCK_LOCKED=/export/home/osstest/repos/lock
++ exec with-lock-ex -w /export/home/osstest/repos/lock ./ap-push
qemu-upstream-4.2-testing 351f94ff4bf3a7795ca5b282305aa610e598eec0
+ branch=qemu-upstream-4.2-testing
+ revision=351f94ff4bf3a7795ca5b282305aa610e598eec0
+ . cri-lock-repos
++ . cri-common
+++ . cri-getconfig
+++ umask 002
+++ getconfig Repos
+++ perl -e ''
use Osstest;
readglobalconfig();
print $c{"Repos"} or die $!;
''
++ repos=/export/home/osstest/repos
++ repos_lock=/export/home/osstest/repos/lock
++ ''['' x/export/home/osstest/repos/lock ''!=''
x/export/home/osstest/repos/lock '']''
+ . cri-common
++ . cri-getconfig
++ umask 002
+ select_xenbranch
+ case "$branch" in
+ tree=qemuu
+ xenbranch=xen-4.2-testing
+ ''['' xqemuu = xlinux '']''
+ linuxbranch=linux
+ : master
+ : tested/2.6.39.x
+ . ap-common
++ : osstest@xenbits.xensource.com
++ : git://xenbits.xen.org/xen.git
++ : osstest@xenbits.xensource.com:/home/xen/git/xen.git
++ : git://xenbits.xen.org/staging/qemu-xen-4.2-testing.git
++ : git://git.kernel.org
++ : git://git.kernel.org/pub/scm/linux/kernel/git
++ : git
++ : git://xenbits.xen.org/linux-pvops.git
++ : master
++ : osstest@xenbits.xensource.com:/home/xen/git/linux-pvops.git
++ : git://xenbits.xen.org/linux-pvops.git
++ : master
++ : git://git.kernel.org/pub/scm/linux/kernel/git/konrad/xen.git
++ : tested/2.6.39.x
++ : daily-cron.qemu-upstream-4.2-testing
++ : daily-cron.qemu-upstream-4.2-testing
++ : http://hg.uk.xensource.com/carbon/trunk/linux-2.6.27
++ : git://xenbits.xen.org/staging/qemu-upstream-4.2-testing.git
++ : daily-cron.qemu-upstream-4.2-testing
+ TREE_LINUX=osstest@xenbits.xensource.com:/home/xen/git/linux-pvops.git
+
TREE_QEMU_UPSTREAM=osstest@xenbits.xensource.com:/home/xen/git/qemu-upstream-4.2-testing.git
+ TREE_XEN=osstest@xenbits.xensource.com:/home/xen/git/xen.git
+ info_linux_tree qemu-upstream-4.2-testing
+ case $1 in
+ return 1
+ case "$branch" in
+ cd /export/home/osstest/repos/qemu-upstream-4.2-testing
+ git push
osstest@xenbits.xensource.com:/home/xen/git/qemu-upstream-4.2-testing.git
351f94ff4bf3a7795ca5b282305aa610e598eec0:master
Counting objects: 1
Counting objects: 3
Counting objects: 9
Counting objects: 17
Counting objects: 28
Counting objects: 37, done.
Compressing objects: 11% (1/9)
Compressing objects: 22% (2/9)
Compressing objects: 33% (3/9)
Compressing objects: 44% (4/9)
Compressing objects: 55% (5/9)
Compressing objects: 66% (6/9)
Compressing objects: 77% (7/9)
Compressing objects: 88% (8/9)
Compressing objects: 100% (9/9)
Compressing objects: 100% (9/9), done.
Writing objects: 3% (1/28)
Writing objects: 7% (2/28)
Writing objects: 10% (3/28)
Writing objects: 14% (4/28)
Writing objects: 17% (5/28)
Writing objects: 21% (6/28)
Writing objects: 25% (7/28)
Writing objects: 32% (9/28)
Writing objects: 35% (10/28)
Writing objects: 39% (11/28)
Writing objects: 42% (12/28)
Writing objects: 46% (13/28)
Writing objects: 50% (14/28)
Writing objects: 53% (15/28)
Writing objects: 60% (17/28)
Writing objects: 64% (18/28)
Writing objects: 67% (19/28)
Writing objects: 71% (20/28)
Writing objects: 75% (21/28)
Writing objects: 78% (22/28)
Writing objects: 82% (23/28)
Writing objects: 85% (24/28)
Writing objects: 89% (25/28)
Writing objects: 92% (26/28)
Writing objects: 96% (27/28)
Writing objects: 100% (28/28)
Writing objects: 100% (28/28), 6.24 KiB, done.
Total 28 (delta 21), reused 26 (delta 19)
To osstest@xenbits.xensource.com:/home/xen/git/qemu-upstream-4.2-testing.git
7045438..351f94f 351f94ff4bf3a7795ca5b282305aa610e598eec0 -> master