flight 17117 linux-linus real [real]
http://www.chiark.greenend.org.uk/~xensrcts/logs/17117/
Regressions :-(
Tests which did not succeed and are blocking,
including tests which could not be run:
 test-amd64-amd64-xl           9 guest-start               fail REGR. vs. 12557
 test-amd64-i386-xl            9 guest-start               fail REGR. vs. 12557
 test-amd64-i386-xl-credit2    9 guest-start               fail REGR. vs. 12557
 test-amd64-amd64-pv           5 xen-boot                  fail REGR. vs. 12557
 test-amd64-i386-xl-winxpsp3-vcpus1  5 xen-boot            fail REGR. vs. 12557
 test-amd64-amd64-xl-win7-amd64  5 xen-boot                fail REGR. vs. 12557
 test-amd64-i386-pair          8 xen-boot/dst_host         fail REGR. vs. 12557
 test-amd64-i386-pair          7 xen-boot/src_host         fail REGR. vs. 12557
 test-amd64-amd64-pair         8 xen-boot/dst_host         fail REGR. vs. 12557
 test-amd64-amd64-pair         7 xen-boot/src_host         fail REGR. vs. 12557
 build-i386-pvops              4 kernel-build     fail in 17101 REGR. vs. 12557
Tests which are failing intermittently (not blocking):
 test-amd64-amd64-xl-sedf-pin  9 guest-start                 fail pass in 17101
Regressions which are regarded as allowable (not blocking):
 test-amd64-i386-win           5 xen-boot                     fail   like 12557
 test-amd64-amd64-xl-sedf      5 xen-boot                  fail REGR. vs. 12557
 test-amd64-i386-qemut-rhel6hvm-amd  7 redhat-install     fail blocked in 12557
 test-amd64-amd64-xl-sedf-pin 15 guest-stop       fail in 17101 REGR. vs. 12557
Tests which did not succeed, but are not blocking:
 test-amd64-amd64-xl-pcipt-intel  5 xen-boot                    fail never pass
 test-amd64-i386-qemut-win-vcpus1  5 xen-boot                   fail never pass
 test-amd64-i386-qemut-rhel6hvm-intel  5 xen-boot               fail never pass
 test-amd64-i386-xend-qemut-winxpsp3  5 xen-boot                fail never pass
 test-amd64-amd64-xl-qemut-winxpsp3  5 xen-boot                 fail never pass
 test-amd64-i386-xl-qemut-win-vcpus1  5 xen-boot                fail never pass
 test-amd64-amd64-xl-qemut-win7-amd64 13 guest-stop             fail never pass
 test-amd64-i386-xl-qemut-win7-amd64 13 guest-stop              fail never pass
 test-amd64-i386-xl-win7-amd64 13 guest-stop                   fail  never pass
 test-amd64-amd64-xl-qemuu-win7-amd64 13 guest-stop             fail never pass
 test-amd64-i386-qemut-win    16 leak-check/check             fail   never pass
 test-amd64-i386-xl-win-vcpus1 13 guest-stop                   fail  never pass
 test-amd64-i386-xl-qemut-winxpsp3-vcpus1 13 guest-stop         fail never pass
 test-amd64-i386-win-vcpus1   16 leak-check/check             fail   never pass
 test-amd64-i386-xend-winxpsp3 16 leak-check/check             fail  never pass
 test-amd64-amd64-xl-winxpsp3 13 guest-stop                   fail   never pass
 test-amd64-amd64-win         16 leak-check/check             fail   never pass
 test-amd64-amd64-xl-qemut-win 13 guest-stop                   fail  never pass
 test-amd64-amd64-xl-qemuu-winxpsp3 13 guest-stop               fail never pass
 test-amd64-amd64-qemut-win   16 leak-check/check             fail   never pass
 test-amd64-amd64-xl-win      13 guest-stop                   fail   never pass
 test-amd64-i386-xl            1 xen-build-check(1)        blocked in 17101 n/a
 test-amd64-i386-xl-multivcpu  1 xen-build-check(1)        blocked in 17101 n/a
 test-amd64-i386-pv            1 xen-build-check(1)        blocked in 17101 n/a
 test-amd64-i386-xl-credit2    1 xen-build-check(1)        blocked in 17101 n/a
 test-amd64-i386-qemuu-rhel6hvm-amd  1 xen-build-check(1)  blocked in 17101 n/a
 test-amd64-i386-rhel6hvm-amd  1 xen-build-check(1)        blocked in 17101 n/a
 test-amd64-i386-rhel6hvm-intel  1 xen-build-check(1)      blocked in 17101 n/a
 test-amd64-i386-qemut-win-vcpus1  1 xen-build-check(1)    blocked in 17101 n/a
 test-amd64-i386-qemut-rhel6hvm-intel 1 xen-build-check(1) blocked in 17101 n/a
 test-amd64-i386-xend-qemut-winxpsp3  1 xen-build-check(1) blocked in 17101 n/a
 test-amd64-i386-win           1 xen-build-check(1)        blocked in 17101 n/a
 test-amd64-i386-qemuu-rhel6hvm-intel 1 xen-build-check(1) blocked in 17101 n/a
 test-amd64-i386-xl-winxpsp3-vcpus1  1 xen-build-check(1)  blocked in 17101 n/a
 test-amd64-i386-xl-qemut-win-vcpus1  1 xen-build-check(1) blocked in 17101 n/a
 test-amd64-i386-xl-qemut-win7-amd64  1 xen-build-check(1) blocked in 17101 n/a
 test-amd64-i386-xl-win7-amd64  1 xen-build-check(1)       blocked in 17101 n/a
 test-amd64-i386-qemut-rhel6hvm-amd  1 xen-build-check(1)  blocked in 17101 n/a
 test-amd64-i386-qemut-win     1 xen-build-check(1)        blocked in 17101 n/a
 test-amd64-i386-xl-win-vcpus1  1 xen-build-check(1)       blocked in 17101 n/a
 test-amd64-i386-pair          1 xen-build-check(1)        blocked in 17101 n/a
 test-amd64-i386-xl-qemut-winxpsp3-vcpus1 1 xen-build-check(1) blocked in 17101
n/a
 test-amd64-i386-win-vcpus1    1 xen-build-check(1)        blocked in 17101 n/a
 test-amd64-i386-xend-winxpsp3  1 xen-build-check(1)       blocked in 17101 n/a
version targeted for testing:
 linux                6dbe51c251a327e012439c4772097a13df43c5b8
baseline version:
 linux                c16fa4f2ad19908a47c63d8fa436a1178438c7e7
------------------------------------------------------------
People who touched revisions under test:
------------------------------------------------------------
jobs:
 build-amd64                                                  pass    
 build-armhf                                                  pass    
 build-i386                                                   pass    
 build-amd64-pvops                                            pass    
 build-i386-pvops                                             pass    
 test-amd64-amd64-xl                                          fail    
 test-amd64-i386-xl                                           fail    
 test-amd64-i386-rhel6hvm-amd                                 pass    
 test-amd64-i386-qemut-rhel6hvm-amd                           fail    
 test-amd64-i386-qemuu-rhel6hvm-amd                           pass    
 test-amd64-amd64-xl-qemut-win7-amd64                         fail    
 test-amd64-i386-xl-qemut-win7-amd64                          fail    
 test-amd64-amd64-xl-qemuu-win7-amd64                         fail    
 test-amd64-amd64-xl-win7-amd64                               fail    
 test-amd64-i386-xl-win7-amd64                                fail    
 test-amd64-i386-xl-credit2                                   fail    
 test-amd64-amd64-xl-pcipt-intel                              fail    
 test-amd64-i386-rhel6hvm-intel                               pass    
 test-amd64-i386-qemut-rhel6hvm-intel                         fail    
 test-amd64-i386-qemuu-rhel6hvm-intel                         pass    
 test-amd64-i386-xl-multivcpu                                 pass    
 test-amd64-amd64-pair                                        fail    
 test-amd64-i386-pair                                         fail    
 test-amd64-amd64-xl-sedf-pin                                 fail    
 test-amd64-amd64-pv                                          fail    
 test-amd64-i386-pv                                           pass    
 test-amd64-amd64-xl-sedf                                     fail    
 test-amd64-i386-win-vcpus1                                   fail    
 test-amd64-i386-qemut-win-vcpus1                             fail    
 test-amd64-i386-xl-qemut-win-vcpus1                          fail    
 test-amd64-i386-xl-win-vcpus1                                fail    
 test-amd64-i386-xl-qemut-winxpsp3-vcpus1                     fail    
 test-amd64-i386-xl-winxpsp3-vcpus1                           fail    
 test-amd64-amd64-win                                         fail    
 test-amd64-i386-win                                          fail    
 test-amd64-amd64-qemut-win                                   fail    
 test-amd64-i386-qemut-win                                    fail    
 test-amd64-amd64-xl-qemut-win                                fail    
 test-amd64-amd64-xl-win                                      fail    
 test-amd64-i386-xend-qemut-winxpsp3                          fail    
 test-amd64-amd64-xl-qemut-winxpsp3                           fail    
 test-amd64-amd64-xl-qemuu-winxpsp3                           fail    
 test-amd64-i386-xend-winxpsp3                                fail    
 test-amd64-amd64-xl-winxpsp3                                 fail    
------------------------------------------------------------
sg-report-flight on woking.cam.xci-test.com
logs: /home/xc_osstest/logs
images: /home/xc_osstest/images
Logs, config files, etc. are available at
    http://www.chiark.greenend.org.uk/~xensrcts/logs
Test harness code can be found at
    http://xenbits.xensource.com/gitweb?p=osstest.git;a=summary
Not pushing.
------------------------------------------------------------
commit 6dbe51c251a327e012439c4772097a13df43c5b8
Author: Linus Torvalds <torvalds@linux-foundation.org>
Date:   Sun Mar 3 15:11:05 2013 -0800
    Linux 3.9-rc1
Konrad Rzeszutek Wilk
2013-Mar-08  13:57 UTC
Re: [linux-linus test] 17117: regressions - FAIL
On Thu, Mar 07, 2013 at 08:09:52AM +0000, xen.org wrote:> flight 17117 linux-linus real [real] > http://www.chiark.greenend.org.uk/~xensrcts/logs/17117/ > > Regressions :-(Still no sign of tglrx''s patch ..> > Tests which did not succeed and are blocking, > including tests which could not be run: > test-amd64-amd64-xl 9 guest-start fail REGR. vs. 12557 > test-amd64-i386-xl 9 guest-start fail REGR. vs. 12557 > test-amd64-i386-xl-credit2 9 guest-start fail REGR. vs. 12557 > test-amd64-amd64-pv 5 xen-boot fail REGR. vs. 12557 > test-amd64-i386-xl-winxpsp3-vcpus1 5 xen-boot fail REGR. vs. 12557 > test-amd64-amd64-xl-win7-amd64 5 xen-boot fail REGR. vs. 12557 > test-amd64-i386-pair 8 xen-boot/dst_host fail REGR. vs. 12557 > test-amd64-i386-pair 7 xen-boot/src_host fail REGR. vs. 12557 > test-amd64-amd64-pair 8 xen-boot/dst_host fail REGR. vs. 12557 > test-amd64-amd64-pair 7 xen-boot/src_host fail REGR. vs. 12557 > build-i386-pvops 4 kernel-build fail in 17101 REGR. vs. 12557 > > Tests which are failing intermittently (not blocking): > test-amd64-amd64-xl-sedf-pin 9 guest-start fail pass in 17101 > > Regressions which are regarded as allowable (not blocking): > test-amd64-i386-win 5 xen-boot fail like 12557 > test-amd64-amd64-xl-sedf 5 xen-boot fail REGR. vs. 12557 > test-amd64-i386-qemut-rhel6hvm-amd 7 redhat-install fail blocked in 12557 > test-amd64-amd64-xl-sedf-pin 15 guest-stop fail in 17101 REGR. vs. 12557 > > Tests which did not succeed, but are not blocking: > test-amd64-amd64-xl-pcipt-intel 5 xen-boot fail never pass > test-amd64-i386-qemut-win-vcpus1 5 xen-boot fail never pass > test-amd64-i386-qemut-rhel6hvm-intel 5 xen-boot fail never pass > test-amd64-i386-xend-qemut-winxpsp3 5 xen-boot fail never pass > test-amd64-amd64-xl-qemut-winxpsp3 5 xen-boot fail never pass > test-amd64-i386-xl-qemut-win-vcpus1 5 xen-boot fail never pass > test-amd64-amd64-xl-qemut-win7-amd64 13 guest-stop fail never pass > test-amd64-i386-xl-qemut-win7-amd64 13 guest-stop fail never pass > test-amd64-i386-xl-win7-amd64 13 guest-stop fail never pass > test-amd64-amd64-xl-qemuu-win7-amd64 13 guest-stop fail never pass > test-amd64-i386-qemut-win 16 leak-check/check fail never pass > test-amd64-i386-xl-win-vcpus1 13 guest-stop fail never pass > test-amd64-i386-xl-qemut-winxpsp3-vcpus1 13 guest-stop fail never pass > test-amd64-i386-win-vcpus1 16 leak-check/check fail never pass > test-amd64-i386-xend-winxpsp3 16 leak-check/check fail never pass > test-amd64-amd64-xl-winxpsp3 13 guest-stop fail never pass > test-amd64-amd64-win 16 leak-check/check fail never pass > test-amd64-amd64-xl-qemut-win 13 guest-stop fail never pass > test-amd64-amd64-xl-qemuu-winxpsp3 13 guest-stop fail never pass > test-amd64-amd64-qemut-win 16 leak-check/check fail never pass > test-amd64-amd64-xl-win 13 guest-stop fail never pass > test-amd64-i386-xl 1 xen-build-check(1) blocked in 17101 n/a > test-amd64-i386-xl-multivcpu 1 xen-build-check(1) blocked in 17101 n/a > test-amd64-i386-pv 1 xen-build-check(1) blocked in 17101 n/a > test-amd64-i386-xl-credit2 1 xen-build-check(1) blocked in 17101 n/a > test-amd64-i386-qemuu-rhel6hvm-amd 1 xen-build-check(1) blocked in 17101 n/a > test-amd64-i386-rhel6hvm-amd 1 xen-build-check(1) blocked in 17101 n/a > test-amd64-i386-rhel6hvm-intel 1 xen-build-check(1) blocked in 17101 n/a > test-amd64-i386-qemut-win-vcpus1 1 xen-build-check(1) blocked in 17101 n/a > test-amd64-i386-qemut-rhel6hvm-intel 1 xen-build-check(1) blocked in 17101 n/a > test-amd64-i386-xend-qemut-winxpsp3 1 xen-build-check(1) blocked in 17101 n/a > test-amd64-i386-win 1 xen-build-check(1) blocked in 17101 n/a > test-amd64-i386-qemuu-rhel6hvm-intel 1 xen-build-check(1) blocked in 17101 n/a > test-amd64-i386-xl-winxpsp3-vcpus1 1 xen-build-check(1) blocked in 17101 n/a > test-amd64-i386-xl-qemut-win-vcpus1 1 xen-build-check(1) blocked in 17101 n/a > test-amd64-i386-xl-qemut-win7-amd64 1 xen-build-check(1) blocked in 17101 n/a > test-amd64-i386-xl-win7-amd64 1 xen-build-check(1) blocked in 17101 n/a > test-amd64-i386-qemut-rhel6hvm-amd 1 xen-build-check(1) blocked in 17101 n/a > test-amd64-i386-qemut-win 1 xen-build-check(1) blocked in 17101 n/a > test-amd64-i386-xl-win-vcpus1 1 xen-build-check(1) blocked in 17101 n/a > test-amd64-i386-pair 1 xen-build-check(1) blocked in 17101 n/a > test-amd64-i386-xl-qemut-winxpsp3-vcpus1 1 xen-build-check(1) blocked in 17101 n/a > test-amd64-i386-win-vcpus1 1 xen-build-check(1) blocked in 17101 n/a > test-amd64-i386-xend-winxpsp3 1 xen-build-check(1) blocked in 17101 n/a > > version targeted for testing: > linux 6dbe51c251a327e012439c4772097a13df43c5b8 > baseline version: > linux c16fa4f2ad19908a47c63d8fa436a1178438c7e7 > > ------------------------------------------------------------ > People who touched revisions under test: > ------------------------------------------------------------ > > jobs: > build-amd64 pass > build-armhf pass > build-i386 pass > build-amd64-pvops pass > build-i386-pvops pass > test-amd64-amd64-xl fail > test-amd64-i386-xl fail > test-amd64-i386-rhel6hvm-amd pass > test-amd64-i386-qemut-rhel6hvm-amd fail > test-amd64-i386-qemuu-rhel6hvm-amd pass > test-amd64-amd64-xl-qemut-win7-amd64 fail > test-amd64-i386-xl-qemut-win7-amd64 fail > test-amd64-amd64-xl-qemuu-win7-amd64 fail > test-amd64-amd64-xl-win7-amd64 fail > test-amd64-i386-xl-win7-amd64 fail > test-amd64-i386-xl-credit2 fail > test-amd64-amd64-xl-pcipt-intel fail > test-amd64-i386-rhel6hvm-intel pass > test-amd64-i386-qemut-rhel6hvm-intel fail > test-amd64-i386-qemuu-rhel6hvm-intel pass > test-amd64-i386-xl-multivcpu pass > test-amd64-amd64-pair fail > test-amd64-i386-pair fail > test-amd64-amd64-xl-sedf-pin fail > test-amd64-amd64-pv fail > test-amd64-i386-pv pass > test-amd64-amd64-xl-sedf fail > test-amd64-i386-win-vcpus1 fail > test-amd64-i386-qemut-win-vcpus1 fail > test-amd64-i386-xl-qemut-win-vcpus1 fail > test-amd64-i386-xl-win-vcpus1 fail > test-amd64-i386-xl-qemut-winxpsp3-vcpus1 fail > test-amd64-i386-xl-winxpsp3-vcpus1 fail > test-amd64-amd64-win fail > test-amd64-i386-win fail > test-amd64-amd64-qemut-win fail > test-amd64-i386-qemut-win fail > test-amd64-amd64-xl-qemut-win fail > test-amd64-amd64-xl-win fail > test-amd64-i386-xend-qemut-winxpsp3 fail > test-amd64-amd64-xl-qemut-winxpsp3 fail > test-amd64-amd64-xl-qemuu-winxpsp3 fail > test-amd64-i386-xend-winxpsp3 fail > test-amd64-amd64-xl-winxpsp3 fail > > > ------------------------------------------------------------ > sg-report-flight on woking.cam.xci-test.com > logs: /home/xc_osstest/logs > images: /home/xc_osstest/images > > Logs, config files, etc. are available at > http://www.chiark.greenend.org.uk/~xensrcts/logs > > Test harness code can be found at > http://xenbits.xensource.com/gitweb?p=osstest.git;a=summary > > > Not pushing. > > ------------------------------------------------------------ > commit 6dbe51c251a327e012439c4772097a13df43c5b8 > Author: Linus Torvalds <torvalds@linux-foundation.org> > Date: Sun Mar 3 15:11:05 2013 -0800 > > Linux 3.9-rc1 > > _______________________________________________ > Xen-devel mailing list > Xen-devel@lists.xen.org > http://lists.xen.org/xen-devel >