xen.org
2013-Mar-04 15:39 UTC
[linux-mingo-tip-master test] 16988: regressions - trouble: broken/fail/pass
flight 16988 linux-mingo-tip-master real [real]
http://www.chiark.greenend.org.uk/~xensrcts/logs/16988/
Regressions :-(
Tests which did not succeed and are blocking,
including tests which could not be run:
test-amd64-amd64-xl 5 xen-boot fail REGR. vs. 12678
test-amd64-amd64-xl-win 5 xen-boot fail REGR. vs. 12678
test-amd64-amd64-win 5 xen-boot fail REGR. vs. 12678
test-amd64-amd64-xl-qemuu-win7-amd64 5 xen-boot fail REGR. vs. 12678
test-amd64-amd64-xl-qemuu-winxpsp3 5 xen-boot fail REGR. vs. 12678
test-amd64-i386-xl 5 xen-boot fail REGR. vs. 12678
test-amd64-i386-rhel6hvm-intel 5 xen-boot fail REGR. vs. 12678
test-amd64-i386-pv 5 xen-boot fail REGR. vs. 12678
test-amd64-amd64-xl-winxpsp3 5 xen-boot fail REGR. vs. 12678
test-amd64-amd64-pv 5 xen-boot fail REGR. vs. 12678
test-amd64-i386-qemuu-rhel6hvm-amd 6 leak-check/basis(6) fail REGR. vs. 12678
test-amd64-i386-win 6 leak-check/basis(6) fail REGR. vs. 12678
test-amd64-amd64-pair 8 xen-boot/dst_host fail REGR. vs. 12678
test-amd64-amd64-pair 7 xen-boot/src_host fail REGR. vs. 12678
Regressions which are regarded as allowable (not blocking):
test-amd64-amd64-xl-sedf 5 xen-boot fail REGR. vs. 12678
test-amd64-amd64-xl-sedf-pin 5 xen-boot fail REGR. vs. 12678
test-amd64-i386-qemut-rhel6hvm-intel 5 xen-boot fail blocked in 12678
test-amd64-i386-rhel6hvm-amd 7 redhat-install fail like 12678
test-amd64-i386-xl-qemut-win-vcpus1 6 leak-check/basis(6) fail blocked in 12678
test-amd64-i386-xl-multivcpu 7 debian-install fail like 12678
test-amd64-i386-pair 8 xen-boot/dst_host fail like 12678
test-amd64-i386-pair 7 xen-boot/src_host fail like 12678
Tests which did not succeed, but are not blocking:
test-amd64-i386-xl-credit2 15 guest-stop fail never pass
test-amd64-amd64-qemut-win 5 xen-boot fail never pass
test-amd64-amd64-xl-qemut-win7-amd64 5 xen-boot fail never pass
test-amd64-amd64-xl-win7-amd64 5 xen-boot fail never pass
test-amd64-amd64-xl-qemut-winxpsp3 5 xen-boot fail never pass
test-amd64-amd64-xl-qemut-win 5 xen-boot fail never pass
test-amd64-amd64-xl-pcipt-intel 5 xen-boot fail never pass
test-amd64-i386-xl-win-vcpus1 5 xen-boot fail never pass
test-amd64-i386-qemut-win 7 windows-install fail never pass
test-amd64-i386-xl-qemut-win7-amd64 7 windows-install fail never pass
test-amd64-i386-win-vcpus1 16 leak-check/check fail never pass
test-amd64-i386-xend-qemut-winxpsp3 16 leak-check/check fail never pass
test-amd64-i386-xl-qemut-winxpsp3-vcpus1 13 guest-stop fail never pass
test-amd64-i386-qemut-win-vcpus1 16 leak-check/check fail never pass
test-amd64-i386-xl-winxpsp3-vcpus1 13 guest-stop fail never pass
test-amd64-i386-xl-win7-amd64 13 guest-stop fail never pass
test-amd64-i386-xend-winxpsp3 16 leak-check/check fail never pass
version targeted for testing:
linux f37ae0b3f120403ba2d324159fdb1a953ed19e20
baseline version:
linux d935d0f77650fea53986811ca8a2f8c726fd9857
jobs:
build-amd64 pass
build-armhf pass
build-i386 pass
build-amd64-pvops pass
build-i386-pvops pass
test-amd64-amd64-xl fail
test-amd64-i386-xl fail
test-amd64-i386-rhel6hvm-amd fail
test-amd64-i386-qemut-rhel6hvm-amd pass
test-amd64-i386-qemuu-rhel6hvm-amd broken
test-amd64-amd64-xl-qemut-win7-amd64 fail
test-amd64-i386-xl-qemut-win7-amd64 fail
test-amd64-amd64-xl-qemuu-win7-amd64 fail
test-amd64-amd64-xl-win7-amd64 fail
test-amd64-i386-xl-win7-amd64 fail
test-amd64-i386-xl-credit2 fail
test-amd64-amd64-xl-pcipt-intel fail
test-amd64-i386-rhel6hvm-intel fail
test-amd64-i386-qemut-rhel6hvm-intel fail
test-amd64-i386-qemuu-rhel6hvm-intel pass
test-amd64-i386-xl-multivcpu fail
test-amd64-amd64-pair fail
test-amd64-i386-pair fail
test-amd64-amd64-xl-sedf-pin fail
test-amd64-amd64-pv fail
test-amd64-i386-pv fail
test-amd64-amd64-xl-sedf fail
test-amd64-i386-win-vcpus1 fail
test-amd64-i386-qemut-win-vcpus1 fail
test-amd64-i386-xl-qemut-win-vcpus1 broken
test-amd64-i386-xl-win-vcpus1 fail
test-amd64-i386-xl-qemut-winxpsp3-vcpus1 fail
test-amd64-i386-xl-winxpsp3-vcpus1 fail
test-amd64-amd64-win fail
test-amd64-i386-win broken
test-amd64-amd64-qemut-win fail
test-amd64-i386-qemut-win fail
test-amd64-amd64-xl-qemut-win fail
test-amd64-amd64-xl-win fail
test-amd64-i386-xend-qemut-winxpsp3 fail
test-amd64-amd64-xl-qemut-winxpsp3 fail
test-amd64-amd64-xl-qemuu-winxpsp3 fail
test-amd64-i386-xend-winxpsp3 fail
test-amd64-amd64-xl-winxpsp3 fail
------------------------------------------------------------
sg-report-flight on woking.cam.xci-test.com
logs: /home/xc_osstest/logs
images: /home/xc_osstest/images
Logs, config files, etc. are available at
http://www.chiark.greenend.org.uk/~xensrcts/logs
Test harness code can be found at
http://xenbits.xensource.com/gitweb?p=osstest.git;a=summary
Not pushing.