flight 16170 xen-unstable real [real]
http://www.chiark.greenend.org.uk/~xensrcts/logs/16170/
Failures and problems with tests :-(
Tests which did not succeed and are blocking,
including tests which could not be run:
test-amd64-i386-xl-qemut-winxpsp3-vcpus1 3 host-install(3) broken REGR. vs.
16161
Regressions which are regarded as allowable (not blocking):
test-amd64-amd64-xl-sedf-pin 5 xen-boot fail like 16161
test-amd64-amd64-xl-sedf 5 xen-boot fail like 16161
test-amd64-amd64-xl-qemut-win 7 windows-install fail like 16161
Tests which did not succeed, but are not blocking:
test-amd64-amd64-xl-pcipt-intel 9 guest-start fail never pass
test-amd64-i386-xl-winxpsp3-vcpus1 13 guest-stop fail never pass
test-amd64-i386-xend-winxpsp3 16 leak-check/check fail never pass
test-amd64-i386-win 16 leak-check/check fail never pass
test-amd64-amd64-xl-qemuu-winxpsp3 13 guest-stop fail never pass
test-amd64-i386-xend-qemut-winxpsp3 16 leak-check/check fail never pass
test-amd64-i386-xl-qemut-win-vcpus1 13 guest-stop fail never pass
test-amd64-amd64-xl-qemut-win7-amd64 13 guest-stop fail never pass
test-amd64-i386-qemut-win-vcpus1 16 leak-check/check fail never pass
test-amd64-amd64-xl-win7-amd64 13 guest-stop fail never pass
test-amd64-i386-xl-win-vcpus1 13 guest-stop fail never pass
test-amd64-i386-qemut-win 16 leak-check/check fail never pass
test-amd64-amd64-xl-winxpsp3 13 guest-stop fail never pass
test-amd64-amd64-xl-qemut-winxpsp3 13 guest-stop fail never pass
test-amd64-i386-win-vcpus1 16 leak-check/check fail never pass
test-amd64-amd64-qemut-win 16 leak-check/check fail never pass
test-amd64-amd64-win 16 leak-check/check fail never pass
test-amd64-i386-xl-qemut-win7-amd64 13 guest-stop fail never pass
test-amd64-amd64-xl-qemuu-win7-amd64 13 guest-stop fail never pass
test-amd64-i386-xl-win7-amd64 13 guest-stop fail never pass
test-amd64-amd64-xl-win 13 guest-stop fail never pass
version targeted for testing:
xen c43be17eec06
baseline version:
xen 63594ce1708f
------------------------------------------------------------
People who touched revisions under test:
Daniel De Graaf <dgdegra@tycho.nsa.gov>
Ian Jackson <ian.jackson@eu.citrix.com>
Jan Beulich <jbeulich@suse.com>
Keir Fraser <keir@xen.org>
Michael Young <m.a.young@durham.ac.uk>
------------------------------------------------------------
jobs:
build-amd64 pass
build-armhf pass
build-i386 pass
build-amd64-oldkern pass
build-i386-oldkern pass
build-amd64-pvops pass
build-i386-pvops pass
test-amd64-amd64-xl pass
test-amd64-i386-xl pass
test-amd64-i386-rhel6hvm-amd pass
test-amd64-i386-qemut-rhel6hvm-amd pass
test-amd64-i386-qemuu-rhel6hvm-amd pass
test-amd64-amd64-xl-qemut-win7-amd64 fail
test-amd64-i386-xl-qemut-win7-amd64 fail
test-amd64-amd64-xl-qemuu-win7-amd64 fail
test-amd64-amd64-xl-win7-amd64 fail
test-amd64-i386-xl-win7-amd64 fail
test-amd64-i386-xl-credit2 pass
test-amd64-amd64-xl-pcipt-intel fail
test-amd64-i386-rhel6hvm-intel pass
test-amd64-i386-qemut-rhel6hvm-intel pass
test-amd64-i386-qemuu-rhel6hvm-intel pass
test-amd64-i386-xl-multivcpu pass
test-amd64-amd64-pair pass
test-amd64-i386-pair pass
test-amd64-amd64-xl-sedf-pin fail
test-amd64-amd64-pv pass
test-amd64-i386-pv pass
test-amd64-amd64-xl-sedf fail
test-amd64-i386-win-vcpus1 fail
test-amd64-i386-qemut-win-vcpus1 fail
test-amd64-i386-xl-qemut-win-vcpus1 fail
test-amd64-i386-xl-win-vcpus1 fail
test-amd64-i386-xl-qemut-winxpsp3-vcpus1 broken
test-amd64-i386-xl-winxpsp3-vcpus1 fail
test-amd64-amd64-win fail
test-amd64-i386-win fail
test-amd64-amd64-qemut-win fail
test-amd64-i386-qemut-win fail
test-amd64-amd64-xl-qemut-win fail
test-amd64-amd64-xl-win fail
test-amd64-i386-xend-qemut-winxpsp3 fail
test-amd64-amd64-xl-qemut-winxpsp3 fail
test-amd64-amd64-xl-qemuu-winxpsp3 fail
test-amd64-i386-xend-winxpsp3 fail
test-amd64-amd64-xl-winxpsp3 fail
------------------------------------------------------------
sg-report-flight on woking.cam.xci-test.com
logs: /home/xc_osstest/logs
images: /home/xc_osstest/images
Logs, config files, etc. are available at
http://www.chiark.greenend.org.uk/~xensrcts/logs
Test harness code can be found at
http://xenbits.xensource.com/gitweb?p=osstest.git;a=summary
Not pushing.
------------------------------------------------------------
changeset: 26530:c43be17eec06
tag: tip
user: Daniel De Graaf <dgdegra@tycho.nsa.gov>
date: Wed Feb 13 17:04:33 2013 +0000
xen/flask: fix crash on debugkey "i"
The IRQs beyond nr_static_irqs do not all have an associated PCI
device, so only query the device SID if pci is not NULL.
Signed-off-by: Daniel De Graaf <dgdegra@tycho.nsa.gov>
Acked-by: Jan Beulich <jbeulich@suse.com>
Committed-by: Keir Fraser <keir@xen.org>
changeset: 26529:97b7e546e2e4
user: Keir Fraser <keir@xen.org>
date: Wed Feb 13 17:03:31 2013 +0000
gcc4.8 build fix: Add -Wno-unused-local-typedefs to CFLAGS.
Based on a patch by M A Young <m.a.young@durham.ac.uk>
Signed-off-by: Keir Fraser <keir@xen.org>
changeset: 26528:742dde457258
user: Michael Young <m.a.young@durham.ac.uk>
date: Wed Feb 13 17:00:15 2013 +0000
tools: Fix memset(&p,0,sizeof(p)) idiom in several places.
gcc 4.8 identifies several places where code of the form memset(x, 0,
sizeof(x)); is used incorrectly, meaning that less memory is set to
zero than required.
Signed-off-by: Michael Young <m.a.young@durham.ac.uk>
Committed-by: Keir Fraser <keir@xen.org>
changeset: 26527:63594ce1708f
user: Jan Beulich <jbeulich@suse.com>
date: Wed Feb 13 09:31:48 2013 +0100
x86: fix map_domain_page() leak from vcpu_destroy_pagetables()
Introduced by c/s 26450:4816763549e0 and exposed with
26523:fd997a96d448.
Signed-off-by: Jan Beulich <jbeulich@suse.com>
=======================================commit
2a1354d655d816feaad7dbdb8364f40a208439c1
Author: Ian Jackson <ian.jackson@eu.citrix.com>
Date: Thu Jan 17 15:52:16 2013 +0000
e1000: fix compile warning introduced by security fix, and debugging
e33f918c19e393900b95a2bb6b10668dfe96a8f2, the fix for XSA-41,
and its cherry picks in 4.2 and 4.1 introduced this compiler warning:
hw/e1000.c:641: warning: ''return'' with a value, in
function returning void
In upstream qemu (where this change came from), e1000_receive returns
a value used by queueing machinery to decide whether to try
resubmitting the packet later. Returning "size" means that the
packet
has been dealt with and should not be retried.
In this old branch (aka qemu-xen-traditional), this machinery is
absent and e1000_receive returns void. Fix the return statement.
Also add a debugging statement along the lines of the others in this
function.
Signed-off-by: Ian Jackson <ian.jackson@eu.citrix.com>