flight 15450 xen-4.2-testing real [real]
http://www.chiark.greenend.org.uk/~xensrcts/logs/15450/
Regressions :-(
Tests which did not succeed and are blocking,
including tests which could not be run:
 test-i386-i386-pv            14 guest-localmigrate/x10    fail REGR. vs. 15434
 test-amd64-i386-qemut-win 12 guest-localmigrate/x10 fail REGR. vs. 15466-bisect
 test-amd64-i386-xend-winxpsp3 12 guest-localmigrate/x10   fail REGR. vs. 15434
 test-amd64-i386-win          11 guest-localmigrate.2      fail REGR. vs. 15434
 test-amd64-amd64-win         12 guest-localmigrate/x10    fail REGR. vs. 15434
 test-i386-i386-qemut-win      7 windows-install           fail REGR. vs. 15434
 test-i386-i386-win           11 guest-localmigrate.2      fail REGR. vs. 15434
 test-amd64-i386-win-vcpus1    7 windows-install           fail REGR. vs. 15434
 test-amd64-i386-xend-qemut-winxpsp3  7 windows-install    fail REGR. vs. 15434
 test-amd64-i386-qemut-win-vcpus1  7 windows-install       fail REGR. vs. 15434
Tests which are failing intermittently (not blocking):
 test-amd64-amd64-pv          13 guest-localmigrate.2        fail pass in 15445
 test-amd64-i386-qemuu-rhel6hvm-intel 11 leak-check/check fail in 15445 pass in
15465-bisect
 test-amd64-i386-win           7 windows-install    fail in 15445 pass in 15450
 test-amd64-amd64-win          7 windows-install    fail in 15445 pass in 15450
 test-amd64-amd64-qemut-win    7 windows-install    fail in 15445 pass in 15450
Regressions which are regarded as allowable (not blocking):
 test-amd64-amd64-xl-sedf-pin 10 guest-saverestore            fail   like 15434
Tests which did not succeed, but are not blocking:
 build-armhf                   4 xen-build                    fail   never pass
 test-amd64-amd64-xl-pcipt-intel  9 guest-start                 fail never pass
 test-amd64-amd64-xl-qemuu-win7-amd64  9 guest-localmigrate     fail never pass
 test-i386-i386-xl-qemut-win  13 guest-stop                   fail   never pass
 test-amd64-amd64-xl-win7-amd64 13 guest-stop                   fail never pass
 test-amd64-i386-xl-win7-amd64 13 guest-stop                   fail  never pass
 test-amd64-amd64-xl-win      13 guest-stop                   fail   never pass
 test-amd64-amd64-xl-qemut-win7-amd64 13 guest-stop             fail never pass
 test-amd64-amd64-xl-qemut-winxpsp3 13 guest-stop               fail never pass
 test-amd64-i386-xl-qemut-winxpsp3-vcpus1 13 guest-stop         fail never pass
 test-i386-i386-xl-winxpsp3   13 guest-stop                   fail   never pass
 test-i386-i386-xl-qemuu-winxpsp3  9 guest-localmigrate         fail never pass
 test-amd64-amd64-xl-qemut-win 13 guest-stop                   fail  never pass
 test-amd64-i386-xl-qemut-win7-amd64 13 guest-stop              fail never pass
 test-amd64-i386-xl-qemut-win-vcpus1 13 guest-stop              fail never pass
 test-i386-i386-xl-qemut-winxpsp3 13 guest-stop                 fail never pass
 test-amd64-i386-xl-win-vcpus1 13 guest-stop                   fail  never pass
 test-amd64-i386-xl-winxpsp3-vcpus1 13 guest-stop               fail never pass
 test-i386-i386-xl-win        13 guest-stop                   fail   never pass
 test-amd64-amd64-xl-winxpsp3 13 guest-stop                   fail   never pass
 test-amd64-amd64-xl-qemuu-winxpsp3  9 guest-localmigrate       fail never pass
 test-amd64-amd64-qemut-win   16 leak-check/check             fail   never pass
version targeted for testing:
 xen                  c713f1f7d3c1
baseline version:
 xen                  b8a523d9f14c
------------------------------------------------------------
People who touched revisions under test:
  Boris Ostrovsky <boris.ostrovsky@amd.com>
  David Scott <dave.scott@eu.citrix.com>
  Ian Campbell <Ian.Campbell@citrix.com>
  Ian Jackson <ian.jackson@eu.citrix.com>
  Jan Beulich <jbeulich@suse.com>
  Matthew Daley <mattjd@gmail.com>
------------------------------------------------------------
jobs:
 build-amd64                                                  pass    
 build-armhf                                                  fail    
 build-i386                                                   pass    
 build-amd64-oldkern                                          pass    
 build-i386-oldkern                                           pass    
 build-amd64-pvops                                            pass    
 build-i386-pvops                                             pass    
 test-amd64-amd64-xl                                          pass    
 test-amd64-i386-xl                                           pass    
 test-i386-i386-xl                                            pass    
 test-amd64-i386-rhel6hvm-amd                                 pass    
 test-amd64-i386-qemut-rhel6hvm-amd                           pass    
 test-amd64-i386-qemuu-rhel6hvm-amd                           pass    
 test-amd64-amd64-xl-qemut-win7-amd64                         fail    
 test-amd64-i386-xl-qemut-win7-amd64                          fail    
 test-amd64-amd64-xl-qemuu-win7-amd64                         fail    
 test-amd64-amd64-xl-win7-amd64                               fail    
 test-amd64-i386-xl-win7-amd64                                fail    
 test-amd64-i386-xl-credit2                                   pass    
 test-amd64-amd64-xl-pcipt-intel                              fail    
 test-amd64-i386-rhel6hvm-intel                               pass    
 test-amd64-i386-qemut-rhel6hvm-intel                         pass    
 test-amd64-i386-qemuu-rhel6hvm-intel                         pass    
 test-amd64-i386-xl-multivcpu                                 pass    
 test-amd64-amd64-pair                                        pass    
 test-amd64-i386-pair                                         pass    
 test-i386-i386-pair                                          pass    
 test-amd64-amd64-xl-sedf-pin                                 fail    
 test-amd64-amd64-pv                                          fail    
 test-amd64-i386-pv                                           pass    
 test-i386-i386-pv                                            fail    
 test-amd64-amd64-xl-sedf                                     pass    
 test-amd64-i386-win-vcpus1                                   fail    
 test-amd64-i386-qemut-win-vcpus1                             fail    
 test-amd64-i386-xl-qemut-win-vcpus1                          fail    
 test-amd64-i386-xl-win-vcpus1                                fail    
 test-amd64-i386-xl-qemut-winxpsp3-vcpus1                     fail    
 test-amd64-i386-xl-winxpsp3-vcpus1                           fail    
 test-amd64-amd64-win                                         fail    
 test-amd64-i386-win                                          fail    
 test-i386-i386-win                                           fail    
 test-amd64-amd64-qemut-win                                   fail    
 test-amd64-i386-qemut-win                                    fail    
 test-i386-i386-qemut-win                                     fail    
 test-amd64-amd64-xl-qemut-win                                fail    
 test-i386-i386-xl-qemut-win                                  fail    
 test-amd64-amd64-xl-win                                      fail    
 test-i386-i386-xl-win                                        fail    
 test-amd64-i386-xend-qemut-winxpsp3                          fail    
 test-amd64-amd64-xl-qemut-winxpsp3                           fail    
 test-i386-i386-xl-qemut-winxpsp3                             fail    
 test-amd64-amd64-xl-qemuu-winxpsp3                           fail    
 test-i386-i386-xl-qemuu-winxpsp3                             fail    
 test-amd64-i386-xend-winxpsp3                                fail    
 test-amd64-amd64-xl-winxpsp3                                 fail    
 test-i386-i386-xl-winxpsp3                                   fail    
------------------------------------------------------------
sg-report-flight on woking.cam.xci-test.com
logs: /home/xc_osstest/logs
images: /home/xc_osstest/images
Logs, config files, etc. are available at
    http://www.chiark.greenend.org.uk/~xensrcts/logs
Test harness code can be found at
    http://xenbits.xensource.com/gitweb?p=osstest.git;a=summary
Pushing revision :
+ branch=xen-4.2-testing
+ revision=c713f1f7d3c1
+ . cri-lock-repos
++ . cri-common
+++ umask 002
+++ getconfig Repos
+++ perl -e ''
                use Osstest;
                readconfigonly();
                print $c{Repos} or die $!;
        ''
++ repos=/export/home/osstest/repos
++ repos_lock=/export/home/osstest/repos/lock
++ ''['' x ''!=''
x/export/home/osstest/repos/lock '']''
++ OSSTEST_REPOS_LOCK_LOCKED=/export/home/osstest/repos/lock
++ exec with-lock-ex -w /export/home/osstest/repos/lock ./ap-push
xen-4.2-testing c713f1f7d3c1
+ branch=xen-4.2-testing
+ revision=c713f1f7d3c1
+ . cri-lock-repos
++ . cri-common
+++ umask 002
+++ getconfig Repos
+++ perl -e ''
                use Osstest;
                readconfigonly();
                print $c{Repos} or die $!;
        ''
++ repos=/export/home/osstest/repos
++ repos_lock=/export/home/osstest/repos/lock
++ ''['' x/export/home/osstest/repos/lock ''!=''
x/export/home/osstest/repos/lock '']''
+ . cri-common
++ umask 002
+ select_xenbranch
+ case "$branch" in
+ tree=xen
+ xenbranch=xen-4.2-testing
+ ''['' xxen = xlinux '']''
+ linuxbranch=linux
+ : master
+ : tested/2.6.39.x
+ . ap-common
++ : xen@xenbits.xensource.com
++ : http://xenbits.xen.org/hg/staging/xen-4.2-testing.hg
++ : git://xenbits.xen.org/staging/qemu-xen-4.2-testing.git
++ : git://git.kernel.org
++ : git://git.kernel.org/pub/scm/linux/kernel/git
++ : git
++ : git://xenbits.xen.org/linux-pvops.git
++ : master
++ : xen@xenbits.xensource.com:git/linux-pvops.git
++ : git://xenbits.xen.org/linux-pvops.git
++ : master
++ : git://git.kernel.org/pub/scm/linux/kernel/git/konrad/xen.git
++ : tested/2.6.39.x
++ : daily-cron.xen-4.2-testing
++ : http://hg.uk.xensource.com/carbon/trunk/linux-2.6.27
++ : git://xenbits.xen.org/staging/qemu-upstream-4.2-testing.git
++ : daily-cron.xen-4.2-testing
+ TREE_LINUX=xen@xenbits.xensource.com:git/linux-pvops.git
+ TREE_QEMU_UPSTREAM=xen@xenbits.xensource.com:git/qemu-upstream-4.2-testing.git
+ info_linux_tree xen-4.2-testing
+ case $1 in
+ return 1
+ case "$branch" in
+ cd /export/home/osstest/repos/xen-4.2-testing.hg
+ hg push -r c713f1f7d3c1 ssh://xen@xenbits.xensource.com/HG/xen-4.2-testing.hg
pushing to ssh://xen@xenbits.xensource.com/HG/xen-4.2-testing.hg
searching for changes
remote: adding changesets
remote: adding manifests
remote: adding file changes
remote: added 2 changesets with 2 changes to 2 files
Jan Beulich
2013-Feb-12  09:30 UTC
Re: [xen-4.2-testing test] 15450: regressions - FAIL - PUSHED
>>> On 09.02.13 at 01:08, xen.org <ian.jackson@eu.citrix.com> wrote: > flight 15450 xen-4.2-testing real [real] > http://www.chiark.greenend.org.uk/~xensrcts/logs/15450/ > > Regressions :-(So why did this do a push? Jan> Tests which did not succeed and are blocking, > including tests which could not be run: > test-i386-i386-pv 14 guest-localmigrate/x10 fail REGR. vs. 15434 > test-amd64-i386-qemut-win 12 guest-localmigrate/x10 fail REGR. vs. 15466-bisect > test-amd64-i386-xend-winxpsp3 12 guest-localmigrate/x10 fail REGR. vs. 15434 > test-amd64-i386-win 11 guest-localmigrate.2 fail REGR. vs. 15434 > test-amd64-amd64-win 12 guest-localmigrate/x10 fail REGR. vs. 15434 > test-i386-i386-qemut-win 7 windows-install fail REGR. vs. 15434 > test-i386-i386-win 11 guest-localmigrate.2 fail REGR. vs. 15434 > test-amd64-i386-win-vcpus1 7 windows-install fail REGR. vs. 15434 > test-amd64-i386-xend-qemut-winxpsp3 7 windows-install fail REGR. vs. 15434 > test-amd64-i386-qemut-win-vcpus1 7 windows-install fail REGR. vs. 15434 > > Tests which are failing intermittently (not blocking): > test-amd64-amd64-pv 13 guest-localmigrate.2 fail pass in 15445 > test-amd64-i386-qemuu-rhel6hvm-intel 11 leak-check/check fail in 15445 pass in > 15465-bisect > test-amd64-i386-win 7 windows-install fail in 15445 pass in 15450 > test-amd64-amd64-win 7 windows-install fail in 15445 pass in 15450 > test-amd64-amd64-qemut-win 7 windows-install fail in 15445 pass in 15450 > > Regressions which are regarded as allowable (not blocking): > test-amd64-amd64-xl-sedf-pin 10 guest-saverestore fail like 15434 > > Tests which did not succeed, but are not blocking: > build-armhf 4 xen-build fail never > pass > test-amd64-amd64-xl-pcipt-intel 9 guest-start fail never pass > test-amd64-amd64-xl-qemuu-win7-amd64 9 guest-localmigrate fail never pass > test-i386-i386-xl-qemut-win 13 guest-stop fail never pass > test-amd64-amd64-xl-win7-amd64 13 guest-stop fail never pass > test-amd64-i386-xl-win7-amd64 13 guest-stop fail never pass > test-amd64-amd64-xl-win 13 guest-stop fail never pass > test-amd64-amd64-xl-qemut-win7-amd64 13 guest-stop fail never pass > test-amd64-amd64-xl-qemut-winxpsp3 13 guest-stop fail never pass > test-amd64-i386-xl-qemut-winxpsp3-vcpus1 13 guest-stop fail never pass > test-i386-i386-xl-winxpsp3 13 guest-stop fail never pass > test-i386-i386-xl-qemuu-winxpsp3 9 guest-localmigrate fail never pass > test-amd64-amd64-xl-qemut-win 13 guest-stop fail never pass > test-amd64-i386-xl-qemut-win7-amd64 13 guest-stop fail never pass > test-amd64-i386-xl-qemut-win-vcpus1 13 guest-stop fail never pass > test-i386-i386-xl-qemut-winxpsp3 13 guest-stop fail never pass > test-amd64-i386-xl-win-vcpus1 13 guest-stop fail never pass > test-amd64-i386-xl-winxpsp3-vcpus1 13 guest-stop fail never pass > test-i386-i386-xl-win 13 guest-stop fail never pass > test-amd64-amd64-xl-winxpsp3 13 guest-stop fail never pass > test-amd64-amd64-xl-qemuu-winxpsp3 9 guest-localmigrate fail never pass > test-amd64-amd64-qemut-win 16 leak-check/check fail never pass > > version targeted for testing: > xen c713f1f7d3c1 > baseline version: > xen b8a523d9f14c > > ------------------------------------------------------------ > People who touched revisions under test: > Boris Ostrovsky <boris.ostrovsky@amd.com> > David Scott <dave.scott@eu.citrix.com> > Ian Campbell <Ian.Campbell@citrix.com> > Ian Jackson <ian.jackson@eu.citrix.com> > Jan Beulich <jbeulich@suse.com> > Matthew Daley <mattjd@gmail.com> > ------------------------------------------------------------ > > jobs: > build-amd64 pass > build-armhf fail > build-i386 pass > build-amd64-oldkern pass > build-i386-oldkern pass > build-amd64-pvops pass > build-i386-pvops pass > test-amd64-amd64-xl pass > test-amd64-i386-xl pass > test-i386-i386-xl pass > test-amd64-i386-rhel6hvm-amd pass > test-amd64-i386-qemut-rhel6hvm-amd pass > test-amd64-i386-qemuu-rhel6hvm-amd pass > test-amd64-amd64-xl-qemut-win7-amd64 fail > test-amd64-i386-xl-qemut-win7-amd64 fail > test-amd64-amd64-xl-qemuu-win7-amd64 fail > test-amd64-amd64-xl-win7-amd64 fail > test-amd64-i386-xl-win7-amd64 fail > test-amd64-i386-xl-credit2 pass > test-amd64-amd64-xl-pcipt-intel fail > test-amd64-i386-rhel6hvm-intel pass > test-amd64-i386-qemut-rhel6hvm-intel pass > test-amd64-i386-qemuu-rhel6hvm-intel pass > test-amd64-i386-xl-multivcpu pass > test-amd64-amd64-pair pass > test-amd64-i386-pair pass > test-i386-i386-pair pass > test-amd64-amd64-xl-sedf-pin fail > test-amd64-amd64-pv fail > test-amd64-i386-pv pass > test-i386-i386-pv fail > test-amd64-amd64-xl-sedf pass > test-amd64-i386-win-vcpus1 fail > test-amd64-i386-qemut-win-vcpus1 fail > test-amd64-i386-xl-qemut-win-vcpus1 fail > test-amd64-i386-xl-win-vcpus1 fail > test-amd64-i386-xl-qemut-winxpsp3-vcpus1 fail > test-amd64-i386-xl-winxpsp3-vcpus1 fail > test-amd64-amd64-win fail > test-amd64-i386-win fail > test-i386-i386-win fail > test-amd64-amd64-qemut-win fail > test-amd64-i386-qemut-win fail > test-i386-i386-qemut-win fail > test-amd64-amd64-xl-qemut-win fail > test-i386-i386-xl-qemut-win fail > test-amd64-amd64-xl-win fail > test-i386-i386-xl-win fail > test-amd64-i386-xend-qemut-winxpsp3 fail > test-amd64-amd64-xl-qemut-winxpsp3 fail > test-i386-i386-xl-qemut-winxpsp3 fail > test-amd64-amd64-xl-qemuu-winxpsp3 fail > test-i386-i386-xl-qemuu-winxpsp3 fail > test-amd64-i386-xend-winxpsp3 fail > test-amd64-amd64-xl-winxpsp3 fail > test-i386-i386-xl-winxpsp3 fail > > > ------------------------------------------------------------ > sg-report-flight on woking.cam.xci-test.com > logs: /home/xc_osstest/logs > images: /home/xc_osstest/images > > Logs, config files, etc. are available at > http://www.chiark.greenend.org.uk/~xensrcts/logs > > Test harness code can be found at > http://xenbits.xensource.com/gitweb?p=osstest.git;a=summary > > > Pushing revision : > > + branch=xen-4.2-testing > + revision=c713f1f7d3c1 > + . cri-lock-repos > ++ . cri-common > +++ umask 002 > +++ getconfig Repos > +++ perl -e '' > use Osstest; > readconfigonly(); > print $c{Repos} or die $!; > '' > ++ repos=/export/home/osstest/repos > ++ repos_lock=/export/home/osstest/repos/lock > ++ ''['' x ''!='' x/export/home/osstest/repos/lock '']'' > ++ OSSTEST_REPOS_LOCK_LOCKED=/export/home/osstest/repos/lock > ++ exec with-lock-ex -w /export/home/osstest/repos/lock ./ap-push xen-4.2-testing > c713f1f7d3c1 > + branch=xen-4.2-testing > + revision=c713f1f7d3c1 > + . cri-lock-repos > ++ . cri-common > +++ umask 002 > +++ getconfig Repos > +++ perl -e '' > use Osstest; > readconfigonly(); > print $c{Repos} or die $!; > '' > ++ repos=/export/home/osstest/repos > ++ repos_lock=/export/home/osstest/repos/lock > ++ ''['' x/export/home/osstest/repos/lock ''!='' > x/export/home/osstest/repos/lock '']'' > + . cri-common > ++ umask 002 > + select_xenbranch > + case "$branch" in > + tree=xen > + xenbranch=xen-4.2-testing > + ''['' xxen = xlinux '']'' > + linuxbranch=linux > + : master > + : tested/2.6.39.x > + . ap-common > ++ : xen@xenbits.xensource.com > ++ : http://xenbits.xen.org/hg/staging/xen-4.2-testing.hg > ++ : git://xenbits.xen.org/staging/qemu-xen-4.2-testing.git > ++ : git://git.kernel.org > ++ : git://git.kernel.org/pub/scm/linux/kernel/git > ++ : git > ++ : git://xenbits.xen.org/linux-pvops.git > ++ : master > ++ : xen@xenbits.xensource.com:git/linux-pvops.git > ++ : git://xenbits.xen.org/linux-pvops.git > ++ : master > ++ : git://git.kernel.org/pub/scm/linux/kernel/git/konrad/xen.git > ++ : tested/2.6.39.x > ++ : daily-cron.xen-4.2-testing > ++ : http://hg.uk.xensource.com/carbon/trunk/linux-2.6.27 > ++ : git://xenbits.xen.org/staging/qemu-upstream-4.2-testing.git > ++ : daily-cron.xen-4.2-testing > + TREE_LINUX=xen@xenbits.xensource.com:git/linux-pvops.git > + > TREE_QEMU_UPSTREAM=xen@xenbits.xensource.com:git/qemu-upstream-4.2-testing.git > > + info_linux_tree xen-4.2-testing > + case $1 in > + return 1 > + case "$branch" in > + cd /export/home/osstest/repos/xen-4.2-testing.hg > + hg push -r c713f1f7d3c1 ssh://xen@xenbits.xensource.com/HG/xen-4.2-testing.hg > pushing to ssh://xen@xenbits.xensource.com/HG/xen-4.2-testing.hg > searching for changes > remote: adding changesets > remote: adding manifests > remote: adding file changes > remote: added 2 changesets with 2 changes to 2 files > > _______________________________________________ > Xen-devel mailing list > Xen-devel@lists.xen.org > http://lists.xen.org/xen-devel
Ian Jackson
2013-Feb-12  19:15 UTC
Re: [xen-4.2-testing test] 15450: regressions - FAIL - PUSHED
Jan Beulich writes ("Re: [Xen-devel] [xen-4.2-testing test] 15450:
regressions - FAIL - PUSHED"):> >>> On 09.02.13 at 01:08, xen.org
<ian.jackson@eu.citrix.com> wrote:
> > flight 15450 xen-4.2-testing real [real]
> > http://www.chiark.greenend.org.uk/~xensrcts/logs/15450/ 
> > 
> > Regressions :-(
> 
> So why did this do a push?
I have investigated this and it was due to my recent efforts to try to
make the push gate look at bisection reports too.  I had earlier
introduced a bug in sg-report-flight, which produces the report and
looks for regressions.  When it looks at a flight other than the one
we are mainly looking at, it is still prepared to write "tolerable" to
the output file which controls the push.  This wasn''t a problem when
the other flights were other full flight tests of the same version,
but when it looks at a bisection flight it sees only one column of the
test matrix.
Sorry.  I''ve fixed this bug now.
We need to decide what to do with xen-4.2-testing.hg non-staging.  I
would be tempted to rewind it, if that isn''t a horrible thing to do.
It''s not as bad with hg as it is with git: aiui if you pull from a
rewound repo, nothing bad happens.
I think this can be done with hg strip.
Ian.
Jan Beulich
2013-Feb-13  07:31 UTC
Re: [xen-4.2-testing test] 15450: regressions - FAIL - PUSHED
>>> On 12.02.13 at 20:15, Ian Jackson <Ian.Jackson@eu.citrix.com> wrote: > We need to decide what to do with xen-4.2-testing.hg non-staging. I > would be tempted to rewind it, if that isn''t a horrible thing to do. > It''s not as bad with hg as it is with git: aiui if you pull from a > rewound repo, nothing bad happens. > > I think this can be done with hg strip.Question is - do we need to do anything here at all? With IanC apparently already having found the reason for the regression, can''t we just get that committed to -unstable, and once pushed there put it here (and on 4.1-testing) too? I would be more concerned about the tree''s state when close to a release, but we still have about two weeks until we ought to cut -rc1 there. Jan
Ian Campbell
2013-Feb-13  09:42 UTC
Re: [xen-4.2-testing test] 15450: regressions - FAIL - PUSHED
On Wed, 2013-02-13 at 07:31 +0000, Jan Beulich wrote:> >>> On 12.02.13 at 20:15, Ian Jackson <Ian.Jackson@eu.citrix.com> wrote: > > We need to decide what to do with xen-4.2-testing.hg non-staging. I > > would be tempted to rewind it, if that isn''t a horrible thing to do. > > It''s not as bad with hg as it is with git: aiui if you pull from a > > rewound repo, nothing bad happens. > > > > I think this can be done with hg strip. > > Question is - do we need to do anything here at all? With IanC > apparently already having found the reason for the regression, > can''t we just get that committed to -unstable, and once pushed > there put it here (and on 4.1-testing) too?I''d certainly be inclined to commit the fixes and only if they are not sufficient think about messing with the trees. Ian.