flight 15367 xen-unstable real [real]
http://www.chiark.greenend.org.uk/~xensrcts/logs/15367/
Failures and problems with tests :-(
Tests which did not succeed and are blocking,
including tests which could not be run:
test-amd64-i386-xl-credit2 3 host-install(3) broken REGR. vs. 15179
test-amd64-i386-xl-qemut-win-vcpus1 3 host-install(3) broken REGR. vs. 15179
test-amd64-amd64-xl-qemut-win 3 host-install(3) broken REGR. vs. 15179
Regressions which are regarded as allowable (not blocking):
test-amd64-amd64-xl-sedf 5 xen-boot fail like 15179
test-amd64-amd64-xl-sedf-pin 5 xen-boot fail like 15179
Tests which did not succeed, but are not blocking:
test-amd64-amd64-xl-pcipt-intel 9 guest-start fail never pass
test-amd64-i386-xend-winxpsp3 16 leak-check/check fail never pass
test-amd64-i386-win 16 leak-check/check fail never pass
test-amd64-i386-qemut-win-vcpus1 16 leak-check/check fail never pass
test-amd64-i386-xl-win-vcpus1 13 guest-stop fail never pass
test-amd64-amd64-xl-qemut-win7-amd64 13 guest-stop fail never pass
test-amd64-amd64-xl-qemuu-winxpsp3 13 guest-stop fail never pass
test-amd64-amd64-xl-win7-amd64 13 guest-stop fail never pass
test-amd64-amd64-win 16 leak-check/check fail never pass
test-amd64-amd64-xl-qemut-winxpsp3 13 guest-stop fail never pass
test-amd64-i386-xl-qemut-win7-amd64 13 guest-stop fail never pass
test-amd64-i386-xl-win7-amd64 13 guest-stop fail never pass
test-amd64-amd64-xl-winxpsp3 13 guest-stop fail never pass
test-amd64-i386-win-vcpus1 16 leak-check/check fail never pass
test-amd64-amd64-qemut-win 16 leak-check/check fail never pass
test-amd64-i386-xend-qemut-winxpsp3 16 leak-check/check fail never pass
test-amd64-i386-xl-qemut-winxpsp3-vcpus1 13 guest-stop fail never pass
test-amd64-i386-xl-winxpsp3-vcpus1 13 guest-stop fail never pass
test-amd64-i386-qemut-win 16 leak-check/check fail never pass
test-amd64-amd64-xl-qemuu-win7-amd64 13 guest-stop fail never pass
test-amd64-amd64-xl-win 13 guest-stop fail never pass
version targeted for testing:
xen 11ba88a82256
baseline version:
xen 5af4f2ab06f3
------------------------------------------------------------
People who touched revisions under test:
Dan Magenheimer <dan.magenheimer@oracle.com>
Daniel De Graaf <dgdegra@tycho.nsa.gov>
Dario Faggioli <dario.faggioli@citrix.com>
Dongxiao Xu <dongxiao.xu@intel.com>
Ian Campbell <ian.campbell@citrix.com>
Ian Jackson <ian.jackson@eu.citrix.com>
Jan Beulich <jbeulich@suse.com>
Jim Fehlig <jfehlig@suse.com>
Jun Nakajima <jun.nakajima@intel.com>
Keir Fraser <keir@xen.org>
Matt Wilson <msw@amazon.com>
Razvan Cojocaru <rzvncj@gmail.com>
Roger Pau Monn? <roger.pau@citrix.com>
Samuel Thibault <samuel.thibault@ens-lyon.org>
Stefano Stabellini <stefano.stabellini@eu.citrix.com>
Tim Deegan <tim@xen.org>
Tomasz Wroblewski <tomasz.wroblewski@citrix.com>
Wei Huang <huangwei@gmail.com>
------------------------------------------------------------
jobs:
build-amd64 pass
build-i386 pass
build-amd64-oldkern pass
build-i386-oldkern pass
build-amd64-pvops pass
build-i386-pvops pass
test-amd64-amd64-xl pass
test-amd64-i386-xl pass
test-amd64-i386-rhel6hvm-amd pass
test-amd64-i386-qemut-rhel6hvm-amd pass
test-amd64-i386-qemuu-rhel6hvm-amd pass
test-amd64-amd64-xl-qemut-win7-amd64 fail
test-amd64-i386-xl-qemut-win7-amd64 fail
test-amd64-amd64-xl-qemuu-win7-amd64 fail
test-amd64-amd64-xl-win7-amd64 fail
test-amd64-i386-xl-win7-amd64 fail
test-amd64-i386-xl-credit2 broken
test-amd64-amd64-xl-pcipt-intel fail
test-amd64-i386-rhel6hvm-intel pass
test-amd64-i386-qemut-rhel6hvm-intel pass
test-amd64-i386-qemuu-rhel6hvm-intel pass
test-amd64-i386-xl-multivcpu pass
test-amd64-amd64-pair pass
test-amd64-i386-pair pass
test-amd64-amd64-xl-sedf-pin fail
test-amd64-amd64-pv pass
test-amd64-i386-pv pass
test-amd64-amd64-xl-sedf fail
test-amd64-i386-win-vcpus1 fail
test-amd64-i386-qemut-win-vcpus1 fail
test-amd64-i386-xl-qemut-win-vcpus1 broken
test-amd64-i386-xl-win-vcpus1 fail
test-amd64-i386-xl-qemut-winxpsp3-vcpus1 fail
test-amd64-i386-xl-winxpsp3-vcpus1 fail
test-amd64-amd64-win fail
test-amd64-i386-win fail
test-amd64-amd64-qemut-win fail
test-amd64-i386-qemut-win fail
test-amd64-amd64-xl-qemut-win broken
test-amd64-amd64-xl-win fail
test-amd64-i386-xend-qemut-winxpsp3 fail
test-amd64-amd64-xl-qemut-winxpsp3 fail
test-amd64-amd64-xl-qemuu-winxpsp3 fail
test-amd64-i386-xend-winxpsp3 fail
test-amd64-amd64-xl-winxpsp3 fail
------------------------------------------------------------
sg-report-flight on woking.cam.xci-test.com
logs: /home/xc_osstest/logs
images: /home/xc_osstest/images
Logs, config files, etc. are available at
http://www.chiark.greenend.org.uk/~xensrcts/logs
Test harness code can be found at
http://xenbits.xensource.com/gitweb?p=osstest.git;a=summary
Not pushing.
(No revision log; it would be 1001 lines long.)
Ian Campbell
2013-Jan-29 09:13 UTC
Re: [xen-unstable test] 15367: trouble: broken/fail/pass
On Tue, 2013-01-29 at 05:47 +0000, xen.org wrote:> flight 15367 xen-unstable real [real] > http://www.chiark.greenend.org.uk/~xensrcts/logs/15367/ > > Failures and problems with tests :-( > > Tests which did not succeed and are blocking, > including tests which could not be run: > test-amd64-i386-xl-credit2 3 host-install(3) broken REGR. vs. 15179 > test-amd64-i386-xl-qemut-win-vcpus1 3 host-install(3) broken REGR. vs. 15179 > test-amd64-amd64-xl-qemut-win 3 host-install(3) broken REGR. vs. 15179All three of these ran on woodlouse and failed with: 2013-01-28 22:12:36 Z fetch woodlouse_preseed: waiting 350s... 2013-01-28 22:12:36 Z fetch woodlouse_preseed: (none) (waiting) ... ... 2013-01-28 22:18:27 Z FAILURE: fetch woodlouse_preseed: wait timed out: (none). failure: fetch woodlouse_preseed: wait timed out: (none). Machine has forgotten its CMOS settings again? Ian.