flight 14670 linux-3.0 real [real]
http://www.chiark.greenend.org.uk/~xensrcts/logs/14670/
Failures :-/ but no regressions.
Regressions which are regarded as allowable (not blocking):
test-amd64-amd64-xl-sedf-pin 10 guest-saverestore fail like 14666
test-amd64-amd64-xl-sedf 5 xen-boot fail like 14666
Tests which did not succeed, but are not blocking:
test-amd64-amd64-xl-pcipt-intel 8 debian-fixup fail never pass
test-amd64-i386-xl-win7-amd64 13 guest-stop fail never pass
test-amd64-amd64-xl-win7-amd64 13 guest-stop fail never pass
test-amd64-i386-xl-winxpsp3-vcpus1 13 guest-stop fail never pass
test-amd64-i386-xl-qemut-win-vcpus1 13 guest-stop fail never pass
test-amd64-amd64-win 16 leak-check/check fail never pass
test-amd64-amd64-xl-win 13 guest-stop fail never pass
test-amd64-i386-win 16 leak-check/check fail never pass
test-amd64-amd64-xl-qemut-win7-amd64 13 guest-stop fail never pass
test-amd64-i386-qemut-win-vcpus1 16 leak-check/check fail never pass
test-amd64-i386-win-vcpus1 16 leak-check/check fail never pass
test-amd64-amd64-qemut-win 16 leak-check/check fail never pass
test-amd64-i386-xl-win-vcpus1 13 guest-stop fail never pass
test-amd64-i386-xl-qemut-win7-amd64 13 guest-stop fail never pass
test-amd64-amd64-xl-qemuu-win7-amd64 13 guest-stop fail never pass
test-amd64-i386-xend-qemut-winxpsp3 16 leak-check/check fail never pass
test-amd64-i386-xl-qemut-winxpsp3-vcpus1 13 guest-stop fail never pass
test-amd64-i386-xend-winxpsp3 16 leak-check/check fail never pass
test-amd64-i386-qemut-win 16 leak-check/check fail never pass
test-amd64-amd64-xl-winxpsp3 13 guest-stop fail never pass
test-amd64-amd64-xl-qemut-win 13 guest-stop fail never pass
test-amd64-amd64-xl-qemuu-winxpsp3 13 guest-stop fail never pass
test-amd64-amd64-xl-qemut-winxpsp3 13 guest-stop fail never pass
version targeted for testing:
linux 4eb15b7fe7ad2a055f79eb1056a0c2d3317ff6f0
baseline version:
linux 3bbbcb136d00b0718e63f7fd633f098e0889c3d1
------------------------------------------------------------
People who touched revisions under test:
------------------------------------------------------------
jobs:
build-amd64 pass
build-i386 pass
build-amd64-pvops pass
build-i386-pvops pass
test-amd64-amd64-xl pass
test-amd64-i386-xl pass
test-amd64-i386-rhel6hvm-amd pass
test-amd64-i386-qemut-rhel6hvm-amd pass
test-amd64-i386-qemuu-rhel6hvm-amd pass
test-amd64-amd64-xl-qemut-win7-amd64 fail
test-amd64-i386-xl-qemut-win7-amd64 fail
test-amd64-amd64-xl-qemuu-win7-amd64 fail
test-amd64-amd64-xl-win7-amd64 fail
test-amd64-i386-xl-win7-amd64 fail
test-amd64-i386-xl-credit2 pass
test-amd64-amd64-xl-pcipt-intel fail
test-amd64-i386-rhel6hvm-intel pass
test-amd64-i386-qemut-rhel6hvm-intel pass
test-amd64-i386-qemuu-rhel6hvm-intel pass
test-amd64-i386-xl-multivcpu pass
test-amd64-amd64-pair pass
test-amd64-i386-pair pass
test-amd64-amd64-xl-sedf-pin fail
test-amd64-amd64-pv pass
test-amd64-i386-pv pass
test-amd64-amd64-xl-sedf fail
test-amd64-i386-win-vcpus1 fail
test-amd64-i386-qemut-win-vcpus1 fail
test-amd64-i386-xl-qemut-win-vcpus1 fail
test-amd64-i386-xl-win-vcpus1 fail
test-amd64-i386-xl-qemut-winxpsp3-vcpus1 fail
test-amd64-i386-xl-winxpsp3-vcpus1 fail
test-amd64-amd64-win fail
test-amd64-i386-win fail
test-amd64-amd64-qemut-win fail
test-amd64-i386-qemut-win fail
test-amd64-amd64-xl-qemut-win fail
test-amd64-amd64-xl-win fail
test-amd64-i386-xend-qemut-winxpsp3 fail
test-amd64-amd64-xl-qemut-winxpsp3 fail
test-amd64-amd64-xl-qemuu-winxpsp3 fail
test-amd64-i386-xend-winxpsp3 fail
test-amd64-amd64-xl-winxpsp3 fail
------------------------------------------------------------
sg-report-flight on woking.cam.xci-test.com
logs: /home/xc_osstest/logs
images: /home/xc_osstest/images
Logs, config files, etc. are available at
http://www.chiark.greenend.org.uk/~xensrcts/logs
Test harness code can be found at
http://xenbits.xensource.com/gitweb?p=osstest.git;a=summary
Pushing revision :
+ branch=linux-3.0
+ revision=4eb15b7fe7ad2a055f79eb1056a0c2d3317ff6f0
+ . cri-lock-repos
++ . cri-common
+++ umask 002
+++ getconfig Repos
+++ perl -e ''
use Osstest;
readconfigonly();
print $c{Repos} or die $!;
''
++ repos=/export/home/osstest/repos
++ repos_lock=/export/home/osstest/repos/lock
++ ''['' x ''!=''
x/export/home/osstest/repos/lock '']''
++ OSSTEST_REPOS_LOCK_LOCKED=/export/home/osstest/repos/lock
++ exec with-lock-ex -w /export/home/osstest/repos/lock ./ap-push linux-3.0
4eb15b7fe7ad2a055f79eb1056a0c2d3317ff6f0
+ branch=linux-3.0
+ revision=4eb15b7fe7ad2a055f79eb1056a0c2d3317ff6f0
+ . cri-lock-repos
++ . cri-common
+++ umask 002
+++ getconfig Repos
+++ perl -e ''
use Osstest;
readconfigonly();
print $c{Repos} or die $!;
''
++ repos=/export/home/osstest/repos
++ repos_lock=/export/home/osstest/repos/lock
++ ''['' x/export/home/osstest/repos/lock ''!=''
x/export/home/osstest/repos/lock '']''
+ . cri-common
++ umask 002
+ select_xenbranch
+ case "$branch" in
+ tree=linux
+ xenbranch=xen-unstable
+ ''['' xlinux = xlinux '']''
+ linuxbranch=linux-3.0
+ : master
+ : tested/2.6.39.x
+ . ap-common
++ : xen@xenbits.xensource.com
++ : http://xenbits.xen.org/hg/staging/xen-unstable.hg
++ : git://xenbits.xen.org/staging/qemu-xen-unstable.git
++ : git://git.kernel.org
++ : git://git.kernel.org/pub/scm/linux/kernel/git
++ : git
++ : git://git.kernel.org/pub/scm/linux/kernel/git/stable/linux-stable.git
++ : master
++ : xen@xenbits.xensource.com:git/linux-pvops.git
++ : git://xenbits.xen.org/linux-pvops.git
++ : master
++ : git://git.kernel.org/pub/scm/linux/kernel/git/konrad/xen.git
++ : tested/2.6.39.x
++ : daily-cron.linux-3.0
++ : http://hg.uk.xensource.com/carbon/trunk/linux-2.6.27
++ : git://xenbits.xen.org/staging/qemu-upstream-unstable.git
++ : daily-cron.linux-3.0
+ TREE_LINUX=xen@xenbits.xensource.com:git/linux-pvops.git
+ TREE_QEMU_UPSTREAM=xen@xenbits.xensource.com:git/qemu-upstream-unstable.git
+ info_linux_tree linux-3.0
+ case $1 in
+ : git://git.kernel.org/pub/scm/linux/kernel/git/stable/linux-stable.git
+ : linux-3.0.y
+ : linux-3.0.y
+ : git
+ : git
+ : git://xenbits.xen.org/linux-pvops.git
+ : xen@xenbits.xensource.com:git/linux-pvops.git
+ : tested/linux-3.0
+ : tested/linux-3.0
+ return 0
+ cd /export/home/osstest/repos/linux
+ git push xen@xenbits.xensource.com:git/linux-pvops.git
4eb15b7fe7ad2a055f79eb1056a0c2d3317ff6f0:tested/linux-3.0
Counting objects: 1
Counting objects: 90, done.
Compressing objects: 6% (1/15)
Compressing objects: 13% (2/15)
Compressing objects: 20% (3/15)
Compressing objects: 26% (4/15)
Compressing objects: 33% (5/15)
Compressing objects: 40% (6/15)
Compressing objects: 46% (7/15)
Compressing objects: 53% (8/15)
Compressing objects: 60% (9/15)
Compressing objects: 66% (10/15)
Compressing objects: 73% (11/15)
Compressing objects: 80% (12/15)
Compressing objects: 86% (13/15)
Compressing objects: 93% (14/15)
Compressing objects: 100% (15/15)
Compressing objects: 100% (15/15), done.
Writing objects: 1% (1/62)
Writing objects: 3% (2/62)
Writing objects: 4% (3/62)
Writing objects: 6% (4/62)
Writing objects: 8% (5/62)
Writing objects: 9% (6/62)
Writing objects: 11% (7/62)
Writing objects: 12% (8/62)
Writing objects: 14% (9/62)
Writing objects: 16% (10/62)
Writing objects: 17% (11/62)
Writing objects: 19% (12/62)
Writing objects: 20% (13/62)
Writing objects: 22% (14/62)
Writing objects: 24% (15/62)
Writing objects: 25% (16/62)
Writing objects: 27% (17/62)
Writing objects: 29% (18/62)
Writing objects: 30% (19/62)
Writing objects: 32% (20/62)
Writing objects: 33% (21/62)
Writing objects: 35% (22/62)
Writing objects: 37% (23/62)
Writing objects: 38% (24/62)
Writing objects: 40% (25/62)
Writing objects: 41% (26/62)
Writing objects: 43% (27/62)
Writing objects: 45% (28/62)
Writing objects: 46% (29/62)
Writing objects: 48% (30/62)
Writing objects: 50% (31/62)
Writing objects: 51% (32/62)
Writing objects: 53% (33/62)
Writing objects: 54% (34/62)
Writing objects: 56% (35/62)
Writing objects: 58% (36/62)
Writing objects: 59% (37/62)
Writing objects: 61% (38/62)
Writing objects: 62% (39/62)
Writing objects: 64% (40/62)
Writing objects: 66% (41/62)
Writing objects: 67% (42/62)
Writing objects: 69% (43/62)
Writing objects: 70% (44/62)
Writing objects: 72% (45/62)
Writing objects: 74% (46/62)
Writing objects: 75% (47/62)
Writing objects: 77% (48/62)
Writing objects: 79% (49/62)
Writing objects: 80% (50/62)
Writing objects: 82% (51/62)
Writing objects: 83% (52/62)
Writing objects: 85% (53/62)
Writing objects: 87% (54/62)
Writing objects: 88% (55/62)
Writing objects: 90% (56/62)
Writing objects: 91% (57/62)
Writing objects: 93% (58/62)
Writing objects: 95% (59/62)
Writing objects: 96% (60/62)
Writing objects: 98% (61/62)
Writing objects: 100% (62/62)
Writing objects: 100% (62/62), 11.71 KiB, done.
Total 62 (delta 47), reused 52 (delta 46)
To xen@xenbits.xensource.com:git/linux-pvops.git
3bbbcb1..4eb15b7 4eb15b7fe7ad2a055f79eb1056a0c2d3317ff6f0 ->
tested/linux-3.0
+ exit 0