xen.org
2012-Dec-11 13:43 UTC
[qemu-upstream-unstable test] 14668: tolerable FAIL - PUSHED
flight 14668 qemu-upstream-unstable real [real]
http://www.chiark.greenend.org.uk/~xensrcts/logs/14668/
Failures :-/ but no regressions.
Tests which did not succeed, but are not blocking:
test-amd64-i386-xl-qemuu-win-vcpus1 13 guest-stop fail never pass
test-amd64-i386-qemuu-win 16 leak-check/check fail never pass
test-amd64-amd64-xl-qemuu-win7-amd64 13 guest-stop fail never pass
test-amd64-i386-qemuu-win-vcpus1 16 leak-check/check fail never pass
test-amd64-i386-xl-qemuu-win7-amd64 13 guest-stop fail never pass
test-amd64-i386-xl-qemuu-winxpsp3-vcpus1 13 guest-stop fail never pass
test-amd64-i386-xend-qemuu-winxpsp3 16 leak-check/check fail never pass
test-amd64-amd64-xl-qemuu-win 13 guest-stop fail never pass
test-amd64-amd64-xl-qemuu-winxpsp3 13 guest-stop fail never pass
test-amd64-amd64-qemuu-win 16 leak-check/check fail never pass
version targeted for testing:
qemuu 3752993df8af5cffa1b8219fe175d235597b4474
baseline version:
qemuu 1e6f3bf92c84d9ba8fdc61f4deb1777e737c7a2c
------------------------------------------------------------
People who touched revisions under test:
------------------------------------------------------------
jobs:
build-amd64 pass
build-i386 pass
build-amd64-oldkern pass
build-i386-oldkern pass
build-amd64-pvops pass
build-i386-pvops pass
test-amd64-i386-qemuu-rhel6hvm-amd pass
test-amd64-amd64-xl-qemuu-win7-amd64 fail
test-amd64-i386-xl-qemuu-win7-amd64 fail
test-amd64-i386-qemuu-rhel6hvm-intel pass
test-amd64-i386-qemuu-win-vcpus1 fail
test-amd64-i386-xl-qemuu-win-vcpus1 fail
test-amd64-i386-xl-qemuu-winxpsp3-vcpus1 fail
test-amd64-amd64-qemuu-win fail
test-amd64-i386-qemuu-win fail
test-amd64-amd64-xl-qemuu-win fail
test-amd64-i386-xend-qemuu-winxpsp3 fail
test-amd64-amd64-xl-qemuu-winxpsp3 fail
------------------------------------------------------------
sg-report-flight on woking.cam.xci-test.com
logs: /home/xc_osstest/logs
images: /home/xc_osstest/images
Logs, config files, etc. are available at
http://www.chiark.greenend.org.uk/~xensrcts/logs
Test harness code can be found at
http://xenbits.xensource.com/gitweb?p=osstest.git;a=summary
Pushing revision :
+ branch=qemu-upstream-unstable
+ revision=3752993df8af5cffa1b8219fe175d235597b4474
+ . cri-lock-repos
++ . cri-common
+++ umask 002
+++ getconfig Repos
+++ perl -e ''
use Osstest;
readconfigonly();
print $c{Repos} or die $!;
''
++ repos=/export/home/osstest/repos
++ repos_lock=/export/home/osstest/repos/lock
++ ''['' x ''!=''
x/export/home/osstest/repos/lock '']''
++ OSSTEST_REPOS_LOCK_LOCKED=/export/home/osstest/repos/lock
++ exec with-lock-ex -w /export/home/osstest/repos/lock ./ap-push
qemu-upstream-unstable 3752993df8af5cffa1b8219fe175d235597b4474
+ branch=qemu-upstream-unstable
+ revision=3752993df8af5cffa1b8219fe175d235597b4474
+ . cri-lock-repos
++ . cri-common
+++ umask 002
+++ getconfig Repos
+++ perl -e ''
use Osstest;
readconfigonly();
print $c{Repos} or die $!;
''
++ repos=/export/home/osstest/repos
++ repos_lock=/export/home/osstest/repos/lock
++ ''['' x/export/home/osstest/repos/lock ''!=''
x/export/home/osstest/repos/lock '']''
+ . cri-common
++ umask 002
+ select_xenbranch
+ case "$branch" in
+ tree=qemuu
+ xenbranch=xen-unstable
+ ''['' xqemuu = xlinux '']''
+ linuxbranch=linux
+ : master
+ : tested/2.6.39.x
+ . ap-common
++ : xen@xenbits.xensource.com
++ : http://xenbits.xen.org/hg/staging/xen-unstable.hg
++ : git://xenbits.xen.org/staging/qemu-xen-unstable.git
++ : git://git.kernel.org
++ : git://git.kernel.org/pub/scm/linux/kernel/git
++ : git
++ : git://xenbits.xen.org/linux-pvops.git
++ : master
++ : xen@xenbits.xensource.com:git/linux-pvops.git
++ : git://xenbits.xen.org/linux-pvops.git
++ : master
++ : git://git.kernel.org/pub/scm/linux/kernel/git/konrad/xen.git
++ : tested/2.6.39.x
++ : daily-cron.qemu-upstream-unstable
++ : http://hg.uk.xensource.com/carbon/trunk/linux-2.6.27
++ : git://xenbits.xen.org/staging/qemu-upstream-unstable.git
++ : daily-cron.qemu-upstream-unstable
+ TREE_LINUX=xen@xenbits.xensource.com:git/linux-pvops.git
+ TREE_QEMU_UPSTREAM=xen@xenbits.xensource.com:git/qemu-upstream-unstable.git
+ info_linux_tree qemu-upstream-unstable
+ case $1 in
+ return 1
+ case "$branch" in
+ cd /export/home/osstest/repos/qemu-upstream-unstable
+ git push xen@xenbits.xensource.com:git/qemu-upstream-unstable.git
3752993df8af5cffa1b8219fe175d235597b4474:master
Counting objects: 1
Counting objects: 3
Counting objects: 10
Counting objects: 16
Counting objects: 34
Counting objects: 72
Counting objects: 127
Counting objects: 216
Counting objects: 497
Counting objects: 619
Counting objects: 667, done.
Compressing objects: 0% (1/126)
Compressing objects: 1% (2/126)
Compressing objects: 2% (3/126)
Compressing objects: 3% (4/126)
Compressing objects: 4% (6/126)
Compressing objects: 5% (7/126)
Compressing objects: 6% (8/126)
Compressing objects: 7% (9/126)
Compressing objects: 8% (11/126)
Compressing objects: 9% (12/126)
Compressing objects: 10% (13/126)
Compressing objects: 11% (14/126)
Compressing objects: 12% (16/126)
Compressing objects: 13% (17/126)
Compressing objects: 14% (18/126)
Compressing objects: 15% (19/126)
Compressing objects: 16% (21/126)
Compressing objects: 17% (22/126)
Compressing objects: 18% (23/126)
Compressing objects: 19% (24/126)
Compressing objects: 20% (26/126)
Compressing objects: 21% (27/126)
Compressing objects: 22% (28/126)
Compressing objects: 23% (29/126)
Compressing objects: 24% (31/126)
Compressing objects: 25% (32/126)
Compressing objects: 26% (33/126)
Compressing objects: 27% (35/126)
Compressing objects: 28% (36/126)
Compressing objects: 29% (37/126)
Compressing objects: 30% (38/126)
Compressing objects: 31% (40/126)
Compressing objects: 32% (41/126)
Compressing objects: 33% (42/126)
Compressing objects: 34% (43/126)
Compressing objects: 35% (45/126)
Compressing objects: 36% (46/126)
Compressing objects: 37% (47/126)
Compressing objects: 38% (48/126)
Compressing objects: 39% (50/126)
Compressing objects: 40% (51/126)
Compressing objects: 41% (52/126)
Compressing objects: 42% (53/126)
Compressing objects: 43% (55/126)
Compressing objects: 44% (56/126)
Compressing objects: 45% (57/126)
Compressing objects: 46% (58/126)
Compressing objects: 47% (60/126)
Compressing objects: 48% (61/126)
Compressing objects: 49% (62/126)
Compressing objects: 50% (63/126)
Compressing objects: 51% (65/126)
Compressing objects: 52% (66/126)
Compressing objects: 53% (67/126)
Compressing objects: 54% (69/126)
Compressing objects: 55% (70/126)
Compressing objects: 56% (71/126)
Compressing objects: 57% (72/126)
Compressing objects: 58% (74/126)
Compressing objects: 59% (75/126)
Compressing objects: 60% (76/126)
Compressing objects: 61% (77/126)
Compressing objects: 62% (79/126)
Compressing objects: 63% (80/126)
Compressing objects: 64% (81/126)
Compressing objects: 65% (82/126)
Compressing objects: 66% (84/126)
Compressing objects: 67% (85/126)
Compressing objects: 68% (86/126)
Compressing objects: 69% (87/126)
Compressing objects: 70% (89/126)
Compressing objects: 71% (90/126)
Compressing objects: 72% (91/126)
Compressing objects: 73% (92/126)
Compressing objects: 74% (94/126)
Compressing objects: 75% (95/126)
Compressing objects: 76% (96/126)
Compressing objects: 77% (98/126)
Compressing objects: 78% (99/126)
Compressing objects: 79% (100/126)
Compressing objects: 80% (101/126)
Compressing objects: 81% (103/126)
Compressing objects: 82% (104/126)
Compressing objects: 83% (105/126)
Compressing objects: 84% (106/126)
Compressing objects: 85% (108/126)
Compressing objects: 86% (109/126)
Compressing objects: 87% (110/126)
Compressing objects: 88% (111/126)
Compressing objects: 89% (113/126)
Compressing objects: 90% (114/126)
Compressing objects: 91% (115/126)
Compressing objects: 92% (116/126)
Compressing objects: 93% (118/126)
Compressing objects: 94% (119/126)
Compressing objects: 95% (120/126)
Compressing objects: 96% (121/126)
Compressing objects: 97% (123/126)
Compressing objects: 98% (124/126)
Compressing objects: 99% (125/126)
Compressing objects: 100% (126/126)
Compressing objects: 100% (126/126), done.
Writing objects: 0% (1/500)
Writing objects: 1% (5/500)
Writing objects: 2% (10/500)
Writing objects: 3% (15/500)
Writing objects: 4% (20/500)
Writing objects: 5% (25/500)
Writing objects: 6% (30/500)
Writing objects: 7% (35/500)
Writing objects: 8% (40/500)
Writing objects: 9% (45/500)
Writing objects: 10% (50/500)
Writing objects: 11% (55/500)
Writing objects: 12% (60/500)
Writing objects: 13% (65/500)
Writing objects: 14% (70/500)
Writing objects: 15% (75/500)
Writing objects: 16% (80/500)
Writing objects: 17% (85/500)
Writing objects: 18% (90/500)
Writing objects: 19% (95/500)
Writing objects: 20% (100/500)
Writing objects: 21% (105/500)
Writing objects: 22% (110/500)
Writing objects: 23% (115/500)
Writing objects: 24% (120/500)
Writing objects: 25% (125/500)
Writing objects: 26% (130/500)
Writing objects: 27% (135/500)
Writing objects: 28% (140/500)
Writing objects: 29% (145/500)
Writing objects: 30% (150/500)
Writing objects: 31% (155/500)
Writing objects: 32% (161/500)
Writing objects: 33% (165/500)
Writing objects: 34% (170/500)
Writing objects: 35% (175/500)
Writing objects: 36% (180/500)
Writing objects: 37% (185/500)
Writing objects: 38% (190/500)
Writing objects: 39% (195/500)
Writing objects: 40% (200/500)
Writing objects: 41% (205/500)
Writing objects: 42% (210/500)
Writing objects: 43% (215/500)
Writing objects: 44% (220/500)
Writing objects: 45% (225/500)
Writing objects: 46% (230/500)
Writing objects: 47% (235/500)
Writing objects: 48% (240/500)
Writing objects: 49% (245/500)
Writing objects: 50% (250/500)
Writing objects: 51% (255/500)
Writing objects: 52% (260/500)
Writing objects: 53% (265/500)
Writing objects: 54% (270/500)
Writing objects: 55% (275/500)
Writing objects: 56% (280/500)
Writing objects: 57% (285/500)
Writing objects: 58% (290/500)
Writing objects: 59% (295/500)
Writing objects: 60% (300/500)
Writing objects: 61% (305/500)
Writing objects: 62% (310/500)
Writing objects: 63% (315/500)
Writing objects: 64% (320/500)
Writing objects: 65% (325/500)
Writing objects: 66% (330/500)
Writing objects: 67% (335/500)
Writing objects: 68% (342/500)
Writing objects: 69% (345/500)
Writing objects: 70% (351/500)
Writing objects: 71% (355/500)
Writing objects: 72% (360/500)
Writing objects: 73% (365/500)
Writing objects: 74% (370/500)
Writing objects: 75% (375/500)
Writing objects: 76% (380/500)
Writing objects: 77% (385/500)
Writing objects: 78% (390/500)
Writing objects: 79% (395/500)
Writing objects: 80% (400/500)
Writing objects: 81% (405/500)
Writing objects: 82% (410/500)
Writing objects: 83% (415/500)
Writing objects: 84% (420/500)
Writing objects: 85% (425/500)
Writing objects: 86% (430/500)
Writing objects: 87% (435/500)
Writing objects: 88% (440/500)
Writing objects: 89% (445/500)
Writing objects: 90% (450/500)
Writing objects: 91% (455/500)
Writing objects: 92% (460/500)
Writing objects: 93% (465/500)
Writing objects: 94% (470/500)
Writing objects: 95% (475/500)
Writing objects: 96% (480/500)
Writing objects: 97% (485/500)
Writing objects: 98% (490/500)
Writing objects: 99% (495/500)
Writing objects: 100% (500/500)
Writing objects: 100% (500/500), 136.27 KiB, done.
Total 500 (delta 364), reused 500 (delta 364)
To xen@xenbits.xensource.com:git/qemu-upstream-unstable.git
1e6f3bf..3752993 3752993df8af5cffa1b8219fe175d235597b4474 -> master