flight 14666 linux-3.0 real [real]
http://www.chiark.greenend.org.uk/~xensrcts/logs/14666/
Failures :-/ but no regressions.
Regressions which are regarded as allowable (not blocking):
test-amd64-amd64-xl-sedf-pin 10 guest-saverestore fail like 14481
test-amd64-amd64-xl-sedf 5 xen-boot fail like 14481
Tests which did not succeed, but are not blocking:
test-amd64-amd64-xl-pcipt-intel 8 debian-fixup fail never pass
test-amd64-i386-xl-win7-amd64 13 guest-stop fail never pass
test-amd64-i386-xl-qemut-win-vcpus1 13 guest-stop fail never pass
test-amd64-i386-xl-winxpsp3-vcpus1 13 guest-stop fail never pass
test-amd64-amd64-win 16 leak-check/check fail never pass
test-amd64-amd64-xl-win7-amd64 13 guest-stop fail never pass
test-amd64-amd64-xl-win 13 guest-stop fail never pass
test-amd64-i386-win 16 leak-check/check fail never pass
test-amd64-i386-qemut-win-vcpus1 16 leak-check/check fail never pass
test-amd64-amd64-xl-qemut-win7-amd64 13 guest-stop fail never pass
test-amd64-i386-win-vcpus1 16 leak-check/check fail never pass
test-amd64-i386-xl-win-vcpus1 13 guest-stop fail never pass
test-amd64-i386-xl-qemut-win7-amd64 13 guest-stop fail never pass
test-amd64-amd64-qemut-win 16 leak-check/check fail never pass
test-amd64-amd64-xl-qemuu-win7-amd64 13 guest-stop fail never pass
test-amd64-i386-xend-qemut-winxpsp3 16 leak-check/check fail never pass
test-amd64-i386-xl-qemut-winxpsp3-vcpus1 13 guest-stop fail never pass
test-amd64-i386-xend-winxpsp3 16 leak-check/check fail never pass
test-amd64-i386-qemut-win 16 leak-check/check fail never pass
test-amd64-amd64-xl-winxpsp3 13 guest-stop fail never pass
test-amd64-amd64-xl-qemut-win 13 guest-stop fail never pass
test-amd64-amd64-xl-qemuu-winxpsp3 13 guest-stop fail never pass
test-amd64-amd64-xl-qemut-winxpsp3 13 guest-stop fail never pass
version targeted for testing:
linux 3bbbcb136d00b0718e63f7fd633f098e0889c3d1
baseline version:
linux 2fc3fd44850e68f21ce1746c2e94470cab44ffab
------------------------------------------------------------
People who touched revisions under test:
------------------------------------------------------------
jobs:
build-amd64 pass
build-i386 pass
build-amd64-pvops pass
build-i386-pvops pass
test-amd64-amd64-xl pass
test-amd64-i386-xl pass
test-amd64-i386-rhel6hvm-amd pass
test-amd64-i386-qemut-rhel6hvm-amd pass
test-amd64-i386-qemuu-rhel6hvm-amd pass
test-amd64-amd64-xl-qemut-win7-amd64 fail
test-amd64-i386-xl-qemut-win7-amd64 fail
test-amd64-amd64-xl-qemuu-win7-amd64 fail
test-amd64-amd64-xl-win7-amd64 fail
test-amd64-i386-xl-win7-amd64 fail
test-amd64-i386-xl-credit2 pass
test-amd64-amd64-xl-pcipt-intel fail
test-amd64-i386-rhel6hvm-intel pass
test-amd64-i386-qemut-rhel6hvm-intel pass
test-amd64-i386-qemuu-rhel6hvm-intel pass
test-amd64-i386-xl-multivcpu pass
test-amd64-amd64-pair pass
test-amd64-i386-pair pass
test-amd64-amd64-xl-sedf-pin fail
test-amd64-amd64-pv pass
test-amd64-i386-pv pass
test-amd64-amd64-xl-sedf fail
test-amd64-i386-win-vcpus1 fail
test-amd64-i386-qemut-win-vcpus1 fail
test-amd64-i386-xl-qemut-win-vcpus1 fail
test-amd64-i386-xl-win-vcpus1 fail
test-amd64-i386-xl-qemut-winxpsp3-vcpus1 fail
test-amd64-i386-xl-winxpsp3-vcpus1 fail
test-amd64-amd64-win fail
test-amd64-i386-win fail
test-amd64-amd64-qemut-win fail
test-amd64-i386-qemut-win fail
test-amd64-amd64-xl-qemut-win fail
test-amd64-amd64-xl-win fail
test-amd64-i386-xend-qemut-winxpsp3 fail
test-amd64-amd64-xl-qemut-winxpsp3 fail
test-amd64-amd64-xl-qemuu-winxpsp3 fail
test-amd64-i386-xend-winxpsp3 fail
test-amd64-amd64-xl-winxpsp3 fail
------------------------------------------------------------
sg-report-flight on woking.cam.xci-test.com
logs: /home/xc_osstest/logs
images: /home/xc_osstest/images
Logs, config files, etc. are available at
http://www.chiark.greenend.org.uk/~xensrcts/logs
Test harness code can be found at
http://xenbits.xensource.com/gitweb?p=osstest.git;a=summary
Pushing revision :
+ branch=linux-3.0
+ revision=3bbbcb136d00b0718e63f7fd633f098e0889c3d1
+ . cri-lock-repos
++ . cri-common
+++ umask 002
+++ getconfig Repos
+++ perl -e ''
use Osstest;
readconfigonly();
print $c{Repos} or die $!;
''
++ repos=/export/home/osstest/repos
++ repos_lock=/export/home/osstest/repos/lock
++ ''['' x ''!=''
x/export/home/osstest/repos/lock '']''
++ OSSTEST_REPOS_LOCK_LOCKED=/export/home/osstest/repos/lock
++ exec with-lock-ex -w /export/home/osstest/repos/lock ./ap-push linux-3.0
3bbbcb136d00b0718e63f7fd633f098e0889c3d1
+ branch=linux-3.0
+ revision=3bbbcb136d00b0718e63f7fd633f098e0889c3d1
+ . cri-lock-repos
++ . cri-common
+++ umask 002
+++ getconfig Repos
+++ perl -e ''
use Osstest;
readconfigonly();
print $c{Repos} or die $!;
''
++ repos=/export/home/osstest/repos
++ repos_lock=/export/home/osstest/repos/lock
++ ''['' x/export/home/osstest/repos/lock ''!=''
x/export/home/osstest/repos/lock '']''
+ . cri-common
++ umask 002
+ select_xenbranch
+ case "$branch" in
+ tree=linux
+ xenbranch=xen-unstable
+ ''['' xlinux = xlinux '']''
+ linuxbranch=linux-3.0
+ : master
+ : tested/2.6.39.x
+ . ap-common
++ : xen@xenbits.xensource.com
++ : http://xenbits.xen.org/hg/staging/xen-unstable.hg
++ : git://xenbits.xen.org/staging/qemu-xen-unstable.git
++ : git://git.kernel.org
++ : git://git.kernel.org/pub/scm/linux/kernel/git
++ : git
++ : git://git.kernel.org/pub/scm/linux/kernel/git/stable/linux-stable.git
++ : master
++ : xen@xenbits.xensource.com:git/linux-pvops.git
++ : git://xenbits.xen.org/linux-pvops.git
++ : master
++ : git://git.kernel.org/pub/scm/linux/kernel/git/konrad/xen.git
++ : tested/2.6.39.x
++ : daily-cron.linux-3.0
++ : http://hg.uk.xensource.com/carbon/trunk/linux-2.6.27
++ : git://xenbits.xen.org/staging/qemu-upstream-unstable.git
++ : daily-cron.linux-3.0
+ TREE_LINUX=xen@xenbits.xensource.com:git/linux-pvops.git
+ TREE_QEMU_UPSTREAM=xen@xenbits.xensource.com:git/qemu-upstream-unstable.git
+ info_linux_tree linux-3.0
+ case $1 in
+ : git://git.kernel.org/pub/scm/linux/kernel/git/stable/linux-stable.git
+ : linux-3.0.y
+ : linux-3.0.y
+ : git
+ : git
+ : git://xenbits.xen.org/linux-pvops.git
+ : xen@xenbits.xensource.com:git/linux-pvops.git
+ : tested/linux-3.0
+ : tested/linux-3.0
+ return 0
+ cd /export/home/osstest/repos/linux
+ git push xen@xenbits.xensource.com:git/linux-pvops.git
3bbbcb136d00b0718e63f7fd633f098e0889c3d1:tested/linux-3.0
Counting objects: 1
Counting objects: 325, done.
Compressing objects: 2% (1/46)
Compressing objects: 4% (2/46)
Compressing objects: 6% (3/46)
Compressing objects: 8% (4/46)
Compressing objects: 10% (5/46)
Compressing objects: 13% (6/46)
Compressing objects: 15% (7/46)
Compressing objects: 17% (8/46)
Compressing objects: 19% (9/46)
Compressing objects: 21% (10/46)
Compressing objects: 23% (11/46)
Compressing objects: 26% (12/46)
Compressing objects: 28% (13/46)
Compressing objects: 30% (14/46)
Compressing objects: 32% (15/46)
Compressing objects: 34% (16/46)
Compressing objects: 36% (17/46)
Compressing objects: 39% (18/46)
Compressing objects: 41% (19/46)
Compressing objects: 43% (20/46)
Compressing objects: 45% (21/46)
Compressing objects: 47% (22/46)
Compressing objects: 50% (23/46)
Compressing objects: 52% (24/46)
Compressing objects: 54% (25/46)
Compressing objects: 56% (26/46)
Compressing objects: 58% (27/46)
Compressing objects: 60% (28/46)
Compressing objects: 63% (29/46)
Compressing objects: 65% (30/46)
Compressing objects: 67% (31/46)
Compressing objects: 69% (32/46)
Compressing objects: 71% (33/46)
Compressing objects: 73% (34/46)
Compressing objects: 76% (35/46)
Compressing objects: 78% (36/46)
Compressing objects: 80% (37/46)
Compressing objects: 82% (38/46)
Compressing objects: 84% (39/46)
Compressing objects: 86% (40/46)
Compressing objects: 89% (41/46)
Compressing objects: 91% (42/46)
Compressing objects: 93% (43/46)
Compressing objects: 95% (44/46)
Compressing objects: 97% (45/46)
Compressing objects: 100% (46/46)
Compressing objects: 100% (46/46), done.
Writing objects: 0% (1/231)
Writing objects: 1% (3/231)
Writing objects: 2% (5/231)
Writing objects: 3% (7/231)
Writing objects: 4% (10/231)
Writing objects: 5% (12/231)
Writing objects: 6% (14/231)
Writing objects: 7% (17/231)
Writing objects: 8% (19/231)
Writing objects: 9% (21/231)
Writing objects: 10% (24/231)
Writing objects: 11% (26/231)
Writing objects: 12% (28/231)
Writing objects: 13% (31/231)
Writing objects: 14% (33/231)
Writing objects: 15% (35/231)
Writing objects: 16% (37/231)
Writing objects: 17% (41/231)
Writing objects: 18% (42/231)
Writing objects: 19% (44/231)
Writing objects: 20% (48/231)
Writing objects: 21% (50/231)
Writing objects: 22% (51/231)
Writing objects: 23% (54/231)
Writing objects: 24% (56/231)
Writing objects: 25% (59/231)
Writing objects: 26% (61/231)
Writing objects: 27% (64/231)
Writing objects: 28% (65/231)
Writing objects: 29% (67/231)
Writing objects: 30% (70/231)
Writing objects: 31% (72/231)
Writing objects: 32% (74/231)
Writing objects: 33% (77/231)
Writing objects: 34% (79/231)
Writing objects: 35% (81/231)
Writing objects: 36% (84/231)
Writing objects: 37% (86/231)
Writing objects: 38% (88/231)
Writing objects: 39% (91/231)
Writing objects: 40% (93/231)
Writing objects: 41% (95/231)
Writing objects: 42% (98/231)
Writing objects: 43% (100/231)
Writing objects: 44% (102/231)
Writing objects: 45% (104/231)
Writing objects: 46% (107/231)
Writing objects: 47% (109/231)
Writing objects: 48% (111/231)
Writing objects: 49% (114/231)
Writing objects: 50% (116/231)
Writing objects: 51% (118/231)
Writing objects: 52% (121/231)
Writing objects: 53% (123/231)
Writing objects: 54% (125/231)
Writing objects: 55% (128/231)
Writing objects: 56% (130/231)
Writing objects: 57% (132/231)
Writing objects: 58% (134/231)
Writing objects: 59% (137/231)
Writing objects: 60% (139/231)
Writing objects: 61% (141/231)
Writing objects: 62% (144/231)
Writing objects: 63% (146/231)
Writing objects: 64% (148/231)
Writing objects: 65% (151/231)
Writing objects: 66% (153/231)
Writing objects: 67% (155/231)
Writing objects: 68% (158/231)
Writing objects: 69% (160/231)
Writing objects: 70% (162/231)
Writing objects: 71% (165/231)
Writing objects: 72% (167/231)
Writing objects: 73% (169/231)
Writing objects: 74% (171/231)
Writing objects: 75% (174/231)
Writing objects: 76% (176/231)
Writing objects: 77% (178/231)
Writing objects: 78% (181/231)
Writing objects: 79% (183/231)
Writing objects: 80% (185/231)
Writing objects: 81% (188/231)
Writing objects: 82% (190/231)
Writing objects: 83% (192/231)
Writing objects: 84% (195/231)
Writing objects: 85% (197/231)
Writing objects: 86% (199/231)
Writing objects: 87% (201/231)
Writing objects: 88% (204/231)
Writing objects: 89% (206/231)
Writing objects: 90% (208/231)
Writing objects: 91% (211/231)
Writing objects: 92% (213/231)
Writing objects: 93% (215/231)
Writing objects: 94% (218/231)
Writing objects: 95% (220/231)
Writing objects: 96% (222/231)
Writing objects: 97% (225/231)
Writing objects: 98% (227/231)
Writing objects: 99% (229/231)
Writing objects: 100% (231/231)
Writing objects: 100% (231/231), 35.27 KiB, done.
Total 231 (delta 190), reused 225 (delta 184)
To xen@xenbits.xensource.com:git/linux-pvops.git
2fc3fd4..3bbbcb1 3bbbcb136d00b0718e63f7fd633f098e0889c3d1 ->
tested/linux-3.0
+ exit 0