flight 14603 xen-4.2-testing real [real]
http://www.chiark.greenend.org.uk/~xensrcts/logs/14603/
Failures and problems with tests :-(
Tests which did not succeed and are blocking,
including tests which could not be run:
build-amd64 2 host-install(2) broken REGR. vs. 14563
build-amd64-pvops 2 host-install(2) broken REGR. vs. 14563
build-amd64-oldkern 2 host-install(2) broken REGR. vs. 14563
build-i386-pvops 2 host-install(2) broken REGR. vs. 14563
build-i386 2 host-install(2) broken REGR. vs. 14563
build-i386-oldkern 2 host-install(2) broken REGR. vs. 14563
Tests which did not succeed, but are not blocking:
test-amd64-amd64-xl-sedf-pin 1 xen-build-check(1) blocked n/a
test-amd64-amd64-xl-pcipt-intel 1 xen-build-check(1) blocked n/a
test-amd64-i386-pv 1 xen-build-check(1) blocked n/a
test-amd64-amd64-xl 1 xen-build-check(1) blocked n/a
test-amd64-i386-xl-credit2 1 xen-build-check(1) blocked n/a
test-amd64-i386-rhel6hvm-amd 1 xen-build-check(1) blocked n/a
test-amd64-i386-qemuu-rhel6hvm-amd 1 xen-build-check(1) blocked n/a
test-amd64-amd64-pv 1 xen-build-check(1) blocked n/a
test-amd64-amd64-xl-sedf 1 xen-build-check(1) blocked n/a
test-amd64-i386-xl-multivcpu 1 xen-build-check(1) blocked n/a
test-amd64-i386-rhel6hvm-intel 1 xen-build-check(1) blocked n/a
test-i386-i386-pv 1 xen-build-check(1) blocked n/a
test-amd64-i386-qemut-rhel6hvm-intel 1 xen-build-check(1) blocked n/a
test-amd64-i386-xl 1 xen-build-check(1) blocked n/a
test-amd64-i386-qemut-rhel6hvm-amd 1 xen-build-check(1) blocked n/a
test-amd64-amd64-xl-qemuu-win7-amd64 1 xen-build-check(1) blocked n/a
test-amd64-amd64-pair 1 xen-build-check(1) blocked n/a
test-i386-i386-xl-qemuu-winxpsp3 1 xen-build-check(1) blocked n/a
test-amd64-i386-pair 1 xen-build-check(1) blocked n/a
test-amd64-i386-xl-win-vcpus1 1 xen-build-check(1) blocked n/a
test-amd64-amd64-xl-winxpsp3 1 xen-build-check(1) blocked n/a
test-i386-i386-qemut-win 1 xen-build-check(1) blocked n/a
test-amd64-i386-xend-winxpsp3 1 xen-build-check(1) blocked n/a
test-amd64-amd64-xl-qemut-win7-amd64 1 xen-build-check(1) blocked n/a
test-amd64-i386-qemut-win 1 xen-build-check(1) blocked n/a
test-amd64-amd64-xl-win7-amd64 1 xen-build-check(1) blocked n/a
test-i386-i386-xl 1 xen-build-check(1) blocked n/a
test-amd64-amd64-xl-qemut-winxpsp3 1 xen-build-check(1) blocked n/a
test-amd64-i386-xend-qemut-winxpsp3 1 xen-build-check(1) blocked n/a
test-amd64-i386-xl-win7-amd64 1 xen-build-check(1) blocked n/a
test-amd64-i386-xl-qemut-winxpsp3-vcpus1 1 xen-build-check(1) blocked n/a
test-amd64-i386-xl-winxpsp3-vcpus1 1 xen-build-check(1) blocked n/a
test-amd64-i386-qemuu-rhel6hvm-intel 1 xen-build-check(1) blocked n/a
test-amd64-i386-xl-qemut-win7-amd64 1 xen-build-check(1) blocked n/a
test-i386-i386-pair 1 xen-build-check(1) blocked n/a
test-amd64-i386-qemut-win-vcpus1 1 xen-build-check(1) blocked n/a
test-amd64-i386-xl-qemut-win-vcpus1 1 xen-build-check(1) blocked n/a
test-amd64-i386-win-vcpus1 1 xen-build-check(1) blocked n/a
test-i386-i386-xl-winxpsp3 1 xen-build-check(1) blocked n/a
test-amd64-i386-win 1 xen-build-check(1) blocked n/a
test-amd64-amd64-xl-win 1 xen-build-check(1) blocked n/a
test-amd64-amd64-win 1 xen-build-check(1) blocked n/a
test-amd64-amd64-xl-qemuu-winxpsp3 1 xen-build-check(1) blocked n/a
test-i386-i386-xl-qemut-win 1 xen-build-check(1) blocked n/a
test-i386-i386-xl-qemut-winxpsp3 1 xen-build-check(1) blocked n/a
test-i386-i386-win 1 xen-build-check(1) blocked n/a
test-amd64-amd64-xl-qemut-win 1 xen-build-check(1) blocked n/a
test-i386-i386-xl-win 1 xen-build-check(1) blocked n/a
test-amd64-amd64-qemut-win 1 xen-build-check(1) blocked n/a
version targeted for testing:
xen 1206a3526673
baseline version:
xen b306bce61341
------------------------------------------------------------
People who touched revisions under test:
Ian Campbell <ian.campbell@citrix.com>
Ian Jackson <ian.jackson.citrix.com>
Jan Beulich <jbeulich@suse.com>
Keir Fraser <keir@xen.org>
Kouya Shimura <kouya@jp.fujitsu.com>
Tim Deegan <tim@xen.org>
------------------------------------------------------------
jobs:
build-amd64 broken
build-i386 broken
build-amd64-oldkern broken
build-i386-oldkern broken
build-amd64-pvops broken
build-i386-pvops broken
test-amd64-amd64-xl blocked
test-amd64-i386-xl blocked
test-i386-i386-xl blocked
test-amd64-i386-rhel6hvm-amd blocked
test-amd64-i386-qemut-rhel6hvm-amd blocked
test-amd64-i386-qemuu-rhel6hvm-amd blocked
test-amd64-amd64-xl-qemut-win7-amd64 blocked
test-amd64-i386-xl-qemut-win7-amd64 blocked
test-amd64-amd64-xl-qemuu-win7-amd64 blocked
test-amd64-amd64-xl-win7-amd64 blocked
test-amd64-i386-xl-win7-amd64 blocked
test-amd64-i386-xl-credit2 blocked
test-amd64-amd64-xl-pcipt-intel blocked
test-amd64-i386-rhel6hvm-intel blocked
test-amd64-i386-qemut-rhel6hvm-intel blocked
test-amd64-i386-qemuu-rhel6hvm-intel blocked
test-amd64-i386-xl-multivcpu blocked
test-amd64-amd64-pair blocked
test-amd64-i386-pair blocked
test-i386-i386-pair blocked
test-amd64-amd64-xl-sedf-pin blocked
test-amd64-amd64-pv blocked
test-amd64-i386-pv blocked
test-i386-i386-pv blocked
test-amd64-amd64-xl-sedf blocked
test-amd64-i386-win-vcpus1 blocked
test-amd64-i386-qemut-win-vcpus1 blocked
test-amd64-i386-xl-qemut-win-vcpus1 blocked
test-amd64-i386-xl-win-vcpus1 blocked
test-amd64-i386-xl-qemut-winxpsp3-vcpus1 blocked
test-amd64-i386-xl-winxpsp3-vcpus1 blocked
test-amd64-amd64-win blocked
test-amd64-i386-win blocked
test-i386-i386-win blocked
test-amd64-amd64-qemut-win blocked
test-amd64-i386-qemut-win blocked
test-i386-i386-qemut-win blocked
test-amd64-amd64-xl-qemut-win blocked
test-i386-i386-xl-qemut-win blocked
test-amd64-amd64-xl-win blocked
test-i386-i386-xl-win blocked
test-amd64-i386-xend-qemut-winxpsp3 blocked
test-amd64-amd64-xl-qemut-winxpsp3 blocked
test-i386-i386-xl-qemut-winxpsp3 blocked
test-amd64-amd64-xl-qemuu-winxpsp3 blocked
test-i386-i386-xl-qemuu-winxpsp3 blocked
test-amd64-i386-xend-winxpsp3 blocked
test-amd64-amd64-xl-winxpsp3 blocked
test-i386-i386-xl-winxpsp3 blocked
------------------------------------------------------------
sg-report-flight on woking.cam.xci-test.com
logs: /home/xc_osstest/logs
images: /home/xc_osstest/images
Logs, config files, etc. are available at
http://www.chiark.greenend.org.uk/~xensrcts/logs
Test harness code can be found at
http://xenbits.xensource.com/gitweb?p=osstest.git;a=summary
Not pushing.
------------------------------------------------------------
changeset: 25942:1206a3526673
tag: tip
user: Kouya Shimura <kouya@jp.fujitsu.com>
date: Thu Dec 06 11:11:58 2012 +0100
x86/hap: Fix memory leak of domain->arch.hvm_domain.dirty_vram
Signed-off-by: Kouya Shimura <kouya@jp.fujitsu.com>
Signed-off-by: Tim Deegan <tim@xen.org>
xen-unstable changeset: 26203:b5cb6cccc32c
xen-unstable date: Thu Nov 29 11:01:00 UTC 2012
changeset: 25941:8194979b8104
user: Jan Beulich <jbeulich@suse.com>
date: Thu Dec 06 11:10:15 2012 +0100
ACPI: fix return value of XEN_PM_PDC platform op
Should return -EFAULT when copying to guest memory fails.
Once touching this code, also switch to using the more relaxed copy
function (copying from the same guest memory already validated the
virtual address range).
Signed-off-by: Jan Beulich <jbeulich@suse.com>
Acked-by: Keir Fraser <keir@xen.org>
xen-unstable changeset: 26196:5faf5b8b702e
xen-unstable date: Wed Nov 28 09:03:51 UTC 2012
changeset: 25940:594b333b211d
user: Jan Beulich <jbeulich@suse.com>
date: Thu Dec 06 11:07:56 2012 +0100
x86: fix hypercall continuation cancellation in XENMAPSPACE_gmfn_range
compat wrapper
When no continuation was established, there must also not be an attempt
to cancel it - hypercall_cancel_continuation(), in the non-HVM, non-
multicall case, adjusts the guest mode return address in a way assuming
that an earlier call hypercall_create_continuation() took place.
Once touching this code, also restructure it slightly to improve
readability and switch to using the more relaxed copy function (copying
from the same guest memory already validated the virtual address
range).
Signed-off-by: Jan Beulich <jbeulich@suse.com>
Acked-by: Keir Fraser <keir@xen.org>
xen-unstable changeset: 26195:7670eabcbafc
xen-unstable date: Wed Nov 28 09:02:26 UTC 2012
changeset: 25939:6efa959326cc
user: Ian Campbell <ian.campbell@citrix.com>
date: Thu Dec 06 11:01:46 2012 +0100
MAINTAINERS: Reference stable maintenance policy
I also couldn''t resist fixing a typo and adding a reference to
http://wiki.xen.org/wiki/Submitting_Xen_Patches for the normal case as
well.
Signed-off-by: Ian Campbell <ian.campbell@citrix.com>
Acked-by: Keir Fraser <keir@xen.org>
Committed-by: Jan Beulich <jbeulich@suse.com>
xen-unstable changeset: 26238:53805e238cca
xen-unstable date: Thu Dec 6 09:56:53 UTC 2012
changeset: 25938:b306bce61341
user: Jan Beulich <jbeulich@suse.com>
date: Tue Dec 04 18:02:59 2012 +0000
x86: get_page_from_gfn() must return NULL for invalid GFNs
... also in the non-translated case.
This is XSA-32 / CVE-2012-xxxx.
Signed-off-by: Jan Beulich <jbeulich@suse.com>
Acked-by: Tim Deegan <tim@xen.org>
Committed-by: Ian Jackson <ian.jackson.citrix.com>
(qemu changes not included)