flight 14495 xen-4.2-testing real [real]
http://www.chiark.greenend.org.uk/~xensrcts/logs/14495/
Regressions :-(
Tests which did not succeed and are blocking,
including tests which could not be run:
test-amd64-i386-xl-qemut-win7-amd64 12 guest-localmigrate/x10 fail REGR. vs.
14483
Regressions which are regarded as allowable (not blocking):
test-amd64-amd64-xl-sedf-pin 10 guest-saverestore fail like 14483
test-amd64-amd64-xl-sedf 11 guest-localmigrate fail like 14483
Tests which did not succeed, but are not blocking:
test-amd64-amd64-xl-pcipt-intel 9 guest-start fail never pass
test-i386-i386-xl-qemuu-winxpsp3 9 guest-localmigrate fail never pass
test-amd64-amd64-xl-qemuu-win7-amd64 9 guest-localmigrate fail never pass
test-i386-i386-qemut-win 16 leak-check/check fail never pass
test-amd64-amd64-xl-winxpsp3 13 guest-stop fail never pass
test-amd64-i386-xl-win-vcpus1 13 guest-stop fail never pass
test-i386-i386-xl-winxpsp3 13 guest-stop fail never pass
test-amd64-i386-xend-winxpsp3 16 leak-check/check fail never pass
test-amd64-i386-qemut-win 16 leak-check/check fail never pass
test-amd64-amd64-xl-qemut-win7-amd64 13 guest-stop fail never pass
test-amd64-amd64-xl-win7-amd64 13 guest-stop fail never pass
test-amd64-i386-xend-qemut-winxpsp3 16 leak-check/check fail never pass
test-amd64-amd64-xl-qemut-winxpsp3 13 guest-stop fail never pass
test-amd64-i386-xl-win7-amd64 13 guest-stop fail never pass
test-amd64-i386-xl-qemut-winxpsp3-vcpus1 13 guest-stop fail never pass
test-amd64-i386-xl-winxpsp3-vcpus1 13 guest-stop fail never pass
test-amd64-i386-qemut-win-vcpus1 16 leak-check/check fail never pass
test-amd64-i386-xl-qemut-win-vcpus1 13 guest-stop fail never pass
test-amd64-i386-win-vcpus1 16 leak-check/check fail never pass
test-amd64-i386-win 16 leak-check/check fail never pass
test-amd64-amd64-xl-win 13 guest-stop fail never pass
test-amd64-amd64-win 16 leak-check/check fail never pass
test-i386-i386-xl-qemut-winxpsp3 13 guest-stop fail never pass
test-i386-i386-xl-qemut-win 13 guest-stop fail never pass
test-amd64-amd64-xl-qemuu-winxpsp3 9 guest-localmigrate fail never pass
test-i386-i386-win 16 leak-check/check fail never pass
test-i386-i386-xl-win 13 guest-stop fail never pass
test-amd64-amd64-xl-qemut-win 13 guest-stop fail never pass
test-amd64-amd64-qemut-win 16 leak-check/check fail never pass
version targeted for testing:
xen b3dafd42268a
baseline version:
xen 5c5c695863f7
------------------------------------------------------------
People who touched revisions under test:
George Dunlap <george.dunlap@eu.citrix.com>
Ian Campbell <ian.campbell@citrix.com>
Ian Jackson <ian.jackson@eu.citrix.com>
Jan Beulich <jbeulich@suse.com>
Keir Fraser <keir@xen.org>
Stefano Stabellini <stefano.stabellini@eu.citrix.com>
------------------------------------------------------------
jobs:
build-amd64 pass
build-i386 pass
build-amd64-oldkern pass
build-i386-oldkern pass
build-amd64-pvops pass
build-i386-pvops pass
test-amd64-amd64-xl pass
test-amd64-i386-xl pass
test-i386-i386-xl pass
test-amd64-i386-rhel6hvm-amd pass
test-amd64-i386-qemut-rhel6hvm-amd pass
test-amd64-i386-qemuu-rhel6hvm-amd pass
test-amd64-amd64-xl-qemut-win7-amd64 fail
test-amd64-i386-xl-qemut-win7-amd64 fail
test-amd64-amd64-xl-qemuu-win7-amd64 fail
test-amd64-amd64-xl-win7-amd64 fail
test-amd64-i386-xl-win7-amd64 fail
test-amd64-i386-xl-credit2 pass
test-amd64-amd64-xl-pcipt-intel fail
test-amd64-i386-rhel6hvm-intel pass
test-amd64-i386-qemut-rhel6hvm-intel pass
test-amd64-i386-qemuu-rhel6hvm-intel pass
test-amd64-i386-xl-multivcpu pass
test-amd64-amd64-pair pass
test-amd64-i386-pair pass
test-i386-i386-pair pass
test-amd64-amd64-xl-sedf-pin fail
test-amd64-amd64-pv pass
test-amd64-i386-pv pass
test-i386-i386-pv pass
test-amd64-amd64-xl-sedf fail
test-amd64-i386-win-vcpus1 fail
test-amd64-i386-qemut-win-vcpus1 fail
test-amd64-i386-xl-qemut-win-vcpus1 fail
test-amd64-i386-xl-win-vcpus1 fail
test-amd64-i386-xl-qemut-winxpsp3-vcpus1 fail
test-amd64-i386-xl-winxpsp3-vcpus1 fail
test-amd64-amd64-win fail
test-amd64-i386-win fail
test-i386-i386-win fail
test-amd64-amd64-qemut-win fail
test-amd64-i386-qemut-win fail
test-i386-i386-qemut-win fail
test-amd64-amd64-xl-qemut-win fail
test-i386-i386-xl-qemut-win fail
test-amd64-amd64-xl-win fail
test-i386-i386-xl-win fail
test-amd64-i386-xend-qemut-winxpsp3 fail
test-amd64-amd64-xl-qemut-winxpsp3 fail
test-i386-i386-xl-qemut-winxpsp3 fail
test-amd64-amd64-xl-qemuu-winxpsp3 fail
test-i386-i386-xl-qemuu-winxpsp3 fail
test-amd64-i386-xend-winxpsp3 fail
test-amd64-amd64-xl-winxpsp3 fail
test-i386-i386-xl-winxpsp3 fail
------------------------------------------------------------
sg-report-flight on woking.cam.xci-test.com
logs: /home/xc_osstest/logs
images: /home/xc_osstest/images
Logs, config files, etc. are available at
http://www.chiark.greenend.org.uk/~xensrcts/logs
Test harness code can be found at
http://xenbits.xensource.com/gitweb?p=osstest.git;a=summary
Not pushing.
------------------------------------------------------------
changeset: 25931:b3dafd42268a
tag: tip
user: Ian Campbell <ian.campbell@citrix.com>
date: Thu Nov 29 16:07:55 2012 +0000
xl: xl.conf(5): correct advice re autoballooning vs. dom0_mem.
The advice was backwards, you should really disable autoballoon if you
use dom0_mem. Also add a reference to the command-line docs.
Signed-off-by: Ian Campbell <ian.campbell@citrix.com>
Acked-by: Stefano Stabellini <stefano.stabellini@eu.citrix.com>
Committed-by: Ian Campbell <ian.campbell@citrix.com>
xen-unstable changeset: 26192:17ffbe7cf645
Backport-requested-by: Ian Jackson <Ian.Jackson@eu.citrix.com>
Committed-by: Ian Jackson <ian.jackson@eu.citrix.com>
changeset: 25930:ac8a9f014744
user: George Dunlap <george.dunlap@eu.citrix.com>
date: Thu Nov 29 14:58:36 2012 +0000
xl: Suppress spurious warning message for cpupool-list
libxl_cpupool_list() enumerates the cpupools by "probing": calling
cpupool_info, starting at 0 and stopping when it gets an error. However,
cpupool_info will print an error when the call to xc_cpupool_getinfo()
fails,
resulting in every xl command that uses libxl_list_cpupool (such as
cpupool-list) printing that error message spuriously.
Since at the moment the times we want to print the message correspond
with the use of the existing "exact" parameter, use it to decide
whether to print the message or not.
Signed-off-by: George Dunlap <george.dunlap@eu.citrix.com>
Acked-by: Ian Campbell <ian.campbell@citrix.com>
Committed-by: Ian Campbell <ian.campbell@citrix.com>
xen-unstable changeset: 26185:d66987697fe3
Backport-requested-by: Ian Campbell <ian.campbell@citrix.com>
Committed-by: Ian Jackson <ian.jackson@eu.citrix.com>
changeset: 25929:5c5c695863f7
user: Jan Beulich <jbeulich@suse.com>
date: Tue Nov 27 13:25:17 2012 +0100
x86/time: fix scale_delta() inline assembly
The way it was coded, it clobbered %rdx without telling the compiler.
This generally didn''t cause any problems except when there are two
back
to back invocations (as in plt_overflow()), as in that case the
compiler may validly assume that it can re-use for the second instance
the value loaded into %rdx before the first one.
Once at it, also properly relax the second operand of "mul"
(there''s no
need for it to be in %rdx, or a register at all), and switch away from
using explicit register names in the instruction operands.
Signed-off-by: Jan Beulich <jbeulich@suse.com>
Acked-by: Keir Fraser <keir@xen.org>
xen-unstable changeset: 26188:16bf7f3069a7
xen-unstable date: Mon Nov 26 16:20:39 UTC 2012
(qemu changes not included)