xen.org
2012-Nov-23 20:48 UTC
[qemu-upstream-unstable test] 14472: tolerable FAIL - PUSHED
flight 14472 qemu-upstream-unstable real [real]
http://www.chiark.greenend.org.uk/~xensrcts/logs/14472/
Failures :-/ but no regressions.
Tests which did not succeed, but are not blocking:
test-amd64-i386-xl-qemuu-win-vcpus1 13 guest-stop fail never pass
test-amd64-i386-xend-qemuu-winxpsp3 16 leak-check/check fail never pass
test-amd64-i386-qemuu-win 16 leak-check/check fail never pass
test-amd64-amd64-xl-qemuu-win7-amd64 13 guest-stop fail never pass
test-amd64-i386-qemuu-win-vcpus1 16 leak-check/check fail never pass
test-amd64-i386-xl-qemuu-win7-amd64 13 guest-stop fail never pass
test-amd64-i386-xl-qemuu-winxpsp3-vcpus1 13 guest-stop fail never pass
test-amd64-amd64-xl-qemuu-win 13 guest-stop fail never pass
test-amd64-amd64-xl-qemuu-winxpsp3 13 guest-stop fail never pass
test-amd64-amd64-qemuu-win 16 leak-check/check fail never pass
version targeted for testing:
qemuu 1e6f3bf92c84d9ba8fdc61f4deb1777e737c7a2c
baseline version:
qemuu cdf4d2bb4006805f209712fbb8ed1f83127e9984
------------------------------------------------------------
People who touched revisions under test:
------------------------------------------------------------
jobs:
build-amd64 pass
build-i386 pass
build-amd64-oldkern pass
build-i386-oldkern pass
build-amd64-pvops pass
build-i386-pvops pass
test-amd64-i386-qemuu-rhel6hvm-amd pass
test-amd64-amd64-xl-qemuu-win7-amd64 fail
test-amd64-i386-xl-qemuu-win7-amd64 fail
test-amd64-i386-qemuu-rhel6hvm-intel pass
test-amd64-i386-qemuu-win-vcpus1 fail
test-amd64-i386-xl-qemuu-win-vcpus1 fail
test-amd64-i386-xl-qemuu-winxpsp3-vcpus1 fail
test-amd64-amd64-qemuu-win fail
test-amd64-i386-qemuu-win fail
test-amd64-amd64-xl-qemuu-win fail
test-amd64-i386-xend-qemuu-winxpsp3 fail
test-amd64-amd64-xl-qemuu-winxpsp3 fail
------------------------------------------------------------
sg-report-flight on woking.cam.xci-test.com
logs: /home/xc_osstest/logs
images: /home/xc_osstest/images
Logs, config files, etc. are available at
http://www.chiark.greenend.org.uk/~xensrcts/logs
Test harness code can be found at
http://xenbits.xensource.com/gitweb?p=osstest.git;a=summary
Pushing revision :
+ branch=qemu-upstream-unstable
+ revision=1e6f3bf92c84d9ba8fdc61f4deb1777e737c7a2c
+ . cri-lock-repos
++ . cri-common
+++ umask 002
+++ getconfig Repos
+++ perl -e ''
use Osstest;
readconfigonly();
print $c{Repos} or die $!;
''
++ repos=/export/home/osstest/repos
++ repos_lock=/export/home/osstest/repos/lock
++ ''['' x ''!=''
x/export/home/osstest/repos/lock '']''
++ OSSTEST_REPOS_LOCK_LOCKED=/export/home/osstest/repos/lock
++ exec with-lock-ex -w /export/home/osstest/repos/lock ./ap-push
qemu-upstream-unstable 1e6f3bf92c84d9ba8fdc61f4deb1777e737c7a2c
+ branch=qemu-upstream-unstable
+ revision=1e6f3bf92c84d9ba8fdc61f4deb1777e737c7a2c
+ . cri-lock-repos
++ . cri-common
+++ umask 002
+++ getconfig Repos
+++ perl -e ''
use Osstest;
readconfigonly();
print $c{Repos} or die $!;
''
++ repos=/export/home/osstest/repos
++ repos_lock=/export/home/osstest/repos/lock
++ ''['' x/export/home/osstest/repos/lock ''!=''
x/export/home/osstest/repos/lock '']''
+ . cri-common
++ umask 002
+ select_xenbranch
+ case "$branch" in
+ tree=qemuu
+ xenbranch=xen-unstable
+ ''['' xqemuu = xlinux '']''
+ linuxbranch=linux
+ : master
+ : tested/2.6.39.x
+ . ap-common
++ : xen@xenbits.xensource.com
++ : http://xenbits.xen.org/hg/staging/xen-unstable.hg
++ : git://xenbits.xen.org/staging/qemu-xen-unstable.git
++ : git://git.kernel.org
++ : git://git.kernel.org/pub/scm/linux/kernel/git
++ : git
++ : git://xenbits.xen.org/linux-pvops.git
++ : master
++ : xen@xenbits.xensource.com:git/linux-pvops.git
++ : git://xenbits.xen.org/linux-pvops.git
++ : master
++ : git://git.kernel.org/pub/scm/linux/kernel/git/konrad/xen.git
++ : tested/2.6.39.x
++ : daily-cron.qemu-upstream-unstable
++ : http://hg.uk.xensource.com/carbon/trunk/linux-2.6.27
++ : git://xenbits.xen.org/staging/qemu-upstream-unstable.git
++ : daily-cron.qemu-upstream-unstable
+ TREE_LINUX=xen@xenbits.xensource.com:git/linux-pvops.git
+ TREE_QEMU_UPSTREAM=xen@xenbits.xensource.com:git/qemu-upstream-unstable.git
+ info_linux_tree qemu-upstream-unstable
+ case $1 in
+ return 1
+ case "$branch" in
+ cd /export/home/osstest/repos/qemu-upstream-unstable
+ git push xen@xenbits.xensource.com:git/qemu-upstream-unstable.git
1e6f3bf92c84d9ba8fdc61f4deb1777e737c7a2c:master
Counting objects: 1
Counting objects: 173
Counting objects: 1819
Counting objects: 8466
Counting objects: 32705, done.
Compressing objects: 0% (1/7103)
Compressing objects: 1% (72/7103)
Compressing objects: 2% (143/7103)
Compressing objects: 3% (214/7103)
Compressing objects: 4% (285/7103)
Compressing objects: 5% (356/7103)
Compressing objects: 6% (427/7103)
Compressing objects: 7% (498/7103)
Compressing objects: 8% (569/7103)
Compressing objects: 9% (640/7103)
Compressing objects: 10% (711/7103)
Compressing objects: 11% (782/7103)
Compressing objects: 12% (853/7103)
Compressing objects: 13% (924/7103)
Compressing objects: 14% (995/7103)
Compressing objects: 15% (1066/7103)
Compressing objects: 16% (1137/7103)
Compressing objects: 17% (1208/7103)
Compressing objects: 18% (1279/7103)
Compressing objects: 19% (1350/7103)
Compressing objects: 20% (1421/7103)
Compressing objects: 21% (1492/7103)
Compressing objects: 22% (1563/7103)
Compressing objects: 23% (1634/7103)
Compressing objects: 24% (1705/7103)
Compressing objects: 25% (1776/7103)
Compressing objects: 26% (1847/7103)
Compressing objects: 27% (1918/7103)
Compressing objects: 28% (1989/7103)
Compressing objects: 29% (2060/7103)
Compressing objects: 30% (2131/7103)
Compressing objects: 31% (2202/7103)
Compressing objects: 32% (2273/7103)
Compressing objects: 33% (2344/7103)
Compressing objects: 34% (2416/7103)
Compressing objects: 35% (2487/7103)
Compressing objects: 36% (2558/7103)
Compressing objects: 37% (2629/7103)
Compressing objects: 38% (2700/7103)
Compressing objects: 39% (2771/7103)
Compressing objects: 40% (2842/7103)
Compressing objects: 41% (2913/7103)
Compressing objects: 42% (2984/7103)
Compressing objects: 43% (3055/7103)
Compressing objects: 44% (3126/7103)
Compressing objects: 45% (3197/7103)
Compressing objects: 46% (3268/7103)
Compressing objects: 47% (3339/7103)
Compressing objects: 48% (3410/7103)
Compressing objects: 49% (3481/7103)
Compressing objects: 50% (3552/7103)
Compressing objects: 51% (3623/7103)
Compressing objects: 52% (3694/7103)
Compressing objects: 53% (3765/7103)
Compressing objects: 54% (3836/7103)
Compressing objects: 55% (3907/7103)
Compressing objects: 56% (3978/7103)
Compressing objects: 57% (4049/7103)
Compressing objects: 58% (4120/7103)
Compressing objects: 59% (4191/7103)
Compressing objects: 60% (4262/7103)
Compressing objects: 61% (4333/7103)
Compressing objects: 62% (4404/7103)
Compressing objects: 63% (4475/7103)
Compressing objects: 64% (4546/7103)
Compressing objects: 65% (4617/7103)
Compressing objects: 66% (4688/7103)
Compressing objects: 67% (4760/7103)
Compressing objects: 68% (4831/7103)
Compressing objects: 69% (4902/7103)
Compressing objects: 70% (4973/7103)
Compressing objects: 71% (5044/7103)
Compressing objects: 72% (5115/7103)
Compressing objects: 73% (5186/7103)
Compressing objects: 74% (5257/7103)
Compressing objects: 75% (5328/7103)
Compressing objects: 76% (5399/7103)
Compressing objects: 77% (5470/7103)
Compressing objects: 78% (5541/7103)
Compressing objects: 79% (5612/7103)
Compressing objects: 80% (5683/7103)
Compressing objects: 81% (5754/7103)
Compressing objects: 82% (5825/7103)
Compressing objects: 83% (5896/7103)
Compressing objects: 84% (5967/7103)
Compressing objects: 85% (6038/7103)
Compressing objects: 86% (6109/7103)
Compressing objects: 87% (6180/7103)
Compressing objects: 88% (6251/7103)
Compressing objects: 89% (6322/7103)
Compressing objects: 90% (6393/7103)
Compressing objects: 91% (6464/7103)
Compressing objects: 92% (6535/7103)
Compressing objects: 93% (6606/7103)
Compressing objects: 94% (6677/7103)
Compressing objects: 95% (6748/7103)
Compressing objects: 96% (6819/7103)
Compressing objects: 97% (6890/7103)
Compressing objects: 98% (6961/7103)
Compressing objects: 99% (7032/7103)
Compressing objects: 100% (7103/7103)
Compressing objects: 100% (7103/7103), done.
Writing objects: 0% (1/31440)
Writing objects: 1% (315/31440)
Writing objects: 2% (629/31440)
Writing objects: 3% (944/31440)
Writing objects: 4% (1258/31440)
Writing objects: 5% (1572/31440)
Writing objects: 6% (1887/31440)
Writing objects: 7% (2201/31440)
Writing objects: 8% (2516/31440)
Writing objects: 9% (2830/31440)
Writing objects: 10% (3144/31440)
Writing objects: 11% (3459/31440)
Writing objects: 12% (3773/31440)
Writing objects: 13% (4088/31440)
Writing objects: 14% (4402/31440)
Writing objects: 15% (4716/31440)
Writing objects: 16% (5031/31440)
Writing objects: 17% (5345/31440)
Writing objects: 18% (5660/31440)
Writing objects: 19% (5978/31440)
Writing objects: 20% (6288/31440), 2.07 MiB | 3896 KiB/s
Writing objects: 20% (6401/31440), 2.27 MiB | 2153 KiB/s
Writing objects: 21% (6603/31440), 2.27 MiB | 2153 KiB/s
Writing objects: 22% (6919/31440), 2.27 MiB | 2153 KiB/s
Writing objects: 23% (7233/31440), 2.64 MiB | 1561 KiB/s
Writing objects: 23% (7530/31440), 2.64 MiB | 1561 KiB/s
Writing objects: 24% (7547/31440), 2.64 MiB | 1561 KiB/s
Writing objects: 25% (7860/31440), 3.02 MiB | 1294 KiB/s
Writing objects: 25% (8070/31440), 3.39 MiB | 1139 KiB/s
Writing objects: 26% (8175/31440), 3.77 MiB | 1040 KiB/s
Writing objects: 26% (8484/31440), 3.77 MiB | 1040 KiB/s
Writing objects: 27% (8490/31440), 3.77 MiB | 1040 KiB/s
Writing objects: 28% (8805/31440), 4.14 MiB | 950 KiB/s
Writing objects: 28% (8896/31440), 4.52 MiB | 900 KiB/s
Writing objects: 29% (9119/31440), 4.52 MiB | 900 KiB/s
Writing objects: 29% (9373/31440), 4.89 MiB | 865 KiB/s
Writing objects: 30% (9433/31440), 4.89 MiB | 865 KiB/s
Writing objects: 31% (9748/31440), 4.89 MiB | 865 KiB/s
Writing objects: 32% (10061/31440), 4.89 MiB | 865 KiB/s
Writing objects: 33% (10376/31440), 5.27 MiB | 555 KiB/s
Writing objects: 34% (10690/31440), 5.27 MiB | 555 KiB/s
Writing objects: 35% (11004/31440), 5.27 MiB | 555 KiB/s
Writing objects: 36% (11319/31440), 5.27 MiB | 555 KiB/s
Writing objects: 37% (11633/31440), 5.27 MiB | 555 KiB/s
Writing objects: 38% (11948/31440), 5.27 MiB | 555 KiB/s
Writing objects: 39% (12262/31440), 5.27 MiB | 555 KiB/s
Writing objects: 39% (12525/31440), 5.64 MiB | 573 KiB/s
Writing objects: 40% (12576/31440), 5.64 MiB | 573 KiB/s
Writing objects: 41% (12891/31440), 5.64 MiB | 573 KiB/s
Writing objects: 42% (13205/31440), 5.64 MiB | 573 KiB/s
Writing objects: 43% (13520/31440), 5.64 MiB | 573 KiB/s
Writing objects: 44% (13834/31440), 5.64 MiB | 573 KiB/s
Writing objects: 45% (14148/31440), 5.89 MiB | 565 KiB/s
Writing objects: 46% (14464/31440), 5.89 MiB | 565 KiB/s
Writing objects: 47% (14777/31440), 5.89 MiB | 565 KiB/s
Writing objects: 48% (15092/31440), 5.89 MiB | 565 KiB/s
Writing objects: 48% (15341/31440), 5.89 MiB | 565 KiB/s
Writing objects: 49% (15406/31440), 5.89 MiB | 565 KiB/s
Writing objects: 50% (15720/31440), 5.89 MiB | 565 KiB/s
Writing objects: 51% (16036/31440), 5.89 MiB | 565 KiB/s
Writing objects: 52% (16349/31440), 6.27 MiB | 563 KiB/s
Writing objects: 53% (16666/31440), 6.27 MiB | 563 KiB/s
Writing objects: 54% (16978/31440), 6.27 MiB | 563 KiB/s
Writing objects: 55% (17293/31440), 6.27 MiB | 563 KiB/s
Writing objects: 56% (17607/31440), 6.27 MiB | 563 KiB/s
Writing objects: 57% (17932/31440), 6.27 MiB | 563 KiB/s
Writing objects: 58% (18236/31440), 6.64 MiB | 564 KiB/s
Writing objects: 59% (18550/31440), 6.64 MiB | 564 KiB/s
Writing objects: 60% (18864/31440), 6.64 MiB | 564 KiB/s
Writing objects: 60% (19082/31440), 6.64 MiB | 564 KiB/s
Writing objects: 61% (19179/31440), 6.64 MiB | 564 KiB/s
Writing objects: 62% (19493/31440), 6.64 MiB | 564 KiB/s
Writing objects: 63% (19808/31440), 6.64 MiB | 564 KiB/s
Writing objects: 64% (20122/31440), 6.64 MiB | 564 KiB/s
Writing objects: 65% (20436/31440), 6.64 MiB | 564 KiB/s
Writing objects: 66% (20753/31440), 6.64 MiB | 564 KiB/s
Writing objects: 67% (21065/31440), 7.02 MiB | 561 KiB/s
Writing objects: 68% (21380/31440), 7.02 MiB | 561 KiB/s
Writing objects: 69% (21694/31440), 7.02 MiB | 561 KiB/s
Writing objects: 70% (22008/31440), 7.02 MiB | 561 KiB/s
Writing objects: 71% (22323/31440), 7.02 MiB | 561 KiB/s
Writing objects: 71% (22408/31440), 7.02 MiB | 561 KiB/s
Writing objects: 72% (22637/31440), 7.02 MiB | 561 KiB/s
Writing objects: 73% (22952/31440), 7.02 MiB | 561 KiB/s
Writing objects: 74% (23266/31440), 7.39 MiB | 570 KiB/s
Writing objects: 75% (23580/31440), 7.39 MiB | 570 KiB/s
Writing objects: 76% (23895/31440), 7.39 MiB | 570 KiB/s
Writing objects: 77% (24209/31440), 7.39 MiB | 570 KiB/s
Writing objects: 78% (24524/31440), 7.39 MiB | 570 KiB/s
Writing objects: 78% (24630/31440), 7.77 MiB | 567 KiB/s
Writing objects: 79% (24838/31440), 7.77 MiB | 567 KiB/s
Writing objects: 80% (25152/31440), 7.77 MiB | 567 KiB/s
Writing objects: 81% (25467/31440), 7.77 MiB | 567 KiB/s
Writing objects: 82% (25781/31440), 7.77 MiB | 567 KiB/s
Writing objects: 83% (26096/31440), 8.14 MiB | 564 KiB/s
Writing objects: 84% (26410/31440), 8.14 MiB | 564 KiB/s
Writing objects: 84% (26430/31440), 8.14 MiB | 564 KiB/s
Writing objects: 85% (26724/31440), 8.14 MiB | 564 KiB/s
Writing objects: 86% (27039/31440), 8.52 MiB | 564 KiB/s
Writing objects: 87% (27353/31440), 8.52 MiB | 564 KiB/s
Writing objects: 88% (27668/31440), 8.52 MiB | 564 KiB/s
Writing objects: 88% (27905/31440), 8.80 MiB | 563 KiB/s
Writing objects: 89% (27982/31440), 8.80 MiB | 563 KiB/s
Writing objects: 90% (28296/31440), 8.80 MiB | 563 KiB/s
Writing objects: 91% (28611/31440), 8.80 MiB | 563 KiB/s
Writing objects: 92% (28925/31440), 9.14 MiB | 565 KiB/s
Writing objects: 93% (29240/31440), 9.14 MiB | 565 KiB/s
Writing objects: 94% (29554/31440), 9.14 MiB | 565 KiB/s
Writing objects: 95% (29869/31440), 9.14 MiB | 565 KiB/s
Writing objects: 96% (30184/31440), 9.14 MiB | 565 KiB/s
Writing objects: 97% (30497/31440), 9.14 MiB | 565 KiB/s
Writing objects: 98% (30812/31440), 9.14 MiB | 565 KiB/s
Writing objects: 99% (31126/31440), 9.14 MiB | 565 KiB/s
Writing objects: 100% (31440/31440), 9.14 MiB | 565 KiB/s
Writing objects: 100% (31440/31440), 9.48 MiB | 564 KiB/s, done.
Total 31440 (delta 24645), reused 30861 (delta 24085)
To xen@xenbits.xensource.com:git/qemu-upstream-unstable.git
cdf4d2b..1e6f3bf 1e6f3bf92c84d9ba8fdc61f4deb1777e737c7a2c -> master