flight 14398 xen-4.2-testing real [real]
http://www.chiark.greenend.org.uk/~xensrcts/logs/14398/
Failures and problems with tests :-(
Tests which did not succeed and are blocking,
including tests which could not be run:
 test-amd64-i386-pair         4 host-install/dst_host(4) broken REGR. vs. 14393
Regressions which are regarded as allowable (not blocking):
 test-amd64-amd64-xl-sedf-pin 10 guest-saverestore            fail   like 14393
 test-amd64-amd64-xl-sedf     11 guest-localmigrate           fail   like 14393
Tests which did not succeed, but are not blocking:
 test-amd64-amd64-xl-pcipt-intel  9 guest-start                 fail never pass
 test-amd64-amd64-xl-qemuu-win7-amd64  9 guest-localmigrate     fail never pass
 test-i386-i386-xl-qemuu-winxpsp3  9 guest-localmigrate         fail never pass
 test-amd64-amd64-xl-winxpsp3 13 guest-stop                   fail   never pass
 test-i386-i386-xl-winxpsp3   13 guest-stop                   fail   never pass
 test-amd64-i386-xend-winxpsp3 16 leak-check/check             fail  never pass
 test-amd64-amd64-xl-win7-amd64 13 guest-stop                   fail never pass
 test-amd64-i386-xl-win7-amd64 13 guest-stop                   fail  never pass
 test-amd64-i386-xl-winxpsp3-vcpus1 13 guest-stop               fail never pass
 test-amd64-i386-win-vcpus1   16 leak-check/check             fail   never pass
 test-amd64-i386-xl-win-vcpus1 13 guest-stop                   fail  never pass
 test-amd64-i386-win          16 leak-check/check             fail   never pass
 test-amd64-amd64-xl-win      13 guest-stop                   fail   never pass
 test-amd64-amd64-win         16 leak-check/check             fail   never pass
 test-amd64-amd64-xl-qemuu-winxpsp3  9 guest-localmigrate       fail never pass
 test-i386-i386-win           16 leak-check/check             fail   never pass
 test-i386-i386-xl-win        13 guest-stop                   fail   never pass
version targeted for testing:
 xen                  4f349508611f
baseline version:
 xen                  8ca6372315f8
------------------------------------------------------------
People who touched revisions under test:
  Andrew Cooper <andrew.cooper3@citrix.com>
  Dan Magenheimer <dan.magenheimer@oracle.com>
  Ian Campbell <ian.campbell@citrix.com>
  Ian Jackson <ian.jackson@eu.citrix.com>
  Jan Beulich <jbeulich@suse.com>
------------------------------------------------------------
jobs:
 build-amd64                                                  pass    
 build-i386                                                   pass    
 build-amd64-oldkern                                          pass    
 build-i386-oldkern                                           pass    
 build-amd64-pvops                                            pass    
 build-i386-pvops                                             pass    
 test-amd64-amd64-xl                                          pass    
 test-amd64-i386-xl                                           pass    
 test-i386-i386-xl                                            pass    
 test-amd64-i386-rhel6hvm-amd                                 pass    
 test-amd64-i386-qemuu-rhel6hvm-amd                           pass    
 test-amd64-amd64-xl-qemuu-win7-amd64                         fail    
 test-amd64-amd64-xl-win7-amd64                               fail    
 test-amd64-i386-xl-win7-amd64                                fail    
 test-amd64-i386-xl-credit2                                   pass    
 test-amd64-amd64-xl-pcipt-intel                              fail    
 test-amd64-i386-rhel6hvm-intel                               pass    
 test-amd64-i386-qemuu-rhel6hvm-intel                         pass    
 test-amd64-i386-xl-multivcpu                                 pass    
 test-amd64-amd64-pair                                        pass    
 test-amd64-i386-pair                                         broken  
 test-i386-i386-pair                                          pass    
 test-amd64-amd64-xl-sedf-pin                                 fail    
 test-amd64-amd64-pv                                          pass    
 test-amd64-i386-pv                                           pass    
 test-i386-i386-pv                                            pass    
 test-amd64-amd64-xl-sedf                                     fail    
 test-amd64-i386-win-vcpus1                                   fail    
 test-amd64-i386-xl-win-vcpus1                                fail    
 test-amd64-i386-xl-winxpsp3-vcpus1                           fail    
 test-amd64-amd64-win                                         fail    
 test-amd64-i386-win                                          fail    
 test-i386-i386-win                                           fail    
 test-amd64-amd64-xl-win                                      fail    
 test-i386-i386-xl-win                                        fail    
 test-amd64-amd64-xl-qemuu-winxpsp3                           fail    
 test-i386-i386-xl-qemuu-winxpsp3                             fail    
 test-amd64-i386-xend-winxpsp3                                fail    
 test-amd64-amd64-xl-winxpsp3                                 fail    
 test-i386-i386-xl-winxpsp3                                   fail    
------------------------------------------------------------
sg-report-flight on woking.cam.xci-test.com
logs: /home/xc_osstest/logs
images: /home/xc_osstest/images
Logs, config files, etc. are available at
    http://www.chiark.greenend.org.uk/~xensrcts/logs
Test harness code can be found at
    http://xenbits.xensource.com/gitweb?p=osstest.git;a=summary
Not pushing.
------------------------------------------------------------
changeset:   25923:4f349508611f
tag:         tip
user:        Dan Magenheimer <dan.magenheimer@oracle.com>
date:        Wed Nov 14 12:06:00 2012 +0000
    
    xen-tmem-list-parse: fix ugly parse output
    
    The program xen-tmem-list-parse parses the output of xm/xl tmem-list
    into human-readable format.  A missing NULL terminator sometimes
    causes garbage to be spewed where the two-letter pool type
    should be output.
    
    Signed-off-by: Dan Magenheimer <dan.magenheimer@oracle.com>
    Acked-by: Ian Campbell <ian.campbell@citrix.com>
    Committed-by: Ian Campbell <ian.campbell@citrix.com>
    
    xen-unstable changeset: 26147:3186c04af582
    Backport-requested-by: Dan Magenheimer <dan.magenheimer@oracle.com>
    Committed-by: Ian Jackson <ian.jackson@eu.citrix.com>
    
    
changeset:   25922:8ca6372315f8
user:        Ian Jackson <Ian.Jackson@eu.citrix.com>
date:        Wed Nov 14 11:46:07 2012 +0000
    
    compat/gnttab: Prevent infinite loop in compat code
    
    c/s 20281:95ea2052b41b, which introduces Grant Table version 2
    hypercalls introduces a vulnerability whereby the compat hypercall
    handler can fall into an infinite loop.
    
    If the watchdog is enabled, Xen will die after the timeout.
    
    This is a security problem, XSA-24 / CVE-2012-4539.
    
    Signed-off-by: Andrew Cooper <andrew.cooper3@citrix.com>
    Acked-by: Jan Beulich <jbeulich@suse.com>
    Acked-by: Ian Jackson <ian.jackson@eu.citrix.com>
    Committed-by: Ian Jackson <ian.jackson@eu.citrix.com>
    
    xen-unstable changeset: 26151:b64a7d868f06
    Backport-requested-by: security@xen.org
    Committed-by: Ian Jackson <ian.jackson@eu.citrix.com>
    
    
(qemu changes not included)
Jan Beulich
2012-Nov-15  12:43 UTC
Re: [xen-4.2-testing test] 14398: trouble: broken/fail/pass
>>> On 15.11.12 at 13:04, xen.org <ian.jackson@eu.citrix.com> wrote: > flight 14398 xen-4.2-testing real [real] > http://www.chiark.greenend.org.uk/~xensrcts/logs/14398/ > > Failures and problems with tests :-( > > Tests which did not succeed and are blocking, > including tests which could not be run: > test-amd64-i386-pair 4 host-install/dst_host(4) broken REGR. vs. 14393Is that a random failure, or infrastructure related? "Autopartitioning using LVM failed because an error occurred while creating the volume group" doesn''t sound like something under our control... Jan
Ian Jackson
2012-Nov-15  12:54 UTC
Re: [xen-4.2-testing test] 14398: trouble: broken/fail/pass
Jan Beulich writes ("Re: [Xen-devel] [xen-4.2-testing test] 14398: trouble:
broken/fail/pass"):> On 15.11.12 at 13:04, xen.org <ian.jackson@eu.citrix.com> wrote:
> > Tests which did not succeed and are blocking,
> > including tests which could not be run:
> >  test-amd64-i386-pair         4 host-install/dst_host(4) broken REGR.
vs. 14393
> 
> Is that a random failure, or infrastructure related? "Autopartitioning
> using LVM failed because an error occurred while creating the volume
> group" doesn''t sound like something under our control...
In general if the test is reported as "broken" that means
it''s an
infrastructure failure.
I looked at the log and in this case I think it''s because the previous
state of the disk, as left by the previous use of this test machine,
was weird in a way that triggers a bug in debian-installer and
prevents the first and second attempts to wipe the disk and reinstall
- but not the third.
Ian.