flight 14372 linux-3.0 real [real]
http://www.chiark.greenend.org.uk/~xensrcts/logs/14372/
Failures :-/ but no regressions.
Regressions which are regarded as allowable (not blocking):
test-amd64-amd64-xl-sedf-pin 10 guest-saverestore fail like 14354
test-amd64-amd64-xl-sedf 5 xen-boot fail like 14354
test-amd64-amd64-xl-qemuu-win7-amd64 9 guest-localmigrate fail like 14354
test-amd64-amd64-xl-qemuu-winxpsp3 9 guest-localmigrate fail like 14354
Tests which did not succeed, but are not blocking:
test-amd64-amd64-xl-pcipt-intel 8 debian-fixup fail never pass
test-amd64-i386-xl-win7-amd64 13 guest-stop fail never pass
test-amd64-i386-xl-winxpsp3-vcpus1 13 guest-stop fail never pass
test-amd64-amd64-xl-win7-amd64 13 guest-stop fail never pass
test-amd64-amd64-win 16 leak-check/check fail never pass
test-amd64-amd64-xl-win 13 guest-stop fail never pass
test-amd64-i386-win 16 leak-check/check fail never pass
test-amd64-i386-win-vcpus1 16 leak-check/check fail never pass
test-amd64-i386-xl-win-vcpus1 13 guest-stop fail never pass
test-amd64-i386-xend-winxpsp3 16 leak-check/check fail never pass
test-amd64-amd64-xl-winxpsp3 13 guest-stop fail never pass
version targeted for testing:
linux ac7b56f4149a2f0e331a9b640f65aed57ed15eb4
baseline version:
linux 27d0858dbcf199838b8c50a3e94d397bf326d986
------------------------------------------------------------
People who touched revisions under test:
------------------------------------------------------------
jobs:
build-amd64 pass
build-i386 pass
build-amd64-pvops pass
build-i386-pvops pass
test-amd64-amd64-xl pass
test-amd64-i386-xl pass
test-amd64-i386-rhel6hvm-amd pass
test-amd64-i386-qemuu-rhel6hvm-amd pass
test-amd64-amd64-xl-qemuu-win7-amd64 fail
test-amd64-amd64-xl-win7-amd64 fail
test-amd64-i386-xl-win7-amd64 fail
test-amd64-i386-xl-credit2 pass
test-amd64-amd64-xl-pcipt-intel fail
test-amd64-i386-rhel6hvm-intel pass
test-amd64-i386-qemuu-rhel6hvm-intel pass
test-amd64-i386-xl-multivcpu pass
test-amd64-amd64-pair pass
test-amd64-i386-pair pass
test-amd64-amd64-xl-sedf-pin fail
test-amd64-amd64-pv pass
test-amd64-i386-pv pass
test-amd64-amd64-xl-sedf fail
test-amd64-i386-win-vcpus1 fail
test-amd64-i386-xl-win-vcpus1 fail
test-amd64-i386-xl-winxpsp3-vcpus1 fail
test-amd64-amd64-win fail
test-amd64-i386-win fail
test-amd64-amd64-xl-win fail
test-amd64-amd64-xl-qemuu-winxpsp3 fail
test-amd64-i386-xend-winxpsp3 fail
test-amd64-amd64-xl-winxpsp3 fail
------------------------------------------------------------
sg-report-flight on woking.cam.xci-test.com
logs: /home/xc_osstest/logs
images: /home/xc_osstest/images
Logs, config files, etc. are available at
http://www.chiark.greenend.org.uk/~xensrcts/logs
Test harness code can be found at
http://xenbits.xensource.com/gitweb?p=osstest.git;a=summary
Pushing revision :
+ branch=linux-3.0
+ revision=ac7b56f4149a2f0e331a9b640f65aed57ed15eb4
+ . cri-lock-repos
++ . cri-common
+++ umask 002
+++ getconfig Repos
+++ perl -e ''
use Osstest;
readconfigonly();
print $c{Repos} or die $!;
''
++ repos=/export/home/osstest/repos
++ repos_lock=/export/home/osstest/repos/lock
++ ''['' x ''!=''
x/export/home/osstest/repos/lock '']''
++ OSSTEST_REPOS_LOCK_LOCKED=/export/home/osstest/repos/lock
++ exec with-lock-ex -w /export/home/osstest/repos/lock ./ap-push linux-3.0
ac7b56f4149a2f0e331a9b640f65aed57ed15eb4
+ branch=linux-3.0
+ revision=ac7b56f4149a2f0e331a9b640f65aed57ed15eb4
+ . cri-lock-repos
++ . cri-common
+++ umask 002
+++ getconfig Repos
+++ perl -e ''
use Osstest;
readconfigonly();
print $c{Repos} or die $!;
''
++ repos=/export/home/osstest/repos
++ repos_lock=/export/home/osstest/repos/lock
++ ''['' x/export/home/osstest/repos/lock ''!=''
x/export/home/osstest/repos/lock '']''
+ . cri-common
++ umask 002
+ select_xenbranch
+ case "$branch" in
+ tree=linux
+ xenbranch=xen-unstable
+ ''['' xlinux = xlinux '']''
+ linuxbranch=linux-3.0
+ : master
+ : tested/2.6.39.x
+ . ap-common
++ : xen@xenbits.xensource.com
++ : http://xenbits.xen.org/hg/staging/xen-unstable.hg
++ : git://xenbits.xen.org/staging/qemu-xen-unstable.git
++ : git://git.kernel.org
++ : git://git.kernel.org/pub/scm/linux/kernel/git
++ : git
++ : git://git.kernel.org/pub/scm/linux/kernel/git/stable/linux-stable.git
++ : master
++ : xen@xenbits.xensource.com:git/linux-pvops.git
++ : git://xenbits.xen.org/linux-pvops.git
++ : master
++ : git://git.kernel.org/pub/scm/linux/kernel/git/konrad/xen.git
++ : tested/2.6.39.x
++ : daily-cron.linux-3.0
++ : http://hg.uk.xensource.com/carbon/trunk/linux-2.6.27
++ : git://xenbits.xen.org/staging/qemu-upstream-unstable.git
++ : daily-cron.linux-3.0
+ TREE_LINUX=xen@xenbits.xensource.com:git/linux-pvops.git
+ TREE_QEMU_UPSTREAM=xen@xenbits.xensource.com:git/qemu-upstream-unstable.git
+ info_linux_tree linux-3.0
+ case $1 in
+ : git://git.kernel.org/pub/scm/linux/kernel/git/stable/linux-stable.git
+ : linux-3.0.y
+ : linux-3.0.y
+ : git
+ : git
+ : git://xenbits.xen.org/linux-pvops.git
+ : xen@xenbits.xensource.com:git/linux-pvops.git
+ : tested/linux-3.0
+ : tested/linux-3.0
+ return 0
+ cd /export/home/osstest/repos/linux
+ git push xen@xenbits.xensource.com:git/linux-pvops.git
ac7b56f4149a2f0e331a9b640f65aed57ed15eb4:tested/linux-3.0
Counting objects: 1
Counting objects: 45
Counting objects: 57, done.
Compressing objects: 9% (1/11)
Compressing objects: 18% (2/11)
Compressing objects: 27% (3/11)
Compressing objects: 36% (4/11)
Compressing objects: 45% (5/11)
Compressing objects: 54% (6/11)
Compressing objects: 63% (7/11)
Compressing objects: 72% (8/11)
Compressing objects: 81% (9/11)
Compressing objects: 90% (10/11)
Compressing objects: 100% (11/11)
Compressing objects: 100% (11/11), done.
Writing objects: 2% (1/35)
Writing objects: 5% (2/35)
Writing objects: 8% (3/35)
Writing objects: 11% (4/35)
Writing objects: 14% (5/35)
Writing objects: 17% (6/35)
Writing objects: 20% (7/35)
Writing objects: 22% (8/35)
Writing objects: 25% (9/35)
Writing objects: 28% (10/35)
Writing objects: 31% (11/35)
Writing objects: 34% (12/35)
Writing objects: 37% (13/35)
Writing objects: 40% (14/35)
Writing objects: 42% (15/35)
Writing objects: 45% (16/35)
Writing objects: 48% (17/35)
Writing objects: 51% (18/35)
Writing objects: 57% (20/35)
Writing objects: 60% (21/35)
Writing objects: 62% (22/35)
Writing objects: 65% (23/35)
Writing objects: 68% (24/35)
Writing objects: 71% (25/35)
Writing objects: 74% (26/35)
Writing objects: 77% (27/35)
Writing objects: 80% (28/35)
Writing objects: 82% (29/35)
Writing objects: 85% (30/35)
Writing objects: 88% (31/35)
Writing objects: 91% (32/35)
Writing objects: 94% (33/35)
Writing objects: 97% (34/35)
Writing objects: 100% (35/35)
Writing objects: 100% (35/35), 5.83 KiB, done.
Total 35 (delta 28), reused 28 (delta 23)
To xen@xenbits.xensource.com:git/linux-pvops.git
27d0858..ac7b56f ac7b56f4149a2f0e331a9b640f65aed57ed15eb4 ->
tested/linux-3.0
+ exit 0