flight 14354 linux-3.0 real [real]
http://www.chiark.greenend.org.uk/~xensrcts/logs/14354/
Failures :-/ but no regressions.
Regressions which are regarded as allowable (not blocking):
test-amd64-amd64-xl-sedf-pin 10 guest-saverestore fail like 14199
test-amd64-amd64-xl-sedf 5 xen-boot fail like 14199
test-amd64-amd64-xl-qemuu-win7-amd64 9 guest-localmigrate fail like 14199
test-amd64-amd64-xl-qemuu-winxpsp3 9 guest-localmigrate fail like 14199
Tests which did not succeed, but are not blocking:
test-amd64-amd64-xl-pcipt-intel 8 debian-fixup fail never pass
test-amd64-i386-xl-win7-amd64 13 guest-stop fail never pass
test-amd64-i386-xl-winxpsp3-vcpus1 13 guest-stop fail never pass
test-amd64-amd64-xl-win7-amd64 13 guest-stop fail never pass
test-amd64-amd64-xl-win 13 guest-stop fail never pass
test-amd64-amd64-win 16 leak-check/check fail never pass
test-amd64-i386-win 16 leak-check/check fail never pass
test-amd64-i386-xl-win-vcpus1 13 guest-stop fail never pass
test-amd64-i386-win-vcpus1 16 leak-check/check fail never pass
test-amd64-i386-xend-winxpsp3 16 leak-check/check fail never pass
test-amd64-amd64-xl-winxpsp3 13 guest-stop fail never pass
version targeted for testing:
linux 27d0858dbcf199838b8c50a3e94d397bf326d986
baseline version:
linux d9ee258b13506301b6da6450cf7a1692826b471e
------------------------------------------------------------
People who touched revisions under test:
------------------------------------------------------------
jobs:
build-amd64 pass
build-i386 pass
build-amd64-pvops pass
build-i386-pvops pass
test-amd64-amd64-xl pass
test-amd64-i386-xl pass
test-amd64-i386-rhel6hvm-amd pass
test-amd64-i386-qemuu-rhel6hvm-amd pass
test-amd64-amd64-xl-qemuu-win7-amd64 fail
test-amd64-amd64-xl-win7-amd64 fail
test-amd64-i386-xl-win7-amd64 fail
test-amd64-i386-xl-credit2 pass
test-amd64-amd64-xl-pcipt-intel fail
test-amd64-i386-rhel6hvm-intel pass
test-amd64-i386-qemuu-rhel6hvm-intel pass
test-amd64-i386-xl-multivcpu pass
test-amd64-amd64-pair pass
test-amd64-i386-pair pass
test-amd64-amd64-xl-sedf-pin fail
test-amd64-amd64-pv pass
test-amd64-i386-pv pass
test-amd64-amd64-xl-sedf fail
test-amd64-i386-win-vcpus1 fail
test-amd64-i386-xl-win-vcpus1 fail
test-amd64-i386-xl-winxpsp3-vcpus1 fail
test-amd64-amd64-win fail
test-amd64-i386-win fail
test-amd64-amd64-xl-win fail
test-amd64-amd64-xl-qemuu-winxpsp3 fail
test-amd64-i386-xend-winxpsp3 fail
test-amd64-amd64-xl-winxpsp3 fail
------------------------------------------------------------
sg-report-flight on woking.cam.xci-test.com
logs: /home/xc_osstest/logs
images: /home/xc_osstest/images
Logs, config files, etc. are available at
http://www.chiark.greenend.org.uk/~xensrcts/logs
Test harness code can be found at
http://xenbits.xensource.com/gitweb?p=osstest.git;a=summary
Pushing revision :
+ branch=linux-3.0
+ revision=27d0858dbcf199838b8c50a3e94d397bf326d986
+ . cri-lock-repos
++ . cri-common
+++ umask 002
+++ getconfig Repos
+++ perl -e ''
use Osstest;
readconfigonly();
print $c{Repos} or die $!;
''
++ repos=/export/home/osstest/repos
++ repos_lock=/export/home/osstest/repos/lock
++ ''['' x ''!=''
x/export/home/osstest/repos/lock '']''
++ OSSTEST_REPOS_LOCK_LOCKED=/export/home/osstest/repos/lock
++ exec with-lock-ex -w /export/home/osstest/repos/lock ./ap-push linux-3.0
27d0858dbcf199838b8c50a3e94d397bf326d986
+ branch=linux-3.0
+ revision=27d0858dbcf199838b8c50a3e94d397bf326d986
+ . cri-lock-repos
++ . cri-common
+++ umask 002
+++ getconfig Repos
+++ perl -e ''
use Osstest;
readconfigonly();
print $c{Repos} or die $!;
''
++ repos=/export/home/osstest/repos
++ repos_lock=/export/home/osstest/repos/lock
++ ''['' x/export/home/osstest/repos/lock ''!=''
x/export/home/osstest/repos/lock '']''
+ . cri-common
++ umask 002
+ select_xenbranch
+ case "$branch" in
+ tree=linux
+ xenbranch=xen-unstable
+ ''['' xlinux = xlinux '']''
+ linuxbranch=linux-3.0
+ : master
+ : tested/2.6.39.x
+ . ap-common
++ : xen@xenbits.xensource.com
++ : http://xenbits.xen.org/hg/staging/xen-unstable.hg
++ : git://xenbits.xen.org/staging/qemu-xen-unstable.git
++ : git://git.kernel.org
++ : git://git.kernel.org/pub/scm/linux/kernel/git
++ : git
++ : git://git.kernel.org/pub/scm/linux/kernel/git/stable/linux-stable.git
++ : master
++ : xen@xenbits.xensource.com:git/linux-pvops.git
++ : git://xenbits.xen.org/linux-pvops.git
++ : master
++ : git://git.kernel.org/pub/scm/linux/kernel/git/konrad/xen.git
++ : tested/2.6.39.x
++ : daily-cron.linux-3.0
++ : http://hg.uk.xensource.com/carbon/trunk/linux-2.6.27
++ : git://xenbits.xen.org/staging/qemu-upstream-unstable.git
++ : daily-cron.linux-3.0
+ TREE_LINUX=xen@xenbits.xensource.com:git/linux-pvops.git
+ TREE_QEMU_UPSTREAM=xen@xenbits.xensource.com:git/qemu-upstream-unstable.git
+ info_linux_tree linux-3.0
+ case $1 in
+ : git://git.kernel.org/pub/scm/linux/kernel/git/stable/linux-stable.git
+ : linux-3.0.y
+ : linux-3.0.y
+ : git
+ : git
+ : git://xenbits.xen.org/linux-pvops.git
+ : xen@xenbits.xensource.com:git/linux-pvops.git
+ : tested/linux-3.0
+ : tested/linux-3.0
+ return 0
+ cd /export/home/osstest/repos/linux
+ git push xen@xenbits.xensource.com:git/linux-pvops.git
27d0858dbcf199838b8c50a3e94d397bf326d986:tested/linux-3.0
Counting objects: 1
Counting objects: 255, done.
Compressing objects: 2% (1/36)
Compressing objects: 5% (2/36)
Compressing objects: 8% (3/36)
Compressing objects: 11% (4/36)
Compressing objects: 13% (5/36)
Compressing objects: 16% (6/36)
Compressing objects: 19% (7/36)
Compressing objects: 22% (8/36)
Compressing objects: 25% (9/36)
Compressing objects: 27% (10/36)
Compressing objects: 30% (11/36)
Compressing objects: 33% (12/36)
Compressing objects: 36% (13/36)
Compressing objects: 38% (14/36)
Compressing objects: 41% (15/36)
Compressing objects: 44% (16/36)
Compressing objects: 47% (17/36)
Compressing objects: 50% (18/36)
Compressing objects: 52% (19/36)
Compressing objects: 55% (20/36)
Compressing objects: 58% (21/36)
Compressing objects: 61% (22/36)
Compressing objects: 63% (23/36)
Compressing objects: 66% (24/36)
Compressing objects: 69% (25/36)
Compressing objects: 72% (26/36)
Compressing objects: 75% (27/36)
Compressing objects: 77% (28/36)
Compressing objects: 80% (29/36)
Compressing objects: 83% (30/36)
Compressing objects: 86% (31/36)
Compressing objects: 88% (32/36)
Compressing objects: 91% (33/36)
Compressing objects: 94% (34/36)
Compressing objects: 97% (35/36)
Compressing objects: 100% (36/36)
Compressing objects: 100% (36/36), done.
Writing objects: 0% (1/197)
Writing objects: 1% (2/197)
Writing objects: 2% (4/197)
Writing objects: 3% (6/197)
Writing objects: 4% (8/197)
Writing objects: 5% (10/197)
Writing objects: 6% (12/197)
Writing objects: 7% (14/197)
Writing objects: 8% (16/197)
Writing objects: 9% (18/197)
Writing objects: 10% (20/197)
Writing objects: 11% (22/197)
Writing objects: 12% (24/197)
Writing objects: 13% (26/197)
Writing objects: 14% (28/197)
Writing objects: 15% (30/197)
Writing objects: 16% (32/197)
Writing objects: 17% (34/197)
Writing objects: 18% (36/197)
Writing objects: 19% (38/197)
Writing objects: 20% (40/197)
Writing objects: 21% (42/197)
Writing objects: 22% (44/197)
Writing objects: 23% (46/197)
Writing objects: 24% (48/197)
Writing objects: 25% (51/197)
Writing objects: 26% (52/197)
Writing objects: 27% (54/197)
Writing objects: 28% (56/197)
Writing objects: 29% (58/197)
Writing objects: 30% (60/197)
Writing objects: 31% (62/197)
Writing objects: 32% (64/197)
Writing objects: 33% (66/197)
Writing objects: 34% (67/197)
Writing objects: 35% (69/197)
Writing objects: 36% (71/197)
Writing objects: 37% (73/197)
Writing objects: 38% (76/197)
Writing objects: 39% (77/197)
Writing objects: 40% (79/197)
Writing objects: 41% (81/197)
Writing objects: 42% (83/197)
Writing objects: 43% (85/197)
Writing objects: 44% (87/197)
Writing objects: 45% (89/197)
Writing objects: 46% (91/197)
Writing objects: 47% (93/197)
Writing objects: 48% (95/197)
Writing objects: 49% (97/197)
Writing objects: 50% (99/197)
Writing objects: 51% (101/197)
Writing objects: 52% (103/197)
Writing objects: 53% (105/197)
Writing objects: 54% (107/197)
Writing objects: 55% (109/197)
Writing objects: 56% (111/197)
Writing objects: 57% (113/197)
Writing objects: 58% (115/197)
Writing objects: 59% (117/197)
Writing objects: 60% (119/197)
Writing objects: 61% (121/197)
Writing objects: 62% (123/197)
Writing objects: 63% (125/197)
Writing objects: 64% (127/197)
Writing objects: 65% (129/197)
Writing objects: 66% (131/197)
Writing objects: 67% (132/197)
Writing objects: 68% (134/197)
Writing objects: 69% (136/197)
Writing objects: 70% (138/197)
Writing objects: 71% (140/197)
Writing objects: 72% (142/197)
Writing objects: 73% (144/197)
Writing objects: 74% (146/197)
Writing objects: 75% (148/197)
Writing objects: 76% (150/197)
Writing objects: 77% (152/197)
Writing objects: 78% (154/197)
Writing objects: 79% (156/197)
Writing objects: 80% (158/197)
Writing objects: 81% (160/197)
Writing objects: 82% (162/197)
Writing objects: 83% (164/197)
Writing objects: 84% (166/197)
Writing objects: 85% (168/197)
Writing objects: 86% (170/197)
Writing objects: 87% (172/197)
Writing objects: 88% (174/197)
Writing objects: 89% (176/197)
Writing objects: 90% (178/197)
Writing objects: 91% (180/197)
Writing objects: 92% (182/197)
Writing objects: 93% (184/197)
Writing objects: 94% (186/197)
Writing objects: 95% (188/197)
Writing objects: 96% (190/197)
Writing objects: 97% (192/197)
Writing objects: 98% (194/197)
Writing objects: 99% (196/197)
Writing objects: 100% (197/197)
Writing objects: 100% (197/197), 32.90 KiB, done.
Total 197 (delta 161), reused 189 (delta 161)
To xen@xenbits.xensource.com:git/linux-pvops.git
d9ee258..27d0858 27d0858dbcf199838b8c50a3e94d397bf326d986 ->
tested/linux-3.0
+ exit 0