flight 14073 linux-3.0 real [real]
http://www.chiark.greenend.org.uk/~xensrcts/logs/14073/
Failures :-/ but no regressions.
Regressions which are regarded as allowable (not blocking):
test-amd64-amd64-xl-sedf-pin 10 guest-saverestore fail like 13961
test-amd64-amd64-xl-sedf 5 xen-boot fail like 13961
test-amd64-amd64-xl-qemuu-win7-amd64 9 guest-localmigrate fail like 13961
test-amd64-amd64-xl-qemuu-winxpsp3 9 guest-localmigrate fail like 13961
Tests which did not succeed, but are not blocking:
test-amd64-amd64-xl-pcipt-intel 8 debian-fixup fail never pass
test-amd64-i386-xl-win7-amd64 13 guest-stop fail never pass
test-amd64-i386-xl-winxpsp3-vcpus1 13 guest-stop fail never pass
test-amd64-amd64-xl-win7-amd64 13 guest-stop fail never pass
test-amd64-amd64-xl-win 13 guest-stop fail never pass
test-amd64-amd64-win 16 leak-check/check fail never pass
test-amd64-i386-win 16 leak-check/check fail never pass
test-amd64-i386-xl-win-vcpus1 13 guest-stop fail never pass
test-amd64-i386-win-vcpus1 16 leak-check/check fail never pass
test-amd64-i386-xend-winxpsp3 16 leak-check/check fail never pass
test-amd64-amd64-xl-winxpsp3 13 guest-stop fail never pass
version targeted for testing:
linux 9fc71703e9baa5b5174a72c053ae1ca736df2d42
baseline version:
linux 40e6f9362555294cf1ce8abb1981b11d622e04d6
------------------------------------------------------------
People who touched revisions under test:
------------------------------------------------------------
jobs:
build-amd64 pass
build-i386 pass
build-amd64-pvops pass
build-i386-pvops pass
test-amd64-amd64-xl pass
test-amd64-i386-xl pass
test-amd64-i386-rhel6hvm-amd pass
test-amd64-i386-qemuu-rhel6hvm-amd pass
test-amd64-amd64-xl-qemuu-win7-amd64 fail
test-amd64-amd64-xl-win7-amd64 fail
test-amd64-i386-xl-win7-amd64 fail
test-amd64-i386-xl-credit2 pass
test-amd64-amd64-xl-pcipt-intel fail
test-amd64-i386-rhel6hvm-intel pass
test-amd64-i386-qemuu-rhel6hvm-intel pass
test-amd64-i386-xl-multivcpu pass
test-amd64-amd64-pair pass
test-amd64-i386-pair pass
test-amd64-amd64-xl-sedf-pin fail
test-amd64-amd64-pv pass
test-amd64-i386-pv pass
test-amd64-amd64-xl-sedf fail
test-amd64-i386-win-vcpus1 fail
test-amd64-i386-xl-win-vcpus1 fail
test-amd64-i386-xl-winxpsp3-vcpus1 fail
test-amd64-amd64-win fail
test-amd64-i386-win fail
test-amd64-amd64-xl-win fail
test-amd64-amd64-xl-qemuu-winxpsp3 fail
test-amd64-i386-xend-winxpsp3 fail
test-amd64-amd64-xl-winxpsp3 fail
------------------------------------------------------------
sg-report-flight on woking.cam.xci-test.com
logs: /home/xc_osstest/logs
images: /home/xc_osstest/images
Logs, config files, etc. are available at
http://www.chiark.greenend.org.uk/~xensrcts/logs
Test harness code can be found at
http://xenbits.xensource.com/gitweb?p=osstest.git;a=summary
Pushing revision :
+ branch=linux-3.0
+ revision=9fc71703e9baa5b5174a72c053ae1ca736df2d42
+ . cri-lock-repos
++ . cri-common
+++ umask 002
+++ getconfig Repos
+++ perl -e ''
use Osstest;
readconfigonly();
print $c{Repos} or die $!;
''
++ repos=/export/home/osstest/repos
++ repos_lock=/export/home/osstest/repos/lock
++ ''['' x ''!=''
x/export/home/osstest/repos/lock '']''
++ OSSTEST_REPOS_LOCK_LOCKED=/export/home/osstest/repos/lock
++ exec with-lock-ex -w /export/home/osstest/repos/lock ./ap-push linux-3.0
9fc71703e9baa5b5174a72c053ae1ca736df2d42
+ branch=linux-3.0
+ revision=9fc71703e9baa5b5174a72c053ae1ca736df2d42
+ . cri-lock-repos
++ . cri-common
+++ umask 002
+++ getconfig Repos
+++ perl -e ''
use Osstest;
readconfigonly();
print $c{Repos} or die $!;
''
++ repos=/export/home/osstest/repos
++ repos_lock=/export/home/osstest/repos/lock
++ ''['' x/export/home/osstest/repos/lock ''!=''
x/export/home/osstest/repos/lock '']''
+ . cri-common
++ umask 002
+ select_xenbranch
+ case "$branch" in
+ tree=linux
+ xenbranch=xen-unstable
+ ''['' xlinux = xlinux '']''
+ linuxbranch=linux-3.0
+ : master
+ : tested/2.6.39.x
+ . ap-common
++ : xen@xenbits.xensource.com
++ : http://xenbits.xen.org/hg/staging/xen-unstable.hg
++ : git://xenbits.xen.org/staging/qemu-xen-unstable.git
++ : git://git.kernel.org
++ : git://git.kernel.org/pub/scm/linux/kernel/git
++ : git
++ : git://git.kernel.org/pub/scm/linux/kernel/git/stable/linux-stable.git
++ : master
++ : xen@xenbits.xensource.com:git/linux-pvops.git
++ : git://xenbits.xen.org/linux-pvops.git
++ : master
++ : git://git.kernel.org/pub/scm/linux/kernel/git/konrad/xen.git
++ : tested/2.6.39.x
++ : daily-cron.linux-3.0
++ : http://hg.uk.xensource.com/carbon/trunk/linux-2.6.27
++ : git://xenbits.xen.org/staging/qemu-upstream-unstable.git
++ : daily-cron.linux-3.0
+ TREE_LINUX=xen@xenbits.xensource.com:git/linux-pvops.git
+ TREE_QEMU_UPSTREAM=xen@xenbits.xensource.com:git/qemu-upstream-unstable.git
+ info_linux_tree linux-3.0
+ case $1 in
+ : git://git.kernel.org/pub/scm/linux/kernel/git/stable/linux-stable.git
+ : linux-3.0.y
+ : linux-3.0.y
+ : git
+ : git
+ : git://xenbits.xen.org/linux-pvops.git
+ : xen@xenbits.xensource.com:git/linux-pvops.git
+ : tested/linux-3.0
+ : tested/linux-3.0
+ return 0
+ cd /export/home/osstest/repos/linux
+ git push xen@xenbits.xensource.com:git/linux-pvops.git
9fc71703e9baa5b5174a72c053ae1ca736df2d42:tested/linux-3.0
Counting objects: 1
Counting objects: 338, done.
Compressing objects: 2% (1/43)
Compressing objects: 4% (2/43)
Compressing objects: 6% (3/43)
Compressing objects: 9% (4/43)
Compressing objects: 11% (5/43)
Compressing objects: 13% (6/43)
Compressing objects: 16% (7/43)
Compressing objects: 18% (8/43)
Compressing objects: 20% (9/43)
Compressing objects: 23% (10/43)
Compressing objects: 25% (11/43)
Compressing objects: 27% (12/43)
Compressing objects: 30% (13/43)
Compressing objects: 32% (14/43)
Compressing objects: 34% (15/43)
Compressing objects: 37% (16/43)
Compressing objects: 39% (17/43)
Compressing objects: 41% (18/43)
Compressing objects: 44% (19/43)
Compressing objects: 46% (20/43)
Compressing objects: 48% (21/43)
Compressing objects: 51% (22/43)
Compressing objects: 53% (23/43)
Compressing objects: 55% (24/43)
Compressing objects: 58% (25/43)
Compressing objects: 60% (26/43)
Compressing objects: 62% (27/43)
Compressing objects: 65% (28/43)
Compressing objects: 67% (29/43)
Compressing objects: 69% (30/43)
Compressing objects: 72% (31/43)
Compressing objects: 74% (32/43)
Compressing objects: 76% (33/43)
Compressing objects: 79% (34/43)
Compressing objects: 81% (35/43)
Compressing objects: 83% (36/43)
Compressing objects: 86% (37/43)
Compressing objects: 88% (38/43)
Compressing objects: 90% (39/43)
Compressing objects: 93% (40/43)
Compressing objects: 95% (41/43)
Compressing objects: 97% (42/43)
Compressing objects: 100% (43/43)
Compressing objects: 100% (43/43), done.
Writing objects: 0% (1/237)
Writing objects: 1% (3/237)
Writing objects: 2% (5/237)
Writing objects: 3% (8/237)
Writing objects: 4% (10/237)
Writing objects: 5% (12/237)
Writing objects: 6% (15/237)
Writing objects: 7% (17/237)
Writing objects: 8% (19/237)
Writing objects: 9% (22/237)
Writing objects: 10% (24/237)
Writing objects: 11% (27/237)
Writing objects: 12% (29/237)
Writing objects: 13% (31/237)
Writing objects: 14% (34/237)
Writing objects: 15% (36/237)
Writing objects: 16% (38/237)
Writing objects: 17% (41/237)
Writing objects: 18% (43/237)
Writing objects: 19% (46/237)
Writing objects: 20% (48/237)
Writing objects: 21% (50/237)
Writing objects: 22% (53/237)
Writing objects: 23% (55/237)
Writing objects: 24% (57/237)
Writing objects: 25% (60/237)
Writing objects: 26% (62/237)
Writing objects: 27% (64/237)
Writing objects: 28% (67/237)
Writing objects: 29% (69/237)
Writing objects: 30% (72/237)
Writing objects: 31% (74/237)
Writing objects: 32% (76/237)
Writing objects: 33% (79/237)
Writing objects: 34% (81/237)
Writing objects: 35% (83/237)
Writing objects: 36% (86/237)
Writing objects: 37% (88/237)
Writing objects: 38% (91/237)
Writing objects: 39% (93/237)
Writing objects: 40% (95/237)
Writing objects: 41% (98/237)
Writing objects: 42% (100/237)
Writing objects: 43% (102/237)
Writing objects: 44% (105/237)
Writing objects: 45% (107/237)
Writing objects: 46% (110/237)
Writing objects: 47% (112/237)
Writing objects: 48% (114/237)
Writing objects: 49% (117/237)
Writing objects: 50% (119/237)
Writing objects: 51% (121/237)
Writing objects: 52% (124/237)
Writing objects: 53% (126/237)
Writing objects: 54% (128/237)
Writing objects: 55% (131/237)
Writing objects: 56% (134/237)
Writing objects: 57% (136/237)
Writing objects: 58% (138/237)
Writing objects: 59% (140/237)
Writing objects: 60% (143/237)
Writing objects: 61% (145/237)
Writing objects: 62% (147/237)
Writing objects: 63% (150/237)
Writing objects: 64% (152/237)
Writing objects: 65% (155/237)
Writing objects: 66% (157/237)
Writing objects: 67% (159/237)
Writing objects: 68% (162/237)
Writing objects: 69% (164/237)
Writing objects: 70% (166/237)
Writing objects: 71% (169/237)
Writing objects: 72% (171/237)
Writing objects: 73% (174/237)
Writing objects: 74% (176/237)
Writing objects: 75% (178/237)
Writing objects: 76% (181/237)
Writing objects: 77% (183/237)
Writing objects: 78% (185/237)
Writing objects: 79% (188/237)
Writing objects: 80% (190/237)
Writing objects: 81% (192/237)
Writing objects: 82% (195/237)
Writing objects: 83% (197/237)
Writing objects: 84% (200/237)
Writing objects: 85% (202/237)
Writing objects: 86% (204/237)
Writing objects: 87% (207/237)
Writing objects: 88% (209/237)
Writing objects: 89% (211/237)
Writing objects: 90% (214/237)
Writing objects: 91% (216/237)
Writing objects: 92% (219/237)
Writing objects: 93% (221/237)
Writing objects: 94% (223/237)
Writing objects: 95% (226/237)
Writing objects: 96% (228/237)
Writing objects: 97% (230/237)
Writing objects: 98% (233/237)
Writing objects: 99% (235/237)
Writing objects: 100% (237/237)
Writing objects: 100% (237/237), 45.07 KiB, done.
Total 237 (delta 191), reused 237 (delta 191)
To xen@xenbits.xensource.com:git/linux-pvops.git
40e6f93..9fc7170 9fc71703e9baa5b5174a72c053ae1ca736df2d42 ->
tested/linux-3.0
+ exit 0