flight 13905 xen-unstable real [real]
http://www.chiark.greenend.org.uk/~xensrcts/logs/13905/
Regressions :-(
Tests which did not succeed and are blocking,
including tests which could not be run:
test-amd64-i386-xl-win-vcpus1 12 guest-localmigrate/x10 fail REGR. vs. 13904
Regressions which are regarded as allowable (not blocking):
test-amd64-amd64-xl-sedf 5 xen-boot fail like 13904
test-amd64-amd64-xl-sedf-pin 10 guest-saverestore fail like 13904
test-amd64-amd64-xl-qemuu-winxpsp3 9 guest-localmigrate fail like 13904
test-amd64-amd64-xl-qemuu-win7-amd64 9 guest-localmigrate fail like 13904
Tests which did not succeed, but are not blocking:
test-amd64-i386-win-vcpus1 16 leak-check/check fail never pass
test-amd64-i386-xl-win7-amd64 13 guest-stop fail never pass
test-amd64-i386-xend-winxpsp3 16 leak-check/check fail never pass
test-amd64-i386-win 16 leak-check/check fail never pass
test-amd64-i386-xl-winxpsp3-vcpus1 13 guest-stop fail never pass
test-amd64-amd64-xl-win7-amd64 13 guest-stop fail never pass
test-amd64-amd64-xl-pcipt-intel 9 guest-start fail never pass
test-amd64-amd64-win 16 leak-check/check fail never pass
test-amd64-amd64-xl-winxpsp3 13 guest-stop fail never pass
test-amd64-amd64-xl-win 13 guest-stop fail never pass
version targeted for testing:
xen f242352da553
baseline version:
xen bd953fda6106
------------------------------------------------------------
People who touched revisions under test:
George Dunlap <george.dunlap@eu.citrix.com>
Ian Campbell <ian.campbell@citrix.com>
Ian Jackson <ian.jackson@eu.citrix.com>
Jan Beulich <jbeulich@suse.com>
Keir Fraser <keir@xen.org>
------------------------------------------------------------
jobs:
build-amd64 pass
build-i386 pass
build-amd64-oldkern pass
build-i386-oldkern pass
build-amd64-pvops pass
build-i386-pvops pass
test-amd64-amd64-xl pass
test-amd64-i386-xl pass
test-amd64-i386-rhel6hvm-amd pass
test-amd64-i386-qemuu-rhel6hvm-amd pass
test-amd64-amd64-xl-qemuu-win7-amd64 fail
test-amd64-amd64-xl-win7-amd64 fail
test-amd64-i386-xl-win7-amd64 fail
test-amd64-i386-xl-credit2 pass
test-amd64-amd64-xl-pcipt-intel fail
test-amd64-i386-rhel6hvm-intel pass
test-amd64-i386-qemuu-rhel6hvm-intel pass
test-amd64-i386-xl-multivcpu pass
test-amd64-amd64-pair pass
test-amd64-i386-pair pass
test-amd64-amd64-xl-sedf-pin fail
test-amd64-amd64-pv pass
test-amd64-i386-pv pass
test-amd64-amd64-xl-sedf fail
test-amd64-i386-win-vcpus1 fail
test-amd64-i386-xl-win-vcpus1 fail
test-amd64-i386-xl-winxpsp3-vcpus1 fail
test-amd64-amd64-win fail
test-amd64-i386-win fail
test-amd64-amd64-xl-win fail
test-amd64-amd64-xl-qemuu-winxpsp3 fail
test-amd64-i386-xend-winxpsp3 fail
test-amd64-amd64-xl-winxpsp3 fail
------------------------------------------------------------
sg-report-flight on woking.cam.xci-test.com
logs: /home/xc_osstest/logs
images: /home/xc_osstest/images
Logs, config files, etc. are available at
http://www.chiark.greenend.org.uk/~xensrcts/logs
Test harness code can be found at
http://xenbits.xensource.com/gitweb?p=osstest.git;a=summary
Not pushing.
------------------------------------------------------------
changeset: 25969:f242352da553
tag: tip
user: Ian Campbell <ian.campbell@citrix.com>
date: Mon Oct 01 17:54:11 2012 +0100
docs: initial documentation for xenstore paths
This is based upon my inspection of a system with a single PV domain
and a single HVM domain running and is therefore very incomplete.
Signed-off-by: Ian Campbell <ian.campbell@citrix.com>
Acked-by: Ian Jackson <ian.jackson@eu.citrix.com>
Committed-by: Ian Jackson <ian.jackson@eu.citrix.com>
changeset: 25968:91e8fd3cf266
user: George Dunlap <george.dunlap@eu.citrix.com>
date: Mon Oct 01 17:49:01 2012 +0100
docs: Document scheduler-related Xen command-line options
Signed-off-by: George Dunlap <george.dunlap@eu.citrix.com>
Acked-by: Ian Campbell <ian.campbell@citrix.com>
Committed-by: Ian Jackson <ian.jackson@eu.citrix.com>
changeset: 25967:bd953fda6106
user: Jan Beulich <jbeulich@suse.com>
date: Fri Sep 28 10:59:41 2012 +0200
x86: replace literal numbers
In various cases, 256 was being used instead of NR_VECTORS or a derived
ARRAY_SIZE() expression. In one case (guest_has_trap_callback()), a
wrong (unrelated) constant was used instead of NR_VECTORS.
Signed-off-by: Jan Beulich <jbeulich@suse.com>
Acked-by: Keir Fraser <keir@xen.org>
(qemu changes not included)