flight 13777 linux-3.0 real [real]
http://www.chiark.greenend.org.uk/~xensrcts/logs/13777/
Failures :-/ but no regressions.
Regressions which are regarded as allowable (not blocking):
test-amd64-amd64-xl-sedf-pin 14 guest-localmigrate/x10 fail blocked in 13637
test-amd64-amd64-xl-sedf 14 guest-localmigrate/x10 fail blocked in 13637
test-amd64-amd64-xl-qemuu-win7-amd64 9 guest-localmigrate fail like 13637
test-amd64-amd64-xl-qemuu-winxpsp3 9 guest-localmigrate fail like 13637
Tests which did not succeed, but are not blocking:
test-amd64-amd64-xl-pcipt-intel 8 debian-fixup fail never pass
test-amd64-i386-xl-win7-amd64 13 guest-stop fail never pass
test-amd64-i386-win 16 leak-check/check fail never pass
test-amd64-amd64-xl-win 13 guest-stop fail never pass
test-amd64-i386-xend-winxpsp3 16 leak-check/check fail never pass
test-amd64-i386-win-vcpus1 16 leak-check/check fail never pass
test-amd64-i386-xl-win-vcpus1 13 guest-stop fail never pass
test-amd64-amd64-xl-win7-amd64 13 guest-stop fail never pass
test-amd64-i386-xl-winxpsp3-vcpus1 13 guest-stop fail never pass
test-amd64-amd64-win 16 leak-check/check fail never pass
test-amd64-amd64-xl-winxpsp3 13 guest-stop fail never pass
version targeted for testing:
linux 3d2e7b3b3e876fae210e55c872df8f6750ab0fa3
baseline version:
linux 5aa287dcf1b5879aa0150b0511833c52885f5b4c
------------------------------------------------------------
People who touched revisions under test:
------------------------------------------------------------
jobs:
build-amd64 pass
build-i386 pass
build-amd64-pvops pass
build-i386-pvops pass
test-amd64-amd64-xl pass
test-amd64-i386-xl pass
test-amd64-i386-rhel6hvm-amd pass
test-amd64-i386-qemuu-rhel6hvm-amd pass
test-amd64-amd64-xl-qemuu-win7-amd64 fail
test-amd64-amd64-xl-win7-amd64 fail
test-amd64-i386-xl-win7-amd64 fail
test-amd64-i386-xl-credit2 pass
test-amd64-amd64-xl-pcipt-intel fail
test-amd64-i386-rhel6hvm-intel pass
test-amd64-i386-qemuu-rhel6hvm-intel pass
test-amd64-i386-xl-multivcpu pass
test-amd64-amd64-pair pass
test-amd64-i386-pair pass
test-amd64-amd64-xl-sedf-pin fail
test-amd64-amd64-pv pass
test-amd64-i386-pv pass
test-amd64-amd64-xl-sedf fail
test-amd64-i386-win-vcpus1 fail
test-amd64-i386-xl-win-vcpus1 fail
test-amd64-i386-xl-winxpsp3-vcpus1 fail
test-amd64-amd64-win fail
test-amd64-i386-win fail
test-amd64-amd64-xl-win fail
test-amd64-amd64-xl-qemuu-winxpsp3 fail
test-amd64-i386-xend-winxpsp3 fail
test-amd64-amd64-xl-winxpsp3 fail
------------------------------------------------------------
sg-report-flight on woking.cam.xci-test.com
logs: /home/xc_osstest/logs
images: /home/xc_osstest/images
Logs, config files, etc. are available at
http://www.chiark.greenend.org.uk/~xensrcts/logs
Test harness code can be found at
http://xenbits.xensource.com/gitweb?p=osstest.git;a=summary
Pushing revision :
+ branch=linux-3.0
+ revision=3d2e7b3b3e876fae210e55c872df8f6750ab0fa3
+ . cri-lock-repos
++ . cri-common
+++ umask 002
+++ getconfig Repos
+++ perl -e ''
use Osstest;
readconfigonly();
print $c{Repos} or die $!;
''
++ repos=/export/home/osstest/repos
++ repos_lock=/export/home/osstest/repos/lock
++ ''['' x ''!=''
x/export/home/osstest/repos/lock '']''
++ OSSTEST_REPOS_LOCK_LOCKED=/export/home/osstest/repos/lock
++ exec with-lock-ex -w /export/home/osstest/repos/lock ./ap-push linux-3.0
3d2e7b3b3e876fae210e55c872df8f6750ab0fa3
+ branch=linux-3.0
+ revision=3d2e7b3b3e876fae210e55c872df8f6750ab0fa3
+ . cri-lock-repos
++ . cri-common
+++ umask 002
+++ getconfig Repos
+++ perl -e ''
use Osstest;
readconfigonly();
print $c{Repos} or die $!;
''
++ repos=/export/home/osstest/repos
++ repos_lock=/export/home/osstest/repos/lock
++ ''['' x/export/home/osstest/repos/lock ''!=''
x/export/home/osstest/repos/lock '']''
+ . cri-common
++ umask 002
+ select_xenbranch
+ case "$branch" in
+ tree=linux
+ xenbranch=xen-unstable
+ ''['' xlinux = xlinux '']''
+ linuxbranch=linux-3.0
+ : master
+ : tested/2.6.39.x
+ . ap-common
++ : xen@xenbits.xensource.com
++ : http://xenbits.xen.org/hg/staging/xen-unstable.hg
++ : git://xenbits.xen.org/staging/qemu-xen-unstable.git
++ : git://git.kernel.org
++ : git://git.kernel.org/pub/scm/linux/kernel/git
++ : git
++ : git://git.kernel.org/pub/scm/linux/kernel/git/stable/linux-stable.git
++ : master
++ : xen@xenbits.xensource.com:git/linux-pvops.git
++ : git://xenbits.xen.org/linux-pvops.git
++ : master
++ : git://git.kernel.org/pub/scm/linux/kernel/git/konrad/xen.git
++ : tested/2.6.39.x
++ : daily-cron.linux-3.0
++ : http://hg.uk.xensource.com/carbon/trunk/linux-2.6.27
++ : git://xenbits.xen.org/staging/qemu-upstream-unstable.git
++ : daily-cron.linux-3.0
+ TREE_LINUX=xen@xenbits.xensource.com:git/linux-pvops.git
+ TREE_QEMU_UPSTREAM=xen@xenbits.xensource.com:git/qemu-upstream-unstable.git
+ info_linux_tree linux-3.0
+ case $1 in
+ : git://git.kernel.org/pub/scm/linux/kernel/git/stable/linux-stable.git
+ : linux-3.0.y
+ : linux-3.0.y
+ : git
+ : git
+ : git://xenbits.xen.org/linux-pvops.git
+ : xen@xenbits.xensource.com:git/linux-pvops.git
+ : tested/linux-3.0
+ : tested/linux-3.0
+ return 0
+ cd /export/home/osstest/repos/linux
+ git push xen@xenbits.xensource.com:git/linux-pvops.git
3d2e7b3b3e876fae210e55c872df8f6750ab0fa3:tested/linux-3.0
Counting objects: 1
Counting objects: 225
Counting objects: 379, done.
Compressing objects: 2% (1/42)
Compressing objects: 4% (2/42)
Compressing objects: 7% (3/42)
Compressing objects: 9% (4/42)
Compressing objects: 11% (5/42)
Compressing objects: 14% (6/42)
Compressing objects: 16% (7/42)
Compressing objects: 19% (8/42)
Compressing objects: 21% (9/42)
Compressing objects: 23% (10/42)
Compressing objects: 26% (11/42)
Compressing objects: 28% (12/42)
Compressing objects: 30% (13/42)
Compressing objects: 33% (14/42)
Compressing objects: 35% (15/42)
Compressing objects: 38% (16/42)
Compressing objects: 40% (17/42)
Compressing objects: 42% (18/42)
Compressing objects: 45% (19/42)
Compressing objects: 47% (20/42)
Compressing objects: 50% (21/42)
Compressing objects: 52% (22/42)
Compressing objects: 54% (23/42)
Compressing objects: 57% (24/42)
Compressing objects: 59% (25/42)
Compressing objects: 61% (26/42)
Compressing objects: 64% (27/42)
Compressing objects: 66% (28/42)
Compressing objects: 69% (29/42)
Compressing objects: 71% (30/42)
Compressing objects: 73% (31/42)
Compressing objects: 76% (32/42)
Compressing objects: 78% (33/42)
Compressing objects: 80% (34/42)
Compressing objects: 83% (35/42)
Compressing objects: 85% (36/42)
Compressing objects: 88% (37/42)
Compressing objects: 90% (38/42)
Compressing objects: 92% (39/42)
Compressing objects: 95% (40/42)
Compressing objects: 97% (41/42)
Compressing objects: 100% (42/42)
Compressing objects: 100% (42/42), done.
Writing objects: 0% (1/268)
Writing objects: 1% (3/268)
Writing objects: 2% (6/268)
Writing objects: 3% (9/268)
Writing objects: 4% (11/268)
Writing objects: 5% (14/268)
Writing objects: 7% (19/268)
Writing objects: 8% (22/268)
Writing objects: 9% (25/268)
Writing objects: 10% (27/268)
Writing objects: 11% (30/268)
Writing objects: 12% (33/268)
Writing objects: 13% (35/268)
Writing objects: 14% (38/268)
Writing objects: 15% (41/268)
Writing objects: 16% (43/268)
Writing objects: 17% (46/268)
Writing objects: 18% (49/268)
Writing objects: 19% (51/268)
Writing objects: 20% (54/268)
Writing objects: 21% (57/268)
Writing objects: 22% (59/268)
Writing objects: 23% (62/268)
Writing objects: 24% (65/268)
Writing objects: 25% (67/268)
Writing objects: 26% (70/268)
Writing objects: 27% (73/268)
Writing objects: 28% (76/268)
Writing objects: 29% (78/268)
Writing objects: 30% (81/268)
Writing objects: 31% (84/268)
Writing objects: 32% (86/268)
Writing objects: 33% (89/268)
Writing objects: 34% (92/268)
Writing objects: 35% (94/268)
Writing objects: 36% (97/268)
Writing objects: 37% (100/268)
Writing objects: 38% (102/268)
Writing objects: 39% (105/268)
Writing objects: 40% (108/268)
Writing objects: 41% (110/268)
Writing objects: 42% (113/268)
Writing objects: 43% (116/268)
Writing objects: 44% (118/268)
Writing objects: 45% (121/268)
Writing objects: 46% (124/268)
Writing objects: 47% (126/268)
Writing objects: 48% (129/268)
Writing objects: 49% (132/268)
Writing objects: 50% (134/268)
Writing objects: 51% (137/268)
Writing objects: 52% (140/268)
Writing objects: 53% (144/268)
Writing objects: 54% (145/268)
Writing objects: 55% (148/268)
Writing objects: 56% (151/268)
Writing objects: 57% (153/268)
Writing objects: 58% (156/268)
Writing objects: 59% (159/268)
Writing objects: 60% (161/268)
Writing objects: 61% (164/268)
Writing objects: 62% (167/268)
Writing objects: 63% (169/268)
Writing objects: 64% (172/268)
Writing objects: 65% (175/268)
Writing objects: 66% (177/268)
Writing objects: 67% (180/268)
Writing objects: 68% (183/268)
Writing objects: 69% (185/268)
Writing objects: 70% (188/268)
Writing objects: 71% (191/268)
Writing objects: 72% (193/268)
Writing objects: 73% (196/268)
Writing objects: 74% (199/268)
Writing objects: 75% (201/268)
Writing objects: 76% (204/268)
Writing objects: 77% (207/268)
Writing objects: 78% (210/268)
Writing objects: 79% (212/268)
Writing objects: 80% (215/268)
Writing objects: 81% (218/268)
Writing objects: 82% (220/268)
Writing objects: 83% (223/268)
Writing objects: 84% (226/268)
Writing objects: 85% (228/268)
Writing objects: 86% (231/268)
Writing objects: 87% (234/268)
Writing objects: 88% (236/268)
Writing objects: 89% (239/268)
Writing objects: 90% (242/268)
Writing objects: 91% (244/268)
Writing objects: 92% (247/268)
Writing objects: 93% (250/268)
Writing objects: 94% (252/268)
Writing objects: 95% (255/268)
Writing objects: 96% (258/268)
Writing objects: 97% (260/268)
Writing objects: 98% (263/268)
Writing objects: 99% (266/268)
Writing objects: 100% (268/268)
Writing objects: 100% (268/268), 43.71 KiB, done.
Total 268 (delta 222), reused 268 (delta 222)
To xen@xenbits.xensource.com:git/linux-pvops.git
5aa287d..3d2e7b3 3d2e7b3b3e876fae210e55c872df8f6750ab0fa3 ->
tested/linux-3.0
+ exit 0