xen.org
2012-Sep-12 11:36 UTC
[xen-unstable test] 13682: regressions - trouble: broken/fail/pass
flight 13682 xen-unstable real [real]
http://www.chiark.greenend.org.uk/~xensrcts/logs/13682/
Regressions :-(
Tests which did not succeed and are blocking,
including tests which could not be run:
test-amd64-i386-rhel6hvm-amd 8 guest-stop fail REGR. vs. 13668
test-amd64-i386-qemuu-rhel6hvm-amd 8 guest-stop fail REGR. vs. 13668
test-amd64-i386-rhel6hvm-intel 8 guest-stop fail REGR. vs. 13668
test-amd64-i386-xend-winxpsp3 3 host-install(3) broken REGR. vs. 13668
test-amd64-i386-win 3 host-install(3) broken REGR. vs. 13668
test-amd64-amd64-xl-qemuu-winxpsp3 3 host-install(3) broken REGR. vs. 13668
test-amd64-amd64-xl 3 host-install(3) broken REGR. vs. 13668
test-amd64-amd64-pv 3 host-install(3) broken REGR. vs. 13668
test-amd64-i386-xl-credit2 3 host-install(3) broken REGR. vs. 13668
test-amd64-i386-xl-multivcpu 3 host-install(3) broken REGR. vs. 13668
test-i386-i386-xl 3 host-install(3) broken REGR. vs. 13668
test-amd64-amd64-win 3 host-install(3) broken REGR. vs. 13668
test-i386-i386-pv 3 host-install(3) broken REGR. vs. 13668
test-amd64-i386-xl-win-vcpus1 3 host-install(3) broken REGR. vs. 13668
test-amd64-amd64-xl-qemuu-win7-amd64 3 host-install(3) broken REGR. vs. 13668
test-amd64-i386-qemuu-rhel6hvm-intel 3 host-install(3) broken REGR. vs. 13668
test-amd64-amd64-xl-winxpsp3 3 host-install(3) broken REGR. vs. 13668
test-amd64-i386-pv 3 host-install(3) broken REGR. vs. 13668
test-amd64-i386-win-vcpus1 3 host-install(3) broken REGR. vs. 13668
test-amd64-i386-xl 3 host-install(3) broken REGR. vs. 13668
test-amd64-amd64-xl-win 3 host-install(3) broken REGR. vs. 13668
test-amd64-amd64-pair 3 host-install/src_host(3) broken REGR. vs. 13668
test-amd64-amd64-pair 4 host-install/dst_host(4) broken REGR. vs. 13668
test-i386-i386-pair 4 host-install/dst_host(4) broken REGR. vs. 13668
test-i386-i386-pair 3 host-install/src_host(3) broken REGR. vs. 13668
test-amd64-i386-pair 4 host-install/dst_host(4) broken REGR. vs. 13668
test-amd64-i386-pair 3 host-install/src_host(3) broken REGR. vs. 13668
Regressions which are regarded as allowable (not blocking):
test-amd64-amd64-xl-sedf-pin 10 guest-saverestore fail like 13668
test-i386-i386-xl-qemuu-winxpsp3 9 guest-localmigrate fail like 13668
test-amd64-amd64-xl-sedf 3 host-install(3) broken REGR. vs. 13668
test-amd64-amd64-xl-pcipt-intel 3 host-install(3) broken REGR. vs. 13668
Tests which did not succeed, but are not blocking:
test-amd64-amd64-xl-win7-amd64 13 guest-stop fail never pass
test-i386-i386-xl-winxpsp3 13 guest-stop fail never pass
test-amd64-i386-xl-winxpsp3-vcpus1 13 guest-stop fail never pass
test-i386-i386-win 16 leak-check/check fail never pass
test-i386-i386-xl-win 13 guest-stop fail never pass
test-amd64-i386-xl-win7-amd64 13 guest-stop fail never pass
version targeted for testing:
xen f47bc4eb8256
baseline version:
xen 7d770de90b7f
------------------------------------------------------------
People who touched revisions under test:
Boris Ostrovsky <boris.ostrovsky@amd.com>
Christoph Egger <Christoph.Egger@amd.com>
Dan Magenheimer <dan.magenheimer@oracle.com>
David Vrabel <david.vrabel@citrix.com>
Ian Campbell <ian.campbell@citrix.com>
Jan Beulich <jbeulich@suse.com>
Keir Fraser <keir@xen.org>
Stefano Stabellini <stefano.stabellini@eu.citrix.com>
Wei Wang <wei.wang2@amd.com>
Zhenzhong Duan <zhenzhong.duan@oracle.com>
------------------------------------------------------------
jobs:
build-amd64 pass
build-i386 pass
build-amd64-oldkern pass
build-i386-oldkern pass
build-amd64-pvops pass
build-i386-pvops pass
test-amd64-amd64-xl broken
test-amd64-i386-xl broken
test-i386-i386-xl broken
test-amd64-i386-rhel6hvm-amd fail
test-amd64-i386-qemuu-rhel6hvm-amd fail
test-amd64-amd64-xl-qemuu-win7-amd64 broken
test-amd64-amd64-xl-win7-amd64 fail
test-amd64-i386-xl-win7-amd64 fail
test-amd64-i386-xl-credit2 broken
test-amd64-amd64-xl-pcipt-intel broken
test-amd64-i386-rhel6hvm-intel fail
test-amd64-i386-qemuu-rhel6hvm-intel broken
test-amd64-i386-xl-multivcpu broken
test-amd64-amd64-pair broken
test-amd64-i386-pair broken
test-i386-i386-pair broken
test-amd64-amd64-xl-sedf-pin fail
test-amd64-amd64-pv broken
test-amd64-i386-pv broken
test-i386-i386-pv broken
test-amd64-amd64-xl-sedf broken
test-amd64-i386-win-vcpus1 broken
test-amd64-i386-xl-win-vcpus1 broken
test-amd64-i386-xl-winxpsp3-vcpus1 fail
test-amd64-amd64-win broken
test-amd64-i386-win broken
test-i386-i386-win fail
test-amd64-amd64-xl-win broken
test-i386-i386-xl-win fail
test-amd64-amd64-xl-qemuu-winxpsp3 broken
test-i386-i386-xl-qemuu-winxpsp3 fail
test-amd64-i386-xend-winxpsp3 broken
test-amd64-amd64-xl-winxpsp3 broken
test-i386-i386-xl-winxpsp3 fail
------------------------------------------------------------
sg-report-flight on woking.cam.xci-test.com
logs: /home/xc_osstest/logs
images: /home/xc_osstest/images
Logs, config files, etc. are available at
http://www.chiark.greenend.org.uk/~xensrcts/logs
Test harness code can be found at
http://xenbits.xensource.com/gitweb?p=osstest.git;a=summary
Not pushing.
(No revision log; it would be 494 lines long.)
Ian Jackson
2012-Sep-12 11:54 UTC
Re: [xen-unstable test] 13682: regressions - trouble: broken/fail/pass
xen.org writes ("[xen-unstable test] 13682: regressions - trouble:
broken/fail/pass"):> flight 13682 xen-unstable real [real]
> http://www.chiark.greenend.org.uk/~xensrcts/logs/13682/
>
> Regressions :-(
>
> Tests which did not succeed and are blocking,
> including tests which could not be run:
...> test-amd64-i386-xend-winxpsp3 3 host-install(3) broken REGR. vs.
13668
These were an infrastructure problem which was fixed this morning.
(The local apt-cacher was down.)
Ian.