xen.org
2012-Sep-07  15:19 UTC
[xen-4.2-testing baseline test] 13663: tolerable trouble: blocked/fail
"Old" tested version had not actually been tested; therefore in this
flight we test it, rather than a new candidate.  The baseline, if
any, is the most recent actually tested revision.
flight 13663 xen-4.2-testing real [real]
http://www.chiark.greenend.org.uk/~xensrcts/logs/13663/
Failures :-/ but no regressions.
Tests which did not succeed,
including tests which could not be run:
 test-amd64-amd64-pv           1 xen-build-check(1)          blocked never pass
 test-amd64-i386-rhel6hvm-intel  1 xen-build-check(1)        blocked never pass
 test-amd64-i386-pv            1 xen-build-check(1)          blocked never pass
 test-amd64-i386-qemuu-rhel6hvm-amd  1 xen-build-check(1)    blocked never pass
 test-amd64-amd64-xl-winxpsp3  1 xen-build-check(1)          blocked never pass
 test-amd64-amd64-xl-sedf      1 xen-build-check(1)          blocked never pass
 test-amd64-amd64-xl-qemuu-winxpsp3  1 xen-build-check(1)    blocked never pass
 test-amd64-i386-xl-credit2    1 xen-build-check(1)          blocked never pass
 test-amd64-i386-rhel6hvm-amd  1 xen-build-check(1)          blocked never pass
 test-amd64-amd64-xl-sedf-pin  1 xen-build-check(1)          blocked never pass
 test-amd64-amd64-win          1 xen-build-check(1)          blocked never pass
 test-i386-i386-xl-qemuu-winxpsp3  1 xen-build-check(1)      blocked never pass
 test-i386-i386-win            1 xen-build-check(1)          blocked never pass
 test-amd64-i386-xl-winxpsp3-vcpus1  1 xen-build-check(1)    blocked never pass
 test-amd64-amd64-xl-pcipt-intel  1 xen-build-check(1)       blocked never pass
 test-amd64-i386-xl-win-vcpus1  1 xen-build-check(1)         blocked never pass
 test-amd64-i386-xl-multivcpu  1 xen-build-check(1)          blocked never pass
 test-i386-i386-pv             1 xen-build-check(1)          blocked never pass
 test-amd64-amd64-xl-qemuu-win7-amd64  1 xen-build-check(1)  blocked never pass
 test-amd64-i386-win-vcpus1    1 xen-build-check(1)          blocked never pass
 test-amd64-i386-xl-win7-amd64  1 xen-build-check(1)         blocked never pass
 test-amd64-i386-qemuu-rhel6hvm-intel  1 xen-build-check(1)  blocked never pass
 test-i386-i386-xl-win         1 xen-build-check(1)          blocked never pass
 test-amd64-amd64-xl-win7-amd64  1 xen-build-check(1)        blocked never pass
 test-amd64-i386-win           1 xen-build-check(1)          blocked never pass
 test-amd64-i386-pair          1 xen-build-check(1)          blocked never pass
 test-amd64-i386-xend-winxpsp3  1 xen-build-check(1)         blocked never pass
 test-i386-i386-xl             1 xen-build-check(1)          blocked never pass
 test-i386-i386-xl-winxpsp3    1 xen-build-check(1)          blocked never pass
 test-amd64-amd64-xl           1 xen-build-check(1)          blocked never pass
 test-amd64-amd64-xl-win       1 xen-build-check(1)          blocked never pass
 test-amd64-i386-xl            1 xen-build-check(1)          blocked never pass
 test-i386-i386-pair           1 xen-build-check(1)          blocked never pass
 test-amd64-amd64-pair         1 xen-build-check(1)          blocked never pass
 build-amd64                   4 xen-build                    fail   never pass
 build-amd64-oldkern           4 xen-build                    fail   never pass
 build-i386-pvops              4 kernel-build                 fail   never pass
 build-amd64-pvops             4 kernel-build                 fail   never pass
 build-i386                    4 xen-build                    fail   never pass
 build-i386-oldkern            4 xen-build                    fail   never pass
version targeted for testing:
 xen                  ec23c2a11f6f
jobs:
 build-amd64                                                  fail    
 build-i386                                                   fail    
 build-amd64-oldkern                                          fail    
 build-i386-oldkern                                           fail    
 build-amd64-pvops                                            fail    
 build-i386-pvops                                             fail    
 test-amd64-amd64-xl                                          blocked 
 test-amd64-i386-xl                                           blocked 
 test-i386-i386-xl                                            blocked 
 test-amd64-i386-rhel6hvm-amd                                 blocked 
 test-amd64-i386-qemuu-rhel6hvm-amd                           blocked 
 test-amd64-amd64-xl-qemuu-win7-amd64                         blocked 
 test-amd64-amd64-xl-win7-amd64                               blocked 
 test-amd64-i386-xl-win7-amd64                                blocked 
 test-amd64-i386-xl-credit2                                   blocked 
 test-amd64-amd64-xl-pcipt-intel                              blocked 
 test-amd64-i386-rhel6hvm-intel                               blocked 
 test-amd64-i386-qemuu-rhel6hvm-intel                         blocked 
 test-amd64-i386-xl-multivcpu                                 blocked 
 test-amd64-amd64-pair                                        blocked 
 test-amd64-i386-pair                                         blocked 
 test-i386-i386-pair                                          blocked 
 test-amd64-amd64-xl-sedf-pin                                 blocked 
 test-amd64-amd64-pv                                          blocked 
 test-amd64-i386-pv                                           blocked 
 test-i386-i386-pv                                            blocked 
 test-amd64-amd64-xl-sedf                                     blocked 
 test-amd64-i386-win-vcpus1                                   blocked 
 test-amd64-i386-xl-win-vcpus1                                blocked 
 test-amd64-i386-xl-winxpsp3-vcpus1                           blocked 
 test-amd64-amd64-win                                         blocked 
 test-amd64-i386-win                                          blocked 
 test-i386-i386-win                                           blocked 
 test-amd64-amd64-xl-win                                      blocked 
 test-i386-i386-xl-win                                        blocked 
 test-amd64-amd64-xl-qemuu-winxpsp3                           blocked 
 test-i386-i386-xl-qemuu-winxpsp3                             blocked 
 test-amd64-i386-xend-winxpsp3                                blocked 
 test-amd64-amd64-xl-winxpsp3                                 blocked 
 test-i386-i386-xl-winxpsp3                                   blocked 
------------------------------------------------------------
sg-report-flight on woking.cam.xci-test.com
logs: /home/xc_osstest/logs
images: /home/xc_osstest/images
Logs, config files, etc. are available at
    http://www.chiark.greenend.org.uk/~xensrcts/logs
Test harness code can be found at
    http://xenbits.xensource.com/gitweb?p=osstest.git;a=summary
Published tested tree is already up to date.
Ian Jackson
2012-Sep-07  15:28 UTC
Re: [xen-4.2-testing baseline test] 13663: tolerable trouble: blocked/fail
xen.org writes ("[xen-4.2-testing baseline test] 13663: tolerable trouble:
blocked/fail"):>  build-i386                    4 xen-build                fail   never pass
+ hg clone http://xenbits.xen.org/staging/xen-4.2-testing.hg xen-unstable
abort: HTTP Error 404: Not Found
This is because all previous trees have had urls of the form
   http://xenbits.xen.org/[staging/]xen-VERSION-testing.hg
but this was daft and caused trouble for the xenbits webserver config
so nowadays we prefer
   http://xenbits.xen.org/hg/[staging/]xen-VERSION-testing.hg
I will fix this in the tester, but can I request that we don''t throw
any actual changes into xen-4.2-testing.hg until I get this fixed and
we get a more plausible test baseline ?
With the situation as it currently is, any changes we put into 4.2
won''t have the benefit of the push gate.
Apologies,
Ian.