flight 13658 xen-unstable real [real]
http://www.chiark.greenend.org.uk/~xensrcts/logs/13658/
Failures :-/ but no regressions.
Regressions which are regarded as allowable (not blocking):
test-amd64-amd64-xl-sedf-pin 10 guest-saverestore fail like 13656
test-i386-i386-xl-qemuu-winxpsp3 9 guest-localmigrate fail like 13656
test-amd64-amd64-xl-qemuu-winxpsp3 9 guest-localmigrate fail like 13656
test-amd64-amd64-xl-qemuu-win7-amd64 9 guest-localmigrate fail like 13656
Tests which did not succeed, but are not blocking:
test-amd64-amd64-xl-pcipt-intel 9 guest-start fail never pass
test-amd64-i386-xend-winxpsp3 16 leak-check/check fail never pass
test-amd64-i386-win 16 leak-check/check fail never pass
test-amd64-i386-xl-win-vcpus1 13 guest-stop fail never pass
test-amd64-amd64-win 16 leak-check/check fail never pass
test-amd64-i386-win-vcpus1 16 leak-check/check fail never pass
test-amd64-amd64-xl-winxpsp3 13 guest-stop fail never pass
test-i386-i386-xl-winxpsp3 13 guest-stop fail never pass
test-amd64-i386-xl-winxpsp3-vcpus1 13 guest-stop fail never pass
test-i386-i386-win 16 leak-check/check fail never pass
test-i386-i386-xl-win 13 guest-stop fail never pass
test-amd64-amd64-xl-win 13 guest-stop fail never pass
test-amd64-amd64-xl-win7-amd64 13 guest-stop fail never pass
test-amd64-i386-xl-win7-amd64 13 guest-stop fail never pass
version targeted for testing:
xen cbc0c2368a6d
baseline version:
xen cbc0c2368a6d
jobs:
build-amd64 pass
build-i386 pass
build-amd64-oldkern pass
build-i386-oldkern pass
build-amd64-pvops pass
build-i386-pvops pass
test-amd64-amd64-xl pass
test-amd64-i386-xl pass
test-i386-i386-xl pass
test-amd64-i386-rhel6hvm-amd pass
test-amd64-i386-qemuu-rhel6hvm-amd pass
test-amd64-amd64-xl-qemuu-win7-amd64 fail
test-amd64-amd64-xl-win7-amd64 fail
test-amd64-i386-xl-win7-amd64 fail
test-amd64-i386-xl-credit2 pass
test-amd64-amd64-xl-pcipt-intel fail
test-amd64-i386-rhel6hvm-intel pass
test-amd64-i386-qemuu-rhel6hvm-intel pass
test-amd64-i386-xl-multivcpu pass
test-amd64-amd64-pair pass
test-amd64-i386-pair pass
test-i386-i386-pair pass
test-amd64-amd64-xl-sedf-pin fail
test-amd64-amd64-pv pass
test-amd64-i386-pv pass
test-i386-i386-pv pass
test-amd64-amd64-xl-sedf pass
test-amd64-i386-win-vcpus1 fail
test-amd64-i386-xl-win-vcpus1 fail
test-amd64-i386-xl-winxpsp3-vcpus1 fail
test-amd64-amd64-win fail
test-amd64-i386-win fail
test-i386-i386-win fail
test-amd64-amd64-xl-win fail
test-i386-i386-xl-win fail
test-amd64-amd64-xl-qemuu-winxpsp3 fail
test-i386-i386-xl-qemuu-winxpsp3 fail
test-amd64-i386-xend-winxpsp3 fail
test-amd64-amd64-xl-winxpsp3 fail
test-i386-i386-xl-winxpsp3 fail
------------------------------------------------------------
sg-report-flight on woking.cam.xci-test.com
logs: /home/xc_osstest/logs
images: /home/xc_osstest/images
Logs, config files, etc. are available at
http://www.chiark.greenend.org.uk/~xensrcts/logs
Test harness code can be found at
http://xenbits.xensource.com/gitweb?p=osstest.git;a=summary
Published tested tree is already up to date.
>>> On 07.09.12 at 00:55, xen.org <ian.jackson@eu.citrix.com> wrote: > flight 13658 xen-unstable real [real] > http://www.chiark.greenend.org.uk/~xensrcts/logs/13658/ > > Failures :-/ but no regressions. > > Regressions which are regarded as allowable (not blocking): > test-amd64-amd64-xl-sedf-pin 10 guest-saverestore fail like 13656 > test-i386-i386-xl-qemuu-winxpsp3 9 guest-localmigrate fail like 13656 > test-amd64-amd64-xl-qemuu-winxpsp3 9 guest-localmigrate fail like 13656 > test-amd64-amd64-xl-qemuu-win7-amd64 9 guest-localmigrate fail like 13656Are we not concerned about these recurring failures for the release? Jan
On Fri, 2012-09-07 at 10:38 +0100, Jan Beulich wrote:> >>> On 07.09.12 at 00:55, xen.org <ian.jackson@eu.citrix.com> wrote: > > flight 13658 xen-unstable real [real] > > http://www.chiark.greenend.org.uk/~xensrcts/logs/13658/ > > > > Failures :-/ but no regressions. > > > > Regressions which are regarded as allowable (not blocking): > > test-amd64-amd64-xl-sedf-pin 10 guest-saverestore fail like 13656 > > test-i386-i386-xl-qemuu-winxpsp3 9 guest-localmigrate fail like 13656 > > test-amd64-amd64-xl-qemuu-winxpsp3 9 guest-localmigrate fail like 13656 > > test-amd64-amd64-xl-qemuu-win7-amd64 9 guest-localmigrate fail like 13656 > > Are we not concerned about these recurring failures for > the release?Migration is not supported with qemuu (the upstream qemu) since logdirty is not yet implemented there (Anthony has patches though). Since qemuu isn''t the default this is ok. We also decided a while back that the sedf pinning bugs were not release critical (I forget why, someone would have to search the archives to remember). Ian.