xen.org
2012-Aug-16  07:51 UTC
[xen-unstable test] 13606: tolerable trouble: broken/fail/pass
flight 13606 xen-unstable real [real]
http://www.chiark.greenend.org.uk/~xensrcts/logs/13606/
Failures :-/ but no regressions.
Tests which are failing intermittently (not blocking):
 test-amd64-amd64-xl-win7-amd64  3 host-install(3)         broken pass in 13605
 test-amd64-amd64-xl-sedf-pin 10 guest-saverestore           fail pass in 13605
 test-amd64-i386-xl-win7-amd64  7 windows-install            fail pass in 13605
 test-amd64-amd64-pair         3 host-install/src_host(3)  broken pass in 13605
 test-amd64-amd64-pair         4 host-install/dst_host(4)  broken pass in 13605
Regressions which are regarded as allowable (not blocking):
 test-i386-i386-xl-qemuu-winxpsp3  9 guest-localmigrate         fail like 13605
 test-amd64-amd64-xl-qemuu-winxpsp3  9 guest-localmigrate       fail like 13605
 test-amd64-amd64-win          3 host-install(3)              broken like 13604
 test-amd64-amd64-xl-qemuu-win7-amd64  9 guest-localmigrate     fail like 13605
 test-amd64-amd64-xl-sedf-pin 12 guest-saverestore.2 fail in 13605 blocked in
13606
Tests which did not succeed, but are not blocking:
 test-amd64-i386-win          16 leak-check/check             fail   never pass
 test-amd64-i386-xend-winxpsp3 16 leak-check/check             fail  never pass
 test-amd64-i386-xl-win-vcpus1 13 guest-stop                   fail  never pass
 test-amd64-i386-win-vcpus1   16 leak-check/check             fail   never pass
 test-i386-i386-xl-winxpsp3   13 guest-stop                   fail   never pass
 test-amd64-i386-xl-winxpsp3-vcpus1 13 guest-stop               fail never pass
 test-amd64-amd64-xl-winxpsp3 13 guest-stop                   fail   never pass
 test-amd64-amd64-xl-pcipt-intel  9 guest-start                 fail never pass
 test-i386-i386-win           16 leak-check/check             fail   never pass
 test-i386-i386-xl-win        13 guest-stop                   fail   never pass
 test-amd64-amd64-xl-win      13 guest-stop                   fail   never pass
 test-amd64-amd64-xl-win7-amd64 13 guest-stop          fail in 13605 never pass
 test-amd64-amd64-win         16 leak-check/check      fail in 13605 never pass
 test-amd64-i386-xl-win7-amd64 13 guest-stop           fail in 13605 never pass
version targeted for testing:
 xen                  6d56e31fe1e1
baseline version:
 xen                  6d56e31fe1e1
jobs:
 build-amd64                                                  pass    
 build-i386                                                   pass    
 build-amd64-oldkern                                          pass    
 build-i386-oldkern                                           pass    
 build-amd64-pvops                                            pass    
 build-i386-pvops                                             pass    
 test-amd64-amd64-xl                                          pass    
 test-amd64-i386-xl                                           pass    
 test-i386-i386-xl                                            pass    
 test-amd64-i386-rhel6hvm-amd                                 pass    
 test-amd64-i386-qemuu-rhel6hvm-amd                           pass    
 test-amd64-amd64-xl-qemuu-win7-amd64                         fail    
 test-amd64-amd64-xl-win7-amd64                               broken  
 test-amd64-i386-xl-win7-amd64                                fail    
 test-amd64-i386-xl-credit2                                   pass    
 test-amd64-amd64-xl-pcipt-intel                              fail    
 test-amd64-i386-rhel6hvm-intel                               pass    
 test-amd64-i386-qemuu-rhel6hvm-intel                         pass    
 test-amd64-i386-xl-multivcpu                                 pass    
 test-amd64-amd64-pair                                        broken  
 test-amd64-i386-pair                                         pass    
 test-i386-i386-pair                                          pass    
 test-amd64-amd64-xl-sedf-pin                                 fail    
 test-amd64-amd64-pv                                          pass    
 test-amd64-i386-pv                                           pass    
 test-i386-i386-pv                                            pass    
 test-amd64-amd64-xl-sedf                                     pass    
 test-amd64-i386-win-vcpus1                                   fail    
 test-amd64-i386-xl-win-vcpus1                                fail    
 test-amd64-i386-xl-winxpsp3-vcpus1                           fail    
 test-amd64-amd64-win                                         broken  
 test-amd64-i386-win                                          fail    
 test-i386-i386-win                                           fail    
 test-amd64-amd64-xl-win                                      fail    
 test-i386-i386-xl-win                                        fail    
 test-amd64-amd64-xl-qemuu-winxpsp3                           fail    
 test-i386-i386-xl-qemuu-winxpsp3                             fail    
 test-amd64-i386-xend-winxpsp3                                fail    
 test-amd64-amd64-xl-winxpsp3                                 fail    
 test-i386-i386-xl-winxpsp3                                   fail    
------------------------------------------------------------
sg-report-flight on woking.cam.xci-test.com
logs: /home/xc_osstest/logs
images: /home/xc_osstest/images
Logs, config files, etc. are available at
    http://www.chiark.greenend.org.uk/~xensrcts/logs
Test harness code can be found at
    http://xenbits.xensource.com/gitweb?p=osstest.git;a=summary
Published tested tree is already up to date.
Ian Campbell
2012-Aug-16  10:40 UTC
Re: [xen-unstable test] 13606: tolerable trouble: broken/fail/pass
On Thu, 2012-08-16 at 08:51 +0100, xen.org wrote:> flight 13606 xen-unstable real [real] > http://www.chiark.greenend.org.uk/~xensrcts/logs/13606/ > > Failures :-/ but no regressions. > > Tests which are failing intermittently (not blocking): > test-amd64-amd64-xl-win7-amd64 3 host-install(3) broken pass in 13605These host install issues have been happening sporadically over the last few days and a large number seem to relate to apt mirror failures. It seems that the apt-cache mirror used by the test system has been OOMing. Our IT guys have doubled the VMs RAM allocation and made some other configuration tweaks so hopefully this is now resolved.> test-amd64-amd64-xl-sedf-pin 10 guest-saverestore fail pass in 13605 > test-amd64-i386-xl-win7-amd64 7 windows-install fail pass in 13605 > test-amd64-amd64-pair 3 host-install/src_host(3) broken pass in 13605 > test-amd64-amd64-pair 4 host-install/dst_host(4) broken pass in 13605 > > Regressions which are regarded as allowable (not blocking): > test-i386-i386-xl-qemuu-winxpsp3 9 guest-localmigrate fail like 13605 > test-amd64-amd64-xl-qemuu-winxpsp3 9 guest-localmigrate fail like 13605 > test-amd64-amd64-win 3 host-install(3) broken like 13604 > test-amd64-amd64-xl-qemuu-win7-amd64 9 guest-localmigrate fail like 13605 > test-amd64-amd64-xl-sedf-pin 12 guest-saverestore.2 fail in 13605 blocked in 13606 > > Tests which did not succeed, but are not blocking: > test-amd64-i386-win 16 leak-check/check fail never pass > test-amd64-i386-xend-winxpsp3 16 leak-check/check fail never pass > test-amd64-i386-xl-win-vcpus1 13 guest-stop fail never pass > test-amd64-i386-win-vcpus1 16 leak-check/check fail never pass > test-i386-i386-xl-winxpsp3 13 guest-stop fail never pass > test-amd64-i386-xl-winxpsp3-vcpus1 13 guest-stop fail never pass > test-amd64-amd64-xl-winxpsp3 13 guest-stop fail never pass > test-amd64-amd64-xl-pcipt-intel 9 guest-start fail never pass > test-i386-i386-win 16 leak-check/check fail never pass > test-i386-i386-xl-win 13 guest-stop fail never pass > test-amd64-amd64-xl-win 13 guest-stop fail never pass > test-amd64-amd64-xl-win7-amd64 13 guest-stop fail in 13605 never pass > test-amd64-amd64-win 16 leak-check/check fail in 13605 never pass > test-amd64-i386-xl-win7-amd64 13 guest-stop fail in 13605 never pass > > version targeted for testing: > xen 6d56e31fe1e1 > baseline version: > xen 6d56e31fe1e1 > > jobs: > build-amd64 pass > build-i386 pass > build-amd64-oldkern pass > build-i386-oldkern pass > build-amd64-pvops pass > build-i386-pvops pass > test-amd64-amd64-xl pass > test-amd64-i386-xl pass > test-i386-i386-xl pass > test-amd64-i386-rhel6hvm-amd pass > test-amd64-i386-qemuu-rhel6hvm-amd pass > test-amd64-amd64-xl-qemuu-win7-amd64 fail > test-amd64-amd64-xl-win7-amd64 broken > test-amd64-i386-xl-win7-amd64 fail > test-amd64-i386-xl-credit2 pass > test-amd64-amd64-xl-pcipt-intel fail > test-amd64-i386-rhel6hvm-intel pass > test-amd64-i386-qemuu-rhel6hvm-intel pass > test-amd64-i386-xl-multivcpu pass > test-amd64-amd64-pair broken > test-amd64-i386-pair pass > test-i386-i386-pair pass > test-amd64-amd64-xl-sedf-pin fail > test-amd64-amd64-pv pass > test-amd64-i386-pv pass > test-i386-i386-pv pass > test-amd64-amd64-xl-sedf pass > test-amd64-i386-win-vcpus1 fail > test-amd64-i386-xl-win-vcpus1 fail > test-amd64-i386-xl-winxpsp3-vcpus1 fail > test-amd64-amd64-win broken > test-amd64-i386-win fail > test-i386-i386-win fail > test-amd64-amd64-xl-win fail > test-i386-i386-xl-win fail > test-amd64-amd64-xl-qemuu-winxpsp3 fail > test-i386-i386-xl-qemuu-winxpsp3 fail > test-amd64-i386-xend-winxpsp3 fail > test-amd64-amd64-xl-winxpsp3 fail > test-i386-i386-xl-winxpsp3 fail > > > ------------------------------------------------------------ > sg-report-flight on woking.cam.xci-test.com > logs: /home/xc_osstest/logs > images: /home/xc_osstest/images > > Logs, config files, etc. are available at > http://www.chiark.greenend.org.uk/~xensrcts/logs > > Test harness code can be found at > http://xenbits.xensource.com/gitweb?p=osstest.git;a=summary > > > Published tested tree is already up to date. > > > _______________________________________________ > Xen-devel mailing list > Xen-devel@lists.xen.org > http://lists.xen.org/xen-devel