flight 13576 xen-4.1-testing real [real]
http://www.chiark.greenend.org.uk/~xensrcts/logs/13576/
Regressions :-(
Tests which did not succeed and are blocking,
including tests which could not be run:
build-i386 4 xen-build fail REGR. vs. 13569
build-i386-oldkern 4 xen-build fail REGR. vs. 13569
build-amd64-oldkern 4 xen-build fail REGR. vs. 13569
build-amd64 4 xen-build fail REGR. vs. 13569
Tests which did not succeed, but are not blocking:
test-amd64-amd64-xl-pcipt-intel 1 xen-build-check(1) blocked n/a
test-amd64-amd64-xl 1 xen-build-check(1) blocked n/a
test-amd64-i386-rhel6hvm-amd 1 xen-build-check(1) blocked n/a
test-amd64-amd64-pv 1 xen-build-check(1) blocked n/a
test-amd64-amd64-xl-sedf-pin 1 xen-build-check(1) blocked n/a
test-amd64-i386-qemuu-rhel6hvm-amd 1 xen-build-check(1) blocked n/a
test-i386-i386-pv 1 xen-build-check(1) blocked n/a
test-amd64-i386-pv 1 xen-build-check(1) blocked n/a
test-i386-i386-xl 1 xen-build-check(1) blocked n/a
test-amd64-amd64-xl-sedf 1 xen-build-check(1) blocked n/a
test-amd64-i386-rhel6hvm-intel 1 xen-build-check(1) blocked n/a
test-amd64-amd64-pair 1 xen-build-check(1) blocked n/a
test-amd64-i386-pair 1 xen-build-check(1) blocked n/a
test-i386-i386-pair 1 xen-build-check(1) blocked n/a
test-amd64-amd64-xl-win 1 xen-build-check(1) blocked n/a
test-amd64-i386-xend-winxpsp3 1 xen-build-check(1) blocked n/a
test-amd64-i386-win-vcpus1 1 xen-build-check(1) blocked n/a
test-amd64-i386-xl-multivcpu 1 xen-build-check(1) blocked n/a
test-amd64-i386-xl 1 xen-build-check(1) blocked n/a
test-amd64-i386-win 1 xen-build-check(1) blocked n/a
test-amd64-i386-xl-credit2 1 xen-build-check(1) blocked n/a
test-amd64-amd64-xl-win7-amd64 1 xen-build-check(1) blocked n/a
test-i386-i386-xl-win 1 xen-build-check(1) blocked n/a
test-amd64-amd64-xl-qemuu-win7-amd64 1 xen-build-check(1) blocked n/a
test-i386-i386-xl-winxpsp3 1 xen-build-check(1) blocked n/a
test-amd64-i386-xl-win-vcpus1 1 xen-build-check(1) blocked n/a
test-amd64-i386-xl-win7-amd64 1 xen-build-check(1) blocked n/a
test-amd64-i386-xl-winxpsp3-vcpus1 1 xen-build-check(1) blocked n/a
test-amd64-amd64-win 1 xen-build-check(1) blocked n/a
test-i386-i386-xl-qemuu-winxpsp3 1 xen-build-check(1) blocked n/a
test-i386-i386-win 1 xen-build-check(1) blocked n/a
test-amd64-i386-qemuu-rhel6hvm-intel 1 xen-build-check(1) blocked n/a
test-amd64-amd64-xl-qemuu-winxpsp3 1 xen-build-check(1) blocked n/a
test-amd64-amd64-xl-winxpsp3 1 xen-build-check(1) blocked n/a
version targeted for testing:
xen 1225aff05dd2
baseline version:
xen f8f8912b3de0
------------------------------------------------------------
People who touched revisions under test:
David Vrabel <david.vrabel@citrix.com>
Ian Campbell <ian.campbell@citrix.com>
Ian Jackson <ian.jackson@eu.citrix.com>
Jan Beulich <jbeulich@suse.com>
Olaf Hering <olaf@aepfle.de>
Tim Deegan <tim@xen.org>
------------------------------------------------------------
jobs:
build-amd64 fail
build-i386 fail
build-amd64-oldkern fail
build-i386-oldkern fail
build-amd64-pvops pass
build-i386-pvops pass
test-amd64-amd64-xl blocked
test-amd64-i386-xl blocked
test-i386-i386-xl blocked
test-amd64-i386-rhel6hvm-amd blocked
test-amd64-i386-qemuu-rhel6hvm-amd blocked
test-amd64-amd64-xl-qemuu-win7-amd64 blocked
test-amd64-amd64-xl-win7-amd64 blocked
test-amd64-i386-xl-win7-amd64 blocked
test-amd64-i386-xl-credit2 blocked
test-amd64-amd64-xl-pcipt-intel blocked
test-amd64-i386-rhel6hvm-intel blocked
test-amd64-i386-qemuu-rhel6hvm-intel blocked
test-amd64-i386-xl-multivcpu blocked
test-amd64-amd64-pair blocked
test-amd64-i386-pair blocked
test-i386-i386-pair blocked
test-amd64-amd64-xl-sedf-pin blocked
test-amd64-amd64-pv blocked
test-amd64-i386-pv blocked
test-i386-i386-pv blocked
test-amd64-amd64-xl-sedf blocked
test-amd64-i386-win-vcpus1 blocked
test-amd64-i386-xl-win-vcpus1 blocked
test-amd64-i386-xl-winxpsp3-vcpus1 blocked
test-amd64-amd64-win blocked
test-amd64-i386-win blocked
test-i386-i386-win blocked
test-amd64-amd64-xl-win blocked
test-i386-i386-xl-win blocked
test-amd64-amd64-xl-qemuu-winxpsp3 blocked
test-i386-i386-xl-qemuu-winxpsp3 blocked
test-amd64-i386-xend-winxpsp3 blocked
test-amd64-amd64-xl-winxpsp3 blocked
test-i386-i386-xl-winxpsp3 blocked
------------------------------------------------------------
sg-report-flight on woking.cam.xci-test.com
logs: /home/xc_osstest/logs
images: /home/xc_osstest/images
Logs, config files, etc. are available at
http://www.chiark.greenend.org.uk/~xensrcts/logs
Test harness code can be found at
http://xenbits.xensource.com/gitweb?p=osstest.git;a=summary
Not pushing.
------------------------------------------------------------
changeset: 23336:1225aff05dd2
tag: tip
user: Keir Fraser <keir@xen.org>
date: Thu Aug 09 16:48:07 2012 +0100
Added signature for changeset ce7195d2b80e
changeset: 23335:7cdd79dea62b
user: Keir Fraser <keir@xen.org>
date: Thu Aug 09 16:47:55 2012 +0100
Added tag RELEASE-4.1.3 for changeset ce7195d2b80e
changeset: 23334:ce7195d2b80e
tag: RELEASE-4.1.3
user: Keir Fraser <keir@xen.org>
date: Thu Aug 09 16:47:30 2012 +0100
Update Xen version to 4.1.3
changeset: 23333:985fb467d180
user: David Vrabel <david.vrabel@citrix.com>
date: Thu Aug 09 16:44:51 2012 +0100
cpufreq: P state stats aren''t available if there is no cpufreq
driver
If there is no cpufreq driver (e.g., with an AMD Opteron 8212) then
reading the P state statistics causes a deadlock as an uninitialized
spinlock is locked in do_get_pm_info(). The spinlock is initialized in
cpufreq_statistic_init() which is not called if cpufreq_driver = NULL.
Signed-off-by: David Vrabel <david.vrabel@citrix.com>
Committed-by: Jan Beulich <jbeulich@suse.com>
xen-unstable changeset: 25706:7fd5facb6084
xen-unstable date: Fri Aug 03 09:50:28 2012 +0200
changeset: 23332:859205b36fe9
user: Ian Campbell <ian.campbell@citrix.com>
date: Thu Aug 09 15:47:42 2012 +0100
xen: only check for shared pages while any exist on teardown
Avoids worst case behavour when guest has a large p2m.
This is XSA-11 / CVE-2012-3433
Signed-off-by: Tim Deegan <tim@xen.org>
Signed-off-by: Ian Campbell <ian.campbell@citrix.com>
Tested-by: Olaf Hering <olaf@aepfle.de>
Committed-by: Ian Jackson <ian.jackson@eu.citrix.com>
changeset: 23331:f8f8912b3de0
user: Ian Campbell <ian.campbell@citrix.com>
date: Fri Aug 03 10:43:24 2012 +0100
nestedhvm: fix nested page fault build error on 32-bit
cc1: warnings being treated as errors
hvm.c: In function ?hvm_hap_nested_page_fault?:
hvm.c:1282: error: passing argument 2 of
?nestedhvm_hap_nested_page_fault? from incompatible pointer type
/local/scratch/ianc/devel/xen-unstable.hg/xen/include/asm/hvm/nestedhvm.h:55:
note: expected ?paddr_t *? but argument is of type ?long unsigned
int *?
hvm_hap_nested_page_fault takes an unsigned long gpa and passes &gpa
to nestedhvm_hap_nested_page_fault which takes a paddr_t *. Since both
of the callers of hvm_hap_nested_page_fault (svm_do_nested_pgfault and
ept_handle_violation) actually have the gpa which they pass to
hvm_hap_nested_page_fault as a paddr_t I think it makes sense to
change the argument to hvm_hap_nested_page_fault.
The other user of gpa in hvm_hap_nested_page_fault is a call to
p2m_mem_access_check, which currently also takes a paddr_t gpa but I
think a paddr_t is appropriate there too.
Jan points out that this is also an issue for >4GB guests on the 32
bit hypervisor.
Signed-off-by: Ian Campbell <ian.campbell@citrix.com>
Acked-by: Jan Beulich <jbeulich@suse.com>
Acked-by: Tim Deegan <tim@xen.org>
Committed-by: Ian Campbell <ian.campbell@citrix.com>
xen-unstable changeset: 25724:612898732e66
xen-unstable date: Fri Aug 03 09:54:17 2012 +0100
Backported-by: Keir Fraser <keir@xen.org>
(qemu changes not included)