flight 13516 xen-unstable real [real]
http://www.chiark.greenend.org.uk/~xensrcts/logs/13516/
Regressions :-(
Tests which did not succeed and are blocking,
including tests which could not be run:
 test-amd64-i386-qemuu-rhel6hvm-amd 11 leak-check/check    fail REGR. vs. 13513
 test-amd64-i386-rhel6hvm-amd 11 leak-check/check          fail REGR. vs. 13513
 test-amd64-i386-qemuu-rhel6hvm-intel 11 leak-check/check  fail REGR. vs. 13513
 test-amd64-i386-rhel6hvm-intel 11 leak-check/check        fail REGR. vs. 13513
 test-amd64-i386-xl           18 leak-check/check          fail REGR. vs. 13513
 test-i386-i386-xl            18 leak-check/check          fail REGR. vs. 13513
 test-amd64-amd64-xl          18 leak-check/check          fail REGR. vs. 13513
 test-amd64-i386-xl-multivcpu 18 leak-check/check          fail REGR. vs. 13513
 test-amd64-i386-xl-credit2   18 leak-check/check          fail REGR. vs. 13513
Regressions which are regarded as allowable (not blocking):
 test-amd64-amd64-xl-sedf-pin 10 guest-saverestore         fail REGR. vs. 13513
 test-amd64-amd64-xl-sedf     18 leak-check/check          fail REGR. vs. 13513
 test-amd64-amd64-xl-qemuu-winxpsp3  9 guest-localmigrate       fail like 13513
 test-i386-i386-xl-qemuu-winxpsp3  9 guest-localmigrate         fail like 13513
 test-amd64-amd64-xl-qemuu-win7-amd64  9 guest-localmigrate     fail like 13513
Tests which did not succeed, but are not blocking:
 test-amd64-amd64-xl-pcipt-intel  9 guest-start                 fail never pass
 test-amd64-i386-xend-winxpsp3 16 leak-check/check             fail  never pass
 test-amd64-amd64-win         16 leak-check/check             fail   never pass
 test-amd64-i386-xl-win-vcpus1 13 guest-stop                   fail  never pass
 test-amd64-i386-win-vcpus1   16 leak-check/check             fail   never pass
 test-amd64-amd64-xl-winxpsp3 13 guest-stop                   fail   never pass
 test-amd64-i386-xl-win7-amd64 13 guest-stop                   fail  never pass
 test-i386-i386-xl-winxpsp3   13 guest-stop                   fail   never pass
 test-amd64-i386-win          16 leak-check/check             fail   never pass
 test-amd64-i386-xl-winxpsp3-vcpus1 13 guest-stop               fail never pass
 test-amd64-amd64-xl-win7-amd64 13 guest-stop                   fail never pass
 test-i386-i386-win           16 leak-check/check             fail   never pass
 test-amd64-amd64-xl-win      13 guest-stop                   fail   never pass
 test-i386-i386-xl-win        13 guest-stop                   fail   never pass
version targeted for testing:
 xen                  131148d57fa2
baseline version:
 xen                  b0fc6f8d5066
------------------------------------------------------------
People who touched revisions under test:
  Andre Przywara <andre.przywara@amd.com>
  Christoph Egger <Christoph.Egger@amd.com>
  Dario Faggioli <dario.faggioli@citrix.com>
  George Dunlap <george.dunlap@eu.citrix.com>
  Ian Campbell <ian.campbell@citrix.com>
  Ian Campbell <ian.campbell@eu.citrix.com>
  Ian Jackson <ian.jackson@eu.citrix.com>
  Ian Jackson<ian.jackson@eu.citrix.com>
  Jan Beulich <jbeulich@suse.com>
  Keir Fraser <keir@xen.org>
  Olaf Hering <olaf@aepfle.de>
  Roger Pau Monne <roger.pau@citrix.com>
  Tim Deegan <tim@xen.org>
------------------------------------------------------------
jobs:
 build-amd64                                                  pass    
 build-i386                                                   pass    
 build-amd64-oldkern                                          pass    
 build-i386-oldkern                                           pass    
 build-amd64-pvops                                            pass    
 build-i386-pvops                                             pass    
 test-amd64-amd64-xl                                          fail    
 test-amd64-i386-xl                                           fail    
 test-i386-i386-xl                                            fail    
 test-amd64-i386-rhel6hvm-amd                                 fail    
 test-amd64-i386-qemuu-rhel6hvm-amd                           fail    
 test-amd64-amd64-xl-qemuu-win7-amd64                         fail    
 test-amd64-amd64-xl-win7-amd64                               fail    
 test-amd64-i386-xl-win7-amd64                                fail    
 test-amd64-i386-xl-credit2                                   fail    
 test-amd64-amd64-xl-pcipt-intel                              fail    
 test-amd64-i386-rhel6hvm-intel                               fail    
 test-amd64-i386-qemuu-rhel6hvm-intel                         fail    
 test-amd64-i386-xl-multivcpu                                 fail    
 test-amd64-amd64-pair                                        pass    
 test-amd64-i386-pair                                         pass    
 test-i386-i386-pair                                          pass    
 test-amd64-amd64-xl-sedf-pin                                 fail    
 test-amd64-amd64-pv                                          pass    
 test-amd64-i386-pv                                           pass    
 test-i386-i386-pv                                            pass    
 test-amd64-amd64-xl-sedf                                     fail    
 test-amd64-i386-win-vcpus1                                   fail    
 test-amd64-i386-xl-win-vcpus1                                fail    
 test-amd64-i386-xl-winxpsp3-vcpus1                           fail    
 test-amd64-amd64-win                                         fail    
 test-amd64-i386-win                                          fail    
 test-i386-i386-win                                           fail    
 test-amd64-amd64-xl-win                                      fail    
 test-i386-i386-xl-win                                        fail    
 test-amd64-amd64-xl-qemuu-winxpsp3                           fail    
 test-i386-i386-xl-qemuu-winxpsp3                             fail    
 test-amd64-i386-xend-winxpsp3                                fail    
 test-amd64-amd64-xl-winxpsp3                                 fail    
 test-i386-i386-xl-winxpsp3                                   fail    
------------------------------------------------------------
sg-report-flight on woking.cam.xci-test.com
logs: /home/xc_osstest/logs
images: /home/xc_osstest/images
Logs, config files, etc. are available at
    http://www.chiark.greenend.org.uk/~xensrcts/logs
Test harness code can be found at
    http://xenbits.xensource.com/gitweb?p=osstest.git;a=summary
Not pushing.
(No revision log; it would be 418 lines long.)