flight 13480 linux-3.0 real [real]
http://www.chiark.greenend.org.uk/~xensrcts/logs/13480/
Regressions :-(
Tests which did not succeed and are blocking,
including tests which could not be run:
test-amd64-amd64-xl-winxpsp3 5 xen-boot fail REGR. vs. 13368
Regressions which are regarded as allowable (not blocking):
test-amd64-amd64-xl-qemuu-winxpsp3 9 guest-localmigrate fail REGR. vs. 13368
test-amd64-amd64-xl-qemuu-win7-amd64 9 guest-localmigrate fail REGR. vs. 13368
test-i386-i386-xl-qemuu-winxpsp3 9 guest-localmigrate fail REGR. vs. 13368
Tests which did not succeed, but are not blocking:
test-amd64-amd64-xl-pcipt-intel 8 debian-fixup fail never pass
test-amd64-i386-xl-win-vcpus1 13 guest-stop fail never pass
test-i386-i386-win 16 leak-check/check fail never pass
test-amd64-i386-xl-win7-amd64 13 guest-stop fail never pass
test-i386-i386-xl-win 13 guest-stop fail never pass
test-amd64-amd64-win 16 leak-check/check fail never pass
test-amd64-i386-win-vcpus1 16 leak-check/check fail never pass
test-amd64-i386-xl-winxpsp3-vcpus1 13 guest-stop fail never pass
test-amd64-i386-xend-winxpsp3 16 leak-check/check fail never pass
test-amd64-amd64-xl-win7-amd64 13 guest-stop fail never pass
test-amd64-i386-win 16 leak-check/check fail never pass
test-i386-i386-xl-winxpsp3 13 guest-stop fail never pass
test-amd64-amd64-xl-win 13 guest-stop fail never pass
version targeted for testing:
linux ab78f676b9218240a6e8b2265db3fbc98a896811
baseline version:
linux c0bd4b6a0c6c0d42235920fb7ddd7110c86e2adb
------------------------------------------------------------
People who touched revisions under test:
------------------------------------------------------------
jobs:
build-amd64 pass
build-i386 pass
build-amd64-pvops pass
build-i386-pvops pass
test-amd64-amd64-xl pass
test-amd64-i386-xl pass
test-i386-i386-xl pass
test-amd64-i386-rhel6hvm-amd pass
test-amd64-i386-qemuu-rhel6hvm-amd pass
test-amd64-amd64-xl-qemuu-win7-amd64 fail
test-amd64-amd64-xl-win7-amd64 fail
test-amd64-i386-xl-win7-amd64 fail
test-amd64-i386-xl-credit2 pass
test-amd64-amd64-xl-pcipt-intel fail
test-amd64-i386-rhel6hvm-intel pass
test-amd64-i386-qemuu-rhel6hvm-intel pass
test-amd64-i386-xl-multivcpu pass
test-amd64-amd64-pair pass
test-amd64-i386-pair pass
test-i386-i386-pair pass
test-amd64-amd64-xl-sedf-pin pass
test-amd64-amd64-pv pass
test-amd64-i386-pv pass
test-i386-i386-pv pass
test-amd64-amd64-xl-sedf pass
test-amd64-i386-win-vcpus1 fail
test-amd64-i386-xl-win-vcpus1 fail
test-amd64-i386-xl-winxpsp3-vcpus1 fail
test-amd64-amd64-win fail
test-amd64-i386-win fail
test-i386-i386-win fail
test-amd64-amd64-xl-win fail
test-i386-i386-xl-win fail
test-amd64-amd64-xl-qemuu-winxpsp3 fail
test-i386-i386-xl-qemuu-winxpsp3 fail
test-amd64-i386-xend-winxpsp3 fail
test-amd64-amd64-xl-winxpsp3 fail
test-i386-i386-xl-winxpsp3 fail
------------------------------------------------------------
sg-report-flight on woking.cam.xci-test.com
logs: /home/xc_osstest/logs
images: /home/xc_osstest/images
Logs, config files, etc. are available at
http://www.chiark.greenend.org.uk/~xensrcts/logs
Test harness code can be found at
http://xenbits.xensource.com/gitweb?p=osstest.git;a=summary
Not pushing.
------------------------------------------------------------
commit ab78f676b9218240a6e8b2265db3fbc98a896811
Author: Greg Kroah-Hartman <gregkh@linuxfoundation.org>
Date: Mon Jul 16 09:15:38 2012 -0700
Linux 3.0.37