flight 13385 xen-unstable real [real]
http://www.chiark.greenend.org.uk/~xensrcts/logs/13385/
Regressions :-(
Tests which did not succeed and are blocking,
including tests which could not be run:
build-amd64 4 xen-build fail REGR. vs. 13379
test-i386-i386-xl-qemuu-winxpsp3 9 guest-localmigrate fail REGR. vs. 13379
Tests which did not succeed, but are not blocking:
test-amd64-amd64-xl-pcipt-intel 1 xen-build-check(1) blocked n/a
test-amd64-i386-qemuu-rhel6hvm-amd 1 xen-build-check(1) blocked n/a
test-amd64-i386-rhel6hvm-amd 1 xen-build-check(1) blocked n/a
test-amd64-i386-qemuu-rhel6hvm-intel 1 xen-build-check(1) blocked n/a
test-amd64-i386-rhel6hvm-intel 1 xen-build-check(1) blocked n/a
test-amd64-i386-pv 1 xen-build-check(1) blocked n/a
test-amd64-amd64-pv 1 xen-build-check(1) blocked n/a
test-amd64-i386-xl 1 xen-build-check(1) blocked n/a
test-amd64-i386-xl-credit2 1 xen-build-check(1) blocked n/a
test-amd64-amd64-xl-sedf 1 xen-build-check(1) blocked n/a
test-amd64-amd64-pair 1 xen-build-check(1) blocked n/a
test-amd64-i386-xend-winxpsp3 1 xen-build-check(1) blocked n/a
test-amd64-amd64-win 1 xen-build-check(1) blocked n/a
test-amd64-i386-xl-multivcpu 1 xen-build-check(1) blocked n/a
test-amd64-i386-win-vcpus1 1 xen-build-check(1) blocked n/a
test-amd64-amd64-xl-sedf-pin 1 xen-build-check(1) blocked n/a
test-amd64-amd64-xl 1 xen-build-check(1) blocked n/a
test-amd64-i386-win 1 xen-build-check(1) blocked n/a
test-amd64-i386-pair 1 xen-build-check(1) blocked n/a
test-i386-i386-win 16 leak-check/check fail never pass
test-amd64-amd64-xl-win7-amd64 1 xen-build-check(1) blocked n/a
test-amd64-amd64-xl-qemuu-winxpsp3 1 xen-build-check(1) blocked n/a
test-amd64-amd64-xl-win 1 xen-build-check(1) blocked n/a
test-amd64-i386-xl-win7-amd64 1 xen-build-check(1) blocked n/a
test-i386-i386-xl-win 13 guest-stop fail never pass
test-amd64-amd64-xl-qemuu-win7-amd64 1 xen-build-check(1) blocked n/a
test-amd64-i386-xl-win-vcpus1 1 xen-build-check(1) blocked n/a
test-amd64-amd64-xl-winxpsp3 1 xen-build-check(1) blocked n/a
test-i386-i386-xl-winxpsp3 13 guest-stop fail never pass
test-amd64-i386-xl-winxpsp3-vcpus1 1 xen-build-check(1) blocked n/a
version targeted for testing:
xen 0455d8317631
baseline version:
xen 4f92bdf3370c
------------------------------------------------------------
People who touched revisions under test:
Andres Lagar-Cavilla <andres@lagarcavilla.org>
Dario Faggioli <dario.faggioli@citrix.com>
Dario Faggioli <raistlin@linux.it>
George Dunlap <george.dunlap@eu.citrix.com>
Ian Campbell <ian.campbell@citrix.com>
Ian Jackson <ian.jackson@eu.citrix.com>
Jan Beulich <jbeulich@suse.com>
Keir Fraser <keir@xen.org>
Roger Pau Monne <roger.pau@entel.upc.edu>
Stefano Stabellini <stefano.stabellini@eu.citrix.com>
Tim Deegan <tim@xen.org>
Yang Zhang <yang.z.zhang@Intel.com>
------------------------------------------------------------
jobs:
build-amd64 fail
build-i386 pass
build-amd64-oldkern pass
build-i386-oldkern pass
build-amd64-pvops pass
build-i386-pvops pass
test-amd64-amd64-xl blocked
test-amd64-i386-xl blocked
test-i386-i386-xl pass
test-amd64-i386-rhel6hvm-amd blocked
test-amd64-i386-qemuu-rhel6hvm-amd blocked
test-amd64-amd64-xl-qemuu-win7-amd64 blocked
test-amd64-amd64-xl-win7-amd64 blocked
test-amd64-i386-xl-win7-amd64 blocked
test-amd64-i386-xl-credit2 blocked
test-amd64-amd64-xl-pcipt-intel blocked
test-amd64-i386-rhel6hvm-intel blocked
test-amd64-i386-qemuu-rhel6hvm-intel blocked
test-amd64-i386-xl-multivcpu blocked
test-amd64-amd64-pair blocked
test-amd64-i386-pair blocked
test-i386-i386-pair pass
test-amd64-amd64-xl-sedf-pin blocked
test-amd64-amd64-pv blocked
test-amd64-i386-pv blocked
test-i386-i386-pv pass
test-amd64-amd64-xl-sedf blocked
test-amd64-i386-win-vcpus1 blocked
test-amd64-i386-xl-win-vcpus1 blocked
test-amd64-i386-xl-winxpsp3-vcpus1 blocked
test-amd64-amd64-win blocked
test-amd64-i386-win blocked
test-i386-i386-win fail
test-amd64-amd64-xl-win blocked
test-i386-i386-xl-win fail
test-amd64-amd64-xl-qemuu-winxpsp3 blocked
test-i386-i386-xl-qemuu-winxpsp3 fail
test-amd64-i386-xend-winxpsp3 blocked
test-amd64-amd64-xl-winxpsp3 blocked
test-i386-i386-xl-winxpsp3 fail
------------------------------------------------------------
sg-report-flight on woking.cam.xci-test.com
logs: /home/xc_osstest/logs
images: /home/xc_osstest/images
Logs, config files, etc. are available at
http://www.chiark.greenend.org.uk/~xensrcts/logs
Test harness code can be found at
http://xenbits.xensource.com/gitweb?p=osstest.git;a=summary
Not pushing.
(No revision log; it would be 863 lines long.)
On Fri, 2012-06-29 at 01:09 +0100, xen.org wrote:> flight 13385 xen-unstable real [real] > http://www.chiark.greenend.org.uk/~xensrcts/logs/13385/ > > Regressions :-( > > Tests which did not succeed and are blocking, > including tests which could not be run: > build-amd64 4 xen-build fail REGR. vs. 13379gcc -O1 -fno-omit-frame-pointer -m64 -g -fno-strict-aliasing -std=gnu99 -Wall -Wstrict-prototypes -Wdeclaration-after-statement -D__XEN_TOOLS__ -MMD -MF ._libxl_save_msgs_helper.o.d -D_LARGEFILE_SOURCE -D_LARGEFILE64_SOURCE -fno-optimize-sibling-calls -Werror -Wno-format-zero-length -Wmissing-declarations -Wno-declaration-after-statement -Wformat-nonliteral -I. -fPIC -pthread -I/home/osstest/build.13385.build-amd64/xen-unstable/tools/libxl/../../tools/libxc -I/home/osstest/build.13385.build-amd64/xen-unstable/tools/libxl/../../tools/include -c -o _libxl_save_msgs_helper.o _libxl_save_msgs_helper.c In file included from libxl_save_helper.c:44: libxl.h:346:26: error: _libxl_types.h: No such file or directory In file included from libxl_save_helper.c:44: libxl.h:348: error: expected ''='', '','', '';'', ''asm'' or ''__attribute__'' before ''*'' token [...etc...] ./libxl_event.h:66: error: expected '';'' before ''void'' make[3]: *** [libxl_save_helper.o] Error 1 make[3]: *** Waiting for unfinished jobs.... Parsing libxl_types_internal.idl Parsing libxl_types.idl Dependencies on the autogenerated code aren''t quite right. 8<--------------------------------- # HG changeset patch # User Ian Campbell <ian.campbell@citrix.com> # Date 1340953509 -3600 # Node ID c5b08c577c7fba45724f4a0f84abf576c6299b9c # Parent 0455d8317631b74c436fd2fadc6dc1c0cc86cb86 libxl: make libxl-save-helper depend on the autogenerated code targets Signed-off-by: Ian Campbell <ian.campbell@citrix.com> diff -r 0455d8317631 -r c5b08c577c7f tools/libxl/Makefile --- a/tools/libxl/Makefile Thu Jun 28 18:43:28 2012 +0100 +++ b/tools/libxl/Makefile Fri Jun 29 08:05:09 2012 +0100 @@ -100,7 +100,7 @@ testidl.c: libxl_types.idl gentest.py li all: $(CLIENTS) libxenlight.so libxenlight.a libxlutil.so libxlutil.a \ $(AUTOSRCS) $(AUTOINCS) -$(LIBXL_OBJS) $(LIBXLU_OBJS) $(XL_OBJS): $(AUTOINCS) +$(LIBXL_OBJS) $(LIBXLU_OBJS) $(XL_OBJS) $(SAVE_HELPER_OBJS): $(AUTOINCS) %.c %.h:: %.y @rm -f $*.[ch] @@ -134,7 +134,7 @@ libxl_internal.h: _libxl_types_internal. libxl_internal_json.h: _libxl_types_internal_json.h xl.h: _paths.h -$(LIBXL_OBJS) $(LIBXLU_OBJS) $(XL_OBJS): libxl.h +$(LIBXL_OBJS) $(LIBXLU_OBJS) $(XL_OBJS) $(SAVE_HELPER_OBJS): libxl.h $(LIBXL_OBJS): libxl_internal.h _libxl_type%.h _libxl_type%_json.h _libxl_type%.c: libxl_type%.idl gentypes.py idl.py
Ian Campbell writes ("Re: [Xen-devel] [xen-unstable test] 13385:
regressions - FAIL"):> In file included from libxl_save_helper.c:44:
> libxl.h:346:26: error: _libxl_types.h: No such file or directory
Thanks for looking into this. I guess it WFM because I normally have
everything in ccache, and I''m just (un)lucky.
> libxl: make libxl-save-helper depend on the autogenerated code targets
Acked-by: Ian Jackson <ian.jackson@eu.citrix.com>
Committed-by: Ian Jackson <ian.jackson@eu.citrix.com>
> diff -r 0455d8317631 -r c5b08c577c7f tools/libxl/Makefile
...> -$(LIBXL_OBJS) $(LIBXLU_OBJS) $(XL_OBJS): $(AUTOINCS)
> +$(LIBXL_OBJS) $(LIBXLU_OBJS) $(XL_OBJS) $(SAVE_HELPER_OBJS): $(AUTOINCS)
This part is of course the entirely correct fix; I should have done
this.
> -$(LIBXL_OBJS) $(LIBXLU_OBJS) $(XL_OBJS): libxl.h
> +$(LIBXL_OBJS) $(LIBXLU_OBJS) $(XL_OBJS) $(SAVE_HELPER_OBJS): libxl.h
> $(LIBXL_OBJS): libxl_internal.h
This part is mad but currently necessary. The root cause of the
problem is, as you guessed (pers. comm.), this:
libxl.h: _libxl_types.h
libxl_json.h: _libxl_types_json.h
libxl_internal.h: _libxl_types_internal.h _paths.h
libxl_internal_json.h: _libxl_types_internal_json.h
and this:
AUTOINCS= libxlu_cfg_y.h libxlu_cfg_l.h _libxl_list.h _paths.h \
_libxl_save_msgs_callout.h _libxl_save_msgs_helper.h
Note lack of _libsl_types*.h.
I think we can wait with fixing this until post-4.2.
Ian.