flight 13373 xen-unstable real [real]
http://www.chiark.greenend.org.uk/~xensrcts/logs/13373/
Regressions :-(
Tests which did not succeed and are blocking,
including tests which could not be run:
test-amd64-i386-xl-win-vcpus1 7 windows-install fail REGR. vs. 13372
Regressions which are regarded as allowable (not blocking):
test-amd64-amd64-xl-qemuu-win7-amd64 12 guest-localmigrate/x10 fail like 13371
Tests which did not succeed, but are not blocking:
test-amd64-amd64-xl-pcipt-intel 9 guest-start fail never pass
test-amd64-i386-qemuu-rhel6hvm-amd 11 leak-check/check fail never pass
test-amd64-i386-rhel6hvm-amd 11 leak-check/check fail never pass
test-amd64-i386-qemuu-rhel6hvm-intel 11 leak-check/check fail never pass
test-amd64-i386-rhel6hvm-intel 11 leak-check/check fail never pass
test-amd64-i386-xend-winxpsp3 16 leak-check/check fail never pass
test-amd64-amd64-win 16 leak-check/check fail never pass
test-amd64-i386-win-vcpus1 16 leak-check/check fail never pass
test-amd64-i386-win 16 leak-check/check fail never pass
test-i386-i386-win 16 leak-check/check fail never pass
test-amd64-amd64-xl-win7-amd64 13 guest-stop fail never pass
test-amd64-amd64-xl-qemuu-winxpsp3 13 guest-stop fail never pass
test-amd64-amd64-xl-win 13 guest-stop fail never pass
test-amd64-i386-xl-win7-amd64 13 guest-stop fail never pass
test-i386-i386-xl-win 13 guest-stop fail never pass
test-i386-i386-xl-qemuu-winxpsp3 13 guest-stop fail never pass
test-amd64-amd64-xl-winxpsp3 13 guest-stop fail never pass
test-i386-i386-xl-winxpsp3 13 guest-stop fail never pass
test-amd64-i386-xl-winxpsp3-vcpus1 13 guest-stop fail never pass
version targeted for testing:
xen 4f92bdf3370c
baseline version:
xen c6c9d20963d7
------------------------------------------------------------
People who touched revisions under test:
Dario Faggioli <dario.faggioli@citrix.com>
Ian Campbell <ian.campbell@citrix.com>
Ian Jackson <ian.jackson@eu.citrix.com>
Jan Beulich <jbeulich@suse.com>
Roger Pau Monne <roger.pau@citrix.com>
Stefano Stabellini <stefano.stabellini@eu.citrix.com>
------------------------------------------------------------
jobs:
build-amd64 pass
build-i386 pass
build-amd64-oldkern pass
build-i386-oldkern pass
build-amd64-pvops pass
build-i386-pvops pass
test-amd64-amd64-xl pass
test-amd64-i386-xl pass
test-i386-i386-xl pass
test-amd64-i386-rhel6hvm-amd fail
test-amd64-i386-qemuu-rhel6hvm-amd fail
test-amd64-amd64-xl-qemuu-win7-amd64 fail
test-amd64-amd64-xl-win7-amd64 fail
test-amd64-i386-xl-win7-amd64 fail
test-amd64-i386-xl-credit2 pass
test-amd64-amd64-xl-pcipt-intel fail
test-amd64-i386-rhel6hvm-intel fail
test-amd64-i386-qemuu-rhel6hvm-intel fail
test-amd64-i386-xl-multivcpu pass
test-amd64-amd64-pair pass
test-amd64-i386-pair pass
test-i386-i386-pair pass
test-amd64-amd64-xl-sedf-pin pass
test-amd64-amd64-pv pass
test-amd64-i386-pv pass
test-i386-i386-pv pass
test-amd64-amd64-xl-sedf pass
test-amd64-i386-win-vcpus1 fail
test-amd64-i386-xl-win-vcpus1 fail
test-amd64-i386-xl-winxpsp3-vcpus1 fail
test-amd64-amd64-win fail
test-amd64-i386-win fail
test-i386-i386-win fail
test-amd64-amd64-xl-win fail
test-i386-i386-xl-win fail
test-amd64-amd64-xl-qemuu-winxpsp3 fail
test-i386-i386-xl-qemuu-winxpsp3 fail
test-amd64-i386-xend-winxpsp3 fail
test-amd64-amd64-xl-winxpsp3 fail
test-i386-i386-xl-winxpsp3 fail
------------------------------------------------------------
sg-report-flight on woking.cam.xci-test.com
logs: /home/xc_osstest/logs
images: /home/xc_osstest/images
Logs, config files, etc. are available at
http://www.chiark.greenend.org.uk/~xensrcts/logs
Test harness code can be found at
http://xenbits.xensource.com/gitweb?p=osstest.git;a=summary
Not pushing.
------------------------------------------------------------
changeset: 25518:4f92bdf3370c
tag: tip
user: Jan Beulich <jbeulich@suse.com>
date: Wed Jun 27 09:36:43 2012 +0200
docs/xen-headers: allow headers to be symlinks
There''s no apparent reason not to permit this, and since we
don''t
support out-of-source-tree builds, the least overhead way of doing
multiple, differently configured (perhaps different architecture)
builds from a single source tree is to create symlinked build trees.
Signed-off-by: Jan Beulich <jbeulich@suse.com>
Acked-by: Ian Campbell <ian.campbell@citrix.com>
changeset: 25517:c6c9d20963d7
user: Dario Faggioli <raistlin@linux.it>
date: Tue Jun 26 17:00:20 2012 +0100
libxl: fix a typo in the GCREALLOC_ARRAY macro
Causing a build failure when trying to use it:
xxx: error: expected '';'' before '')''
token
xxx: error: expected statement before '')'' token
Signed-off-by: Dario Faggioli <dario.faggioli@citrix.com>
Committed-by: Ian Campbell <ian.campbell@citrix.com>
=======================================commit
50c553be472c9f4b05a0526c0aae98709ca9ffff
Author: Roger Pau Monne <roger.pau@citrix.com>
Date: Thu Jun 7 19:44:01 2012 +0100
qemu-xen-trad: fix sys-queue.h usage on BSD systems
BSD systems already have a sys/queue.h file, which has more macros
than the one Qemu uses, and some header files depend on having that
macros defined (sys/disk.h for example). Disable sys-queue.h on BSD
systems and include the native one.
This is not a backport because the original patch is too dificult to
backport, it''s commit 72cf2d4f0e181d0d3a3122e04129c58a95da713e.
Doing a diff -bB shows that the Qemu version is just a stripped
version of the original NetBSD header, with many macros removed, but
no new ones added.
Signed-off-by: Roger Pau Monne <roger.pau@citrix.com>
Acked-by: Stefano Stabellini <stefano.stabellini@eu.citrix.com>
Acked-by: Ian Jackson <ian.jackson@eu.citrix.com>