flight 12787 linux-3.0 real [real]
http://www.chiark.greenend.org.uk/~xensrcts/logs/12787/
Failures :-/ but no regressions.
Tests which are failing intermittently (not blocking):
test-amd64-amd64-win 12 guest-localmigrate/x10 fail pass in 12768
test-i386-i386-xl 3 host-install(3) broken in 12768 pass in 12787
test-i386-i386-pv 3 host-install(3) broken in 12768 pass in 12787
test-amd64-i386-xl 3 host-install(3) broken in 12768 pass in 12787
test-amd64-i386-pv 3 host-install(3) broken in 12768 pass in 12787
test-amd64-i386-xl-multivcpu 3 host-install(3) broken in 12768 pass in 12787
test-amd64-i386-rhel6hvm-amd 3 host-install(3) broken in 12768 pass in 12787
Tests which did not succeed, but are not blocking:
test-amd64-amd64-xl-pcipt-intel 8 debian-fixup fail never pass
test-amd64-i386-qemuu-rhel6hvm-amd 9 guest-start.2 fail never pass
test-amd64-i386-qemuu-rhel6hvm-intel 9 guest-start.2 fail never pass
test-amd64-amd64-xl-winxpsp3 13 guest-stop fail never pass
test-amd64-i386-xend-winxpsp3 16 leak-check/check fail never pass
test-amd64-amd64-xl-win7-amd64 13 guest-stop fail never pass
test-i386-i386-xl-qemuu-winxpsp3 8 guest-saverestore fail never pass
test-amd64-amd64-xl-qemuu-win7-amd64 8 guest-saverestore fail never pass
test-amd64-amd64-xl-qemuu-winxpsp3 8 guest-saverestore fail never pass
test-amd64-i386-win-vcpus1 16 leak-check/check fail never pass
test-amd64-i386-win 16 leak-check/check fail never pass
test-amd64-i386-xl-win7-amd64 13 guest-stop fail never pass
test-i386-i386-win 16 leak-check/check fail never pass
test-amd64-i386-xl-winxpsp3-vcpus1 13 guest-stop fail never pass
test-amd64-i386-xl-win-vcpus1 13 guest-stop fail never pass
test-i386-i386-xl-win 13 guest-stop fail never pass
test-i386-i386-xl-winxpsp3 13 guest-stop fail never pass
test-amd64-amd64-xl-win 13 guest-stop fail never pass
test-amd64-amd64-win 16 leak-check/check fail in 12768 never pass
version targeted for testing:
linux f1c84a5cb52ee2915457b481c756fcc1dfe6a471
baseline version:
linux 0527fde0639955203ad48a9fd83bd6fc35e82e07
jobs:
build-amd64 pass
build-i386 pass
build-amd64-pvops pass
build-i386-pvops pass
test-amd64-amd64-xl pass
test-amd64-i386-xl pass
test-i386-i386-xl pass
test-amd64-i386-rhel6hvm-amd pass
test-amd64-i386-qemuu-rhel6hvm-amd fail
test-amd64-amd64-xl-qemuu-win7-amd64 fail
test-amd64-amd64-xl-win7-amd64 fail
test-amd64-i386-xl-win7-amd64 fail
test-amd64-i386-xl-credit2 pass
test-amd64-amd64-xl-pcipt-intel fail
test-amd64-i386-rhel6hvm-intel pass
test-amd64-i386-qemuu-rhel6hvm-intel fail
test-amd64-i386-xl-multivcpu pass
test-amd64-amd64-pair pass
test-amd64-i386-pair pass
test-i386-i386-pair pass
test-amd64-amd64-xl-sedf-pin pass
test-amd64-amd64-pv pass
test-amd64-i386-pv pass
test-i386-i386-pv pass
test-amd64-amd64-xl-sedf pass
test-amd64-i386-win-vcpus1 fail
test-amd64-i386-xl-win-vcpus1 fail
test-amd64-i386-xl-winxpsp3-vcpus1 fail
test-amd64-amd64-win fail
test-amd64-i386-win fail
test-i386-i386-win fail
test-amd64-amd64-xl-win fail
test-i386-i386-xl-win fail
test-amd64-amd64-xl-qemuu-winxpsp3 fail
test-i386-i386-xl-qemuu-winxpsp3 fail
test-amd64-i386-xend-winxpsp3 fail
test-amd64-amd64-xl-winxpsp3 fail
test-i386-i386-xl-winxpsp3 fail
------------------------------------------------------------
sg-report-flight on woking.cam.xci-test.com
logs: /home/xc_osstest/logs
images: /home/xc_osstest/images
Logs, config files, etc. are available at
http://www.chiark.greenend.org.uk/~xensrcts/logs
Test harness code can be found at
http://xenbits.xensource.com/gitweb?p=osstest.git;a=summary
Pushing revision :
+ branch=linux-3.0
+ revision=f1c84a5cb52ee2915457b481c756fcc1dfe6a471
+ . cri-lock-repos
++ . cri-common
+++ umask 002
+++ getconfig Repos
+++ perl -e ''
use Osstest;
readconfigonly();
print $c{Repos} or die $!;
''
++ repos=/export/home/osstest/repos
++ repos_lock=/export/home/osstest/repos/lock
++ ''['' x ''!=''
x/export/home/osstest/repos/lock '']''
++ OSSTEST_REPOS_LOCK_LOCKED=/export/home/osstest/repos/lock
++ exec with-lock-ex -w /export/home/osstest/repos/lock ./ap-push linux-3.0
f1c84a5cb52ee2915457b481c756fcc1dfe6a471
+ branch=linux-3.0
+ revision=f1c84a5cb52ee2915457b481c756fcc1dfe6a471
+ . cri-lock-repos
++ . cri-common
+++ umask 002
+++ getconfig Repos
+++ perl -e ''
use Osstest;
readconfigonly();
print $c{Repos} or die $!;
''
++ repos=/export/home/osstest/repos
++ repos_lock=/export/home/osstest/repos/lock
++ ''['' x/export/home/osstest/repos/lock ''!=''
x/export/home/osstest/repos/lock '']''
+ . cri-common
++ umask 002
+ select_xenbranch
+ case "$branch" in
+ tree=linux
+ xenbranch=xen-unstable
+ ''['' xlinux = xlinux '']''
+ linuxbranch=linux-3.0
+ : master
+ : tested/2.6.39.x
+ . ap-common
++ : xen@xenbits.xensource.com
++ : http://xenbits.xen.org/staging/xen-unstable.hg
++ : git://xenbits.xen.org/staging/qemu-xen-unstable.git
++ : git://git.kernel.org
++ : git://git.kernel.org/pub/scm/linux/kernel/git
++ : git
++ : git://git.kernel.org/pub/scm/linux/kernel/git/stable/linux-stable.git
++ : master
++ : xen@xenbits.xensource.com:git/linux-pvops.git
++ : git://xenbits.xen.org/linux-pvops.git
++ : master
++ : git://git.kernel.org/pub/scm/linux/kernel/git/konrad/xen.git
++ : tested/2.6.39.x
++ : daily-cron.linux-3.0
++ : http://hg.uk.xensource.com/carbon/trunk/linux-2.6.27
++ : git://xenbits.xen.org/staging/qemu-upstream-unstable.git
++ : daily-cron.linux-3.0
+ TREE_LINUX=xen@xenbits.xensource.com:git/linux-pvops.git
+ TREE_QEMU_UPSTREAM=xen@xenbits.xensource.com:git/qemu-upstream-unstable.git
+ info_linux_tree linux-3.0
+ case $1 in
+ : git://git.kernel.org/pub/scm/linux/kernel/git/stable/linux-stable.git
+ : linux-3.0.y
+ : linux-3.0.y
+ : git
+ : git
+ : git://xenbits.xen.org/linux-pvops.git
+ : xen@xenbits.xensource.com:git/linux-pvops.git
+ : tested/linux-3.0
+ : tested/linux-3.0
+ return 0
+ cd /export/home/osstest/repos/linux
+ git push xen@xenbits.xensource.com:git/linux-pvops.git
f1c84a5cb52ee2915457b481c756fcc1dfe6a471:tested/linux-3.0
Counting objects: 1
Counting objects: 932, done.
Compressing objects: 0% (1/153)
Compressing objects: 1% (2/153)
Compressing objects: 2% (4/153)
Compressing objects: 3% (5/153)
Compressing objects: 4% (7/153)
Compressing objects: 5% (8/153)
Compressing objects: 6% (10/153)
Compressing objects: 7% (11/153)
Compressing objects: 8% (13/153)
Compressing objects: 9% (14/153)
Compressing objects: 10% (16/153)
Compressing objects: 11% (17/153)
Compressing objects: 12% (19/153)
Compressing objects: 13% (20/153)
Compressing objects: 14% (22/153)
Compressing objects: 15% (23/153)
Compressing objects: 16% (25/153)
Compressing objects: 17% (27/153)
Compressing objects: 18% (28/153)
Compressing objects: 19% (30/153)
Compressing objects: 20% (31/153)
Compressing objects: 21% (33/153)
Compressing objects: 22% (34/153)
Compressing objects: 23% (36/153)
Compressing objects: 24% (37/153)
Compressing objects: 25% (39/153)
Compressing objects: 26% (40/153)
Compressing objects: 27% (42/153)
Compressing objects: 28% (43/153)
Compressing objects: 29% (45/153)
Compressing objects: 30% (46/153)
Compressing objects: 31% (48/153)
Compressing objects: 32% (49/153)
Compressing objects: 33% (51/153)
Compressing objects: 34% (53/153)
Compressing objects: 35% (54/153)
Compressing objects: 36% (56/153)
Compressing objects: 37% (57/153)
Compressing objects: 38% (59/153)
Compressing objects: 39% (60/153)
Compressing objects: 40% (62/153)
Compressing objects: 41% (63/153)
Compressing objects: 42% (65/153)
Compressing objects: 43% (66/153)
Compressing objects: 44% (68/153)
Compressing objects: 45% (69/153)
Compressing objects: 46% (71/153)
Compressing objects: 47% (72/153)
Compressing objects: 48% (74/153)
Compressing objects: 49% (75/153)
Compressing objects: 50% (77/153)
Compressing objects: 51% (79/153)
Compressing objects: 52% (80/153)
Compressing objects: 53% (82/153)
Compressing objects: 54% (83/153)
Compressing objects: 55% (85/153)
Compressing objects: 56% (86/153)
Compressing objects: 57% (88/153)
Compressing objects: 58% (89/153)
Compressing objects: 59% (91/153)
Compressing objects: 60% (92/153)
Compressing objects: 61% (94/153)
Compressing objects: 62% (95/153)
Compressing objects: 63% (97/153)
Compressing objects: 64% (98/153)
Compressing objects: 65% (100/153)
Compressing objects: 66% (101/153)
Compressing objects: 67% (103/153)
Compressing objects: 68% (105/153)
Compressing objects: 69% (106/153)
Compressing objects: 70% (108/153)
Compressing objects: 71% (109/153)
Compressing objects: 72% (111/153)
Compressing objects: 73% (112/153)
Compressing objects: 74% (114/153)
Compressing objects: 75% (115/153)
Compressing objects: 76% (117/153)
Compressing objects: 77% (118/153)
Compressing objects: 78% (120/153)
Compressing objects: 79% (121/153)
Compressing objects: 80% (123/153)
Compressing objects: 81% (124/153)
Compressing objects: 82% (126/153)
Compressing objects: 83% (127/153)
Compressing objects: 84% (129/153)
Compressing objects: 85% (131/153)
Compressing objects: 86% (132/153)
Compressing objects: 87% (134/153)
Compressing objects: 88% (135/153)
Compressing objects: 89% (137/153)
Compressing objects: 90% (138/153)
Compressing objects: 91% (140/153)
Compressing objects: 92% (141/153)
Compressing objects: 93% (143/153)
Compressing objects: 94% (144/153)
Compressing objects: 95% (146/153)
Compressing objects: 96% (147/153)
Compressing objects: 97% (149/153)
Compressing objects: 98% (150/153)
Compressing objects: 99% (152/153)
Compressing objects: 100% (153/153)
Compressing objects: 100% (153/153), done.
Writing objects: 0% (1/727)
Writing objects: 1% (8/727)
Writing objects: 2% (15/727)
Writing objects: 3% (22/727)
Writing objects: 4% (30/727)
Writing objects: 5% (37/727)
Writing objects: 6% (44/727)
Writing objects: 7% (51/727)
Writing objects: 8% (59/727)
Writing objects: 9% (66/727)
Writing objects: 10% (73/727)
Writing objects: 11% (80/727)
Writing objects: 12% (88/727)
Writing objects: 13% (95/727)
Writing objects: 14% (102/727)
Writing objects: 15% (110/727)
Writing objects: 16% (117/727)
Writing objects: 17% (124/727)
Writing objects: 18% (131/727)
Writing objects: 19% (139/727)
Writing objects: 20% (146/727)
Writing objects: 21% (154/727)
Writing objects: 22% (160/727)
Writing objects: 23% (168/727)
Writing objects: 24% (175/727)
Writing objects: 25% (182/727)
Writing objects: 26% (190/727)
Writing objects: 27% (197/727)
Writing objects: 28% (204/727)
Writing objects: 29% (211/727)
Writing objects: 30% (219/727)
Writing objects: 31% (226/727)
Writing objects: 32% (233/727)
Writing objects: 33% (240/727)
Writing objects: 34% (248/727)
Writing objects: 35% (255/727)
Writing objects: 36% (263/727)
Writing objects: 37% (269/727)
Writing objects: 38% (277/727)
Writing objects: 39% (284/727)
Writing objects: 40% (291/727)
Writing objects: 41% (299/727)
Writing objects: 42% (306/727)
Writing objects: 43% (314/727)
Writing objects: 44% (320/727)
Writing objects: 45% (328/727)
Writing objects: 46% (335/727)
Writing objects: 47% (342/727)
Writing objects: 48% (349/727)
Writing objects: 49% (357/727)
Writing objects: 50% (364/727)
Writing objects: 51% (371/727)
Writing objects: 52% (379/727)
Writing objects: 53% (386/727)
Writing objects: 54% (393/727)
Writing objects: 55% (400/727)
Writing objects: 56% (408/727)
Writing objects: 57% (415/727)
Writing objects: 58% (422/727)
Writing objects: 59% (429/727)
Writing objects: 60% (437/727)
Writing objects: 61% (444/727)
Writing objects: 62% (451/727)
Writing objects: 63% (459/727)
Writing objects: 64% (466/727)
Writing objects: 65% (473/727)
Writing objects: 66% (480/727)
Writing objects: 67% (488/727)
Writing objects: 68% (495/727)
Writing objects: 69% (502/727)
Writing objects: 70% (509/727)
Writing objects: 71% (517/727)
Writing objects: 72% (524/727)
Writing objects: 73% (531/727)
Writing objects: 74% (538/727)
Writing objects: 75% (546/727)
Writing objects: 76% (553/727)
Writing objects: 77% (560/727)
Writing objects: 78% (568/727)
Writing objects: 79% (575/727)
Writing objects: 80% (582/727)
Writing objects: 81% (589/727)
Writing objects: 82% (597/727)
Writing objects: 83% (604/727)
Writing objects: 84% (611/727)
Writing objects: 85% (618/727)
Writing objects: 86% (626/727)
Writing objects: 87% (633/727)
Writing objects: 88% (640/727)
Writing objects: 89% (648/727)
Writing objects: 90% (655/727)
Writing objects: 91% (662/727)
Writing objects: 92% (669/727)
Writing objects: 93% (677/727)
Writing objects: 94% (684/727)
Writing objects: 95% (691/727)
Writing objects: 96% (698/727)
Writing objects: 97% (706/727)
Writing objects: 98% (713/727)
Writing objects: 99% (720/727)
Writing objects: 100% (727/727)
Writing objects: 100% (727/727), 126.51 KiB, done.
Total 727 (delta 597), reused 702 (delta 572)
To xen@xenbits.xensource.com:git/linux-pvops.git
0527fde..f1c84a5 f1c84a5cb52ee2915457b481c756fcc1dfe6a471 ->
tested/linux-3.0
+ exit 0