flight 12779 xen-4.0-testing real [real]
http://www.chiark.greenend.org.uk/~xensrcts/logs/12779/
Failures and problems with tests :-(
Tests which did not succeed and are blocking,
including tests which could not be run:
test-i386-i386-pv 3 host-install(3) broken REGR. vs. 12707
test-amd64-i386-qemuu-rhel6hvm-amd 3 host-install(3) broken REGR. vs. 12707
test-amd64-i386-pv 3 host-install(3) broken REGR. vs. 12707
build-i386 2 host-install(2) broken in 12776 REGR. vs. 12707
Tests which are failing intermittently (not blocking):
test-amd64-amd64-xl-qemuu-win7-amd64 5 xen-boot fail pass in 12776
test-amd64-amd64-pv 3 host-install(3) broken in 12776 pass in 12779
Regressions which are regarded as allowable (not blocking):
test-amd64-amd64-xl-sedf 14 guest-localmigrate/x10 fail blocked in 12707
Tests which did not succeed, but are not blocking:
test-amd64-amd64-xl-pcipt-intel 8 debian-fixup fail never pass
test-amd64-i386-xl-multivcpu 15 guest-stop fail never pass
test-i386-i386-xl 15 guest-stop fail never pass
test-amd64-i386-xl-credit2 15 guest-stop fail never pass
test-amd64-amd64-xl 15 guest-stop fail never pass
test-amd64-i386-xl 15 guest-stop fail never pass
test-amd64-amd64-xl-sedf-pin 15 guest-stop fail never pass
test-amd64-i386-rhel6hvm-amd 7 redhat-install fail never pass
test-amd64-amd64-xl-win7-amd64 8 guest-saverestore fail never pass
test-amd64-i386-xl-win7-amd64 8 guest-saverestore fail never pass
test-amd64-i386-rhel6hvm-intel 7 redhat-install fail never pass
test-amd64-i386-qemuu-rhel6hvm-intel 7 redhat-install fail never pass
test-amd64-i386-win-vcpus1 16 leak-check/check fail never pass
test-i386-i386-win 16 leak-check/check fail never pass
test-amd64-i386-win 16 leak-check/check fail never pass
test-amd64-i386-xend-winxpsp3 16 leak-check/check fail never pass
test-amd64-amd64-win 16 leak-check/check fail never pass
test-i386-i386-xl-win 7 windows-install fail never pass
test-i386-i386-xl-qemuu-winxpsp3 7 windows-install fail never pass
test-amd64-amd64-xl-win 7 windows-install fail never pass
test-amd64-i386-xl-winxpsp3-vcpus1 7 windows-install fail never pass
test-amd64-amd64-xl-qemuu-winxpsp3 7 windows-install fail never pass
test-amd64-amd64-xl-winxpsp3 7 windows-install fail never pass
test-i386-i386-xl-winxpsp3 7 windows-install fail never pass
test-amd64-i386-xl-win-vcpus1 7 windows-install fail never pass
test-amd64-i386-xl-multivcpu 1 xen-build-check(1) blocked in 12776 n/a
test-i386-i386-xl 1 xen-build-check(1) blocked in 12776 n/a
test-i386-i386-pv 1 xen-build-check(1) blocked in 12776 n/a
test-amd64-i386-qemuu-rhel6hvm-amd 1 xen-build-check(1) blocked in 12776 n/a
test-amd64-i386-pv 1 xen-build-check(1) blocked in 12776 n/a
test-amd64-i386-xl-credit2 1 xen-build-check(1) blocked in 12776 n/a
test-amd64-i386-xl 1 xen-build-check(1) blocked in 12776 n/a
test-i386-i386-pair 1 xen-build-check(1) blocked in 12776 n/a
test-amd64-amd64-xl-qemuu-win7-amd64 8 guest-saverestore fail in 12776 never
pass
test-amd64-i386-rhel6hvm-amd 1 xen-build-check(1) blocked in 12776 n/a
test-amd64-i386-pair 1 xen-build-check(1) blocked in 12776 n/a
test-amd64-i386-xl-win7-amd64 1 xen-build-check(1) blocked in 12776 n/a
test-amd64-i386-rhel6hvm-intel 1 xen-build-check(1) blocked in 12776 n/a
test-amd64-i386-qemuu-rhel6hvm-intel 1 xen-build-check(1) blocked in 12776 n/a
test-amd64-i386-win-vcpus1 1 xen-build-check(1) blocked in 12776 n/a
test-i386-i386-win 1 xen-build-check(1) blocked in 12776 n/a
test-amd64-i386-win 1 xen-build-check(1) blocked in 12776 n/a
test-amd64-i386-xend-winxpsp3 1 xen-build-check(1) blocked in 12776 n/a
test-i386-i386-xl-win 1 xen-build-check(1) blocked in 12776 n/a
test-i386-i386-xl-qemuu-winxpsp3 1 xen-build-check(1) blocked in 12776 n/a
test-amd64-i386-xl-winxpsp3-vcpus1 1 xen-build-check(1) blocked in 12776 n/a
test-i386-i386-xl-winxpsp3 1 xen-build-check(1) blocked in 12776 n/a
test-amd64-i386-xl-win-vcpus1 1 xen-build-check(1) blocked in 12776 n/a
version targeted for testing:
xen d8fd425b60d3
baseline version:
xen 4e446ac2c6de
jobs:
build-amd64 pass
build-i386 pass
build-amd64-oldkern pass
build-i386-oldkern pass
build-amd64-pvops pass
build-i386-pvops pass
test-amd64-amd64-xl fail
test-amd64-i386-xl fail
test-i386-i386-xl fail
test-amd64-i386-rhel6hvm-amd fail
test-amd64-i386-qemuu-rhel6hvm-amd broken
test-amd64-amd64-xl-qemuu-win7-amd64 fail
test-amd64-amd64-xl-win7-amd64 fail
test-amd64-i386-xl-win7-amd64 fail
test-amd64-i386-xl-credit2 fail
test-amd64-amd64-xl-pcipt-intel fail
test-amd64-i386-rhel6hvm-intel fail
test-amd64-i386-qemuu-rhel6hvm-intel fail
test-amd64-i386-xl-multivcpu fail
test-amd64-amd64-pair pass
test-amd64-i386-pair pass
test-i386-i386-pair pass
test-amd64-amd64-xl-sedf-pin fail
test-amd64-amd64-pv pass
test-amd64-i386-pv broken
test-i386-i386-pv broken
test-amd64-amd64-xl-sedf fail
test-amd64-i386-win-vcpus1 fail
test-amd64-i386-xl-win-vcpus1 fail
test-amd64-i386-xl-winxpsp3-vcpus1 fail
test-amd64-amd64-win fail
test-amd64-i386-win fail
test-i386-i386-win fail
test-amd64-amd64-xl-win fail
test-i386-i386-xl-win fail
test-amd64-amd64-xl-qemuu-winxpsp3 fail
test-i386-i386-xl-qemuu-winxpsp3 fail
test-amd64-i386-xend-winxpsp3 fail
test-amd64-amd64-xl-winxpsp3 fail
test-i386-i386-xl-winxpsp3 fail
------------------------------------------------------------
sg-report-flight on woking.cam.xci-test.com
logs: /home/xc_osstest/logs
images: /home/xc_osstest/images
Logs, config files, etc. are available at
http://www.chiark.greenend.org.uk/~xensrcts/logs
Test harness code can be found at
http://xenbits.xensource.com/gitweb?p=osstest.git;a=summary
Not pushing.