xen.org
2012-May-01 06:40 UTC
[xen-unstable test] 12767: tolerable trouble: broken/fail/pass
flight 12767 xen-unstable real [real]
http://www.chiark.greenend.org.uk/~xensrcts/logs/12767/
Failures :-/ but no regressions.
Tests which are failing intermittently (not blocking):
test-amd64-amd64-xl-sedf-pin 3 host-install(3) broken pass in 12765
test-amd64-amd64-pair 16 guest-start fail pass in 12765
test-i386-i386-xl-win 7 windows-install fail pass in 12765
test-i386-i386-pv 3 host-install(3) broken in 12765 pass in 12767
test-amd64-amd64-pv 3 host-install(3) broken in 12765 pass in 12767
test-amd64-i386-qemuu-rhel6hvm-intel 7 redhat-install fail in 12765 pass in
12767
Regressions which are regarded as allowable (not blocking):
test-amd64-i386-xl-credit2 3 host-install(3) broken like 12765
test-amd64-i386-qemuu-rhel6hvm-amd 3 host-install(3) broken like 12765
Tests which did not succeed, but are not blocking:
test-amd64-amd64-xl-pcipt-intel 9 guest-start fail never pass
test-amd64-i386-rhel6hvm-amd 11 leak-check/check fail never pass
test-amd64-i386-qemuu-rhel6hvm-intel 9 guest-start.2 fail never pass
test-amd64-i386-xend-winxpsp3 16 leak-check/check fail never pass
test-amd64-i386-xl-win-vcpus1 13 guest-stop fail never pass
test-amd64-amd64-win 16 leak-check/check fail never pass
test-amd64-i386-win-vcpus1 16 leak-check/check fail never pass
test-amd64-amd64-xl-winxpsp3 13 guest-stop fail never pass
test-amd64-i386-rhel6hvm-intel 11 leak-check/check fail never pass
test-amd64-i386-xl-win7-amd64 13 guest-stop fail never pass
test-i386-i386-xl-winxpsp3 13 guest-stop fail never pass
test-amd64-i386-xl-winxpsp3-vcpus1 13 guest-stop fail never pass
test-amd64-i386-win 16 leak-check/check fail never pass
test-amd64-amd64-xl-win7-amd64 13 guest-stop fail never pass
test-i386-i386-xl-qemuu-winxpsp3 8 guest-saverestore fail never pass
test-amd64-amd64-xl-qemuu-winxpsp3 8 guest-saverestore fail never pass
test-amd64-amd64-xl-qemuu-win7-amd64 8 guest-saverestore fail never pass
test-i386-i386-win 16 leak-check/check fail never pass
test-amd64-amd64-xl-win 13 guest-stop fail never pass
test-i386-i386-xl-win 13 guest-stop fail in 12765 never pass
version targeted for testing:
xen 9dda0efd8ce1
baseline version:
xen 9dda0efd8ce1
jobs:
build-amd64 pass
build-i386 pass
build-amd64-oldkern pass
build-i386-oldkern pass
build-amd64-pvops pass
build-i386-pvops pass
test-amd64-amd64-xl pass
test-amd64-i386-xl pass
test-i386-i386-xl pass
test-amd64-i386-rhel6hvm-amd fail
test-amd64-i386-qemuu-rhel6hvm-amd broken
test-amd64-amd64-xl-qemuu-win7-amd64 fail
test-amd64-amd64-xl-win7-amd64 fail
test-amd64-i386-xl-win7-amd64 fail
test-amd64-i386-xl-credit2 broken
test-amd64-amd64-xl-pcipt-intel fail
test-amd64-i386-rhel6hvm-intel fail
test-amd64-i386-qemuu-rhel6hvm-intel fail
test-amd64-i386-xl-multivcpu pass
test-amd64-amd64-pair fail
test-amd64-i386-pair pass
test-i386-i386-pair pass
test-amd64-amd64-xl-sedf-pin broken
test-amd64-amd64-pv pass
test-amd64-i386-pv pass
test-i386-i386-pv pass
test-amd64-amd64-xl-sedf pass
test-amd64-i386-win-vcpus1 fail
test-amd64-i386-xl-win-vcpus1 fail
test-amd64-i386-xl-winxpsp3-vcpus1 fail
test-amd64-amd64-win fail
test-amd64-i386-win fail
test-i386-i386-win fail
test-amd64-amd64-xl-win fail
test-i386-i386-xl-win fail
test-amd64-amd64-xl-qemuu-winxpsp3 fail
test-i386-i386-xl-qemuu-winxpsp3 fail
test-amd64-i386-xend-winxpsp3 fail
test-amd64-amd64-xl-winxpsp3 fail
test-i386-i386-xl-winxpsp3 fail
------------------------------------------------------------
sg-report-flight on woking.cam.xci-test.com
logs: /home/xc_osstest/logs
images: /home/xc_osstest/images
Logs, config files, etc. are available at
http://www.chiark.greenend.org.uk/~xensrcts/logs
Test harness code can be found at
http://xenbits.xensource.com/gitweb?p=osstest.git;a=summary
Published tested tree is already up to date.