flight 12710 qemu-upstream-unstable real [real]
http://www.chiark.greenend.org.uk/~xensrcts/logs/12710/
Regressions :-(
Tests which did not succeed and are blocking,
including tests which could not be run:
build-i386 4 xen-build fail REGR. vs. 12669
Tests which did not succeed, but are not blocking:
test-amd64-i386-qemuu-rhel6hvm-amd 1 xen-build-check(1) blocked n/a
test-amd64-amd64-qemuu-win 16 leak-check/check fail never pass
test-amd64-i386-qemuu-rhel6hvm-intel 1 xen-build-check(1) blocked n/a
test-amd64-i386-qemuu-win-vcpus1 1 xen-build-check(1) blocked n/a
test-amd64-i386-xend-qemuu-winxpsp3 1 xen-build-check(1) blocked n/a
test-amd64-amd64-xl-qemuu-win 7 windows-install fail never pass
test-amd64-i386-qemuu-win 1 xen-build-check(1) blocked n/a
test-i386-i386-qemuu-win 1 xen-build-check(1) blocked n/a
test-amd64-i386-xl-qemuu-win7-amd64 1 xen-build-check(1) blocked n/a
test-i386-i386-xl-qemuu-winxpsp3 1 xen-build-check(1) blocked n/a
test-amd64-i386-xl-qemuu-win-vcpus1 1 xen-build-check(1) blocked n/a
test-i386-i386-xl-qemuu-win 1 xen-build-check(1) blocked n/a
test-amd64-amd64-xl-qemuu-winxpsp3 7 windows-install fail never pass
test-amd64-amd64-xl-qemuu-win7-amd64 7 windows-install fail never pass
test-amd64-i386-xl-qemuu-winxpsp3-vcpus1 1 xen-build-check(1) blocked n/a
version targeted for testing:
qemuu ddb2abf7754fa2f968d4a4a57ff07d345e3c1e37
baseline version:
qemuu 4db776322827f0930d53b9e162dc1c6600d918d0
jobs:
build-amd64 pass
build-i386 fail
build-amd64-oldkern pass
build-i386-oldkern pass
build-amd64-pvops pass
build-i386-pvops pass
test-amd64-i386-qemuu-rhel6hvm-amd blocked
test-amd64-amd64-xl-qemuu-win7-amd64 fail
test-amd64-i386-xl-qemuu-win7-amd64 blocked
test-amd64-i386-qemuu-rhel6hvm-intel blocked
test-amd64-i386-qemuu-win-vcpus1 blocked
test-amd64-i386-xl-qemuu-win-vcpus1 blocked
test-amd64-i386-xl-qemuu-winxpsp3-vcpus1 blocked
test-amd64-amd64-qemuu-win fail
test-amd64-i386-qemuu-win blocked
test-i386-i386-qemuu-win blocked
test-amd64-amd64-xl-qemuu-win fail
test-i386-i386-xl-qemuu-win blocked
test-amd64-i386-xend-qemuu-winxpsp3 blocked
test-amd64-amd64-xl-qemuu-winxpsp3 fail
test-i386-i386-xl-qemuu-winxpsp3 blocked
------------------------------------------------------------
sg-report-flight on woking.cam.xci-test.com
logs: /home/xc_osstest/logs
images: /home/xc_osstest/images
Logs, config files, etc. are available at
http://www.chiark.greenend.org.uk/~xensrcts/logs
Test harness code can be found at
http://xenbits.xensource.com/gitweb?p=osstest.git;a=summary
Not pushing.