flight 12694 linux-3.0 real [real]
http://www.chiark.greenend.org.uk/~xensrcts/logs/12694/
Failures :-/ but no regressions.
Tests which did not succeed, but are not blocking:
test-amd64-i386-rhel6hvm-intel 11 leak-check/check fail never pass
test-amd64-amd64-xl-pcipt-intel 8 debian-fixup fail never pass
test-amd64-i386-xl 5 xen-boot fail never pass
test-amd64-i386-qemuu-rhel6hvm-amd 9 guest-start.2 fail never pass
test-amd64-i386-qemuu-rhel6hvm-intel 7 redhat-install fail never pass
test-amd64-amd64-xl-winxpsp3 13 guest-stop fail never pass
test-amd64-i386-xend-winxpsp3 16 leak-check/check fail never pass
test-amd64-amd64-xl-win7-amd64 13 guest-stop fail never pass
test-amd64-i386-win-vcpus1 16 leak-check/check fail never pass
test-amd64-i386-xl-win-vcpus1 13 guest-stop fail never pass
test-amd64-i386-win 16 leak-check/check fail never pass
test-i386-i386-win 16 leak-check/check fail never pass
test-amd64-i386-xl-winxpsp3-vcpus1 13 guest-stop fail never pass
test-amd64-i386-xl-win7-amd64 13 guest-stop fail never pass
test-i386-i386-xl-win 13 guest-stop fail never pass
test-i386-i386-xl-winxpsp3 13 guest-stop fail never pass
test-amd64-amd64-xl-qemuu-win7-amd64 7 windows-install fail never pass
test-i386-i386-xl-qemuu-winxpsp3 7 windows-install fail never pass
test-amd64-amd64-xl-qemuu-winxpsp3 7 windows-install fail never pass
test-amd64-amd64-win 16 leak-check/check fail never pass
test-amd64-amd64-xl-win 13 guest-stop fail never pass
version targeted for testing:
linux 0527fde0639955203ad48a9fd83bd6fc35e82e07
baseline version:
linux 02f8c6aee8df3cdc935e9bdd4f2d020306035dbe
jobs:
build-amd64 pass
build-i386 pass
build-amd64-pvops pass
build-i386-pvops pass
test-amd64-amd64-xl pass
test-amd64-i386-xl fail
test-i386-i386-xl pass
test-amd64-i386-rhel6hvm-amd pass
test-amd64-i386-qemuu-rhel6hvm-amd fail
test-amd64-amd64-xl-qemuu-win7-amd64 fail
test-amd64-amd64-xl-win7-amd64 fail
test-amd64-i386-xl-win7-amd64 fail
test-amd64-i386-xl-credit2 pass
test-amd64-amd64-xl-pcipt-intel fail
test-amd64-i386-rhel6hvm-intel fail
test-amd64-i386-qemuu-rhel6hvm-intel fail
test-amd64-i386-xl-multivcpu pass
test-amd64-amd64-pair pass
test-amd64-i386-pair pass
test-i386-i386-pair pass
test-amd64-amd64-xl-sedf-pin pass
test-amd64-amd64-pv pass
test-amd64-i386-pv pass
test-i386-i386-pv pass
test-amd64-amd64-xl-sedf pass
test-amd64-i386-win-vcpus1 fail
test-amd64-i386-xl-win-vcpus1 fail
test-amd64-i386-xl-winxpsp3-vcpus1 fail
test-amd64-amd64-win fail
test-amd64-i386-win fail
test-i386-i386-win fail
test-amd64-amd64-xl-win fail
test-i386-i386-xl-win fail
test-amd64-amd64-xl-qemuu-winxpsp3 fail
test-i386-i386-xl-qemuu-winxpsp3 fail
test-amd64-i386-xend-winxpsp3 fail
test-amd64-amd64-xl-winxpsp3 fail
test-i386-i386-xl-winxpsp3 fail
------------------------------------------------------------
sg-report-flight on woking.cam.xci-test.com
logs: /home/xc_osstest/logs
images: /home/xc_osstest/images
Logs, config files, etc. are available at
http://www.chiark.greenend.org.uk/~xensrcts/logs
Test harness code can be found at
http://xenbits.xensource.com/gitweb?p=osstest.git;a=summary
Pushing revision :
+ branch=linux-3.0
+ revision=0527fde0639955203ad48a9fd83bd6fc35e82e07
+ . cri-lock-repos
++ . cri-common
+++ umask 002
+++ getconfig Repos
+++ perl -e ''
use Osstest;
readconfigonly();
print $c{Repos} or die $!;
''
++ repos=/export/home/osstest/repos
++ repos_lock=/export/home/osstest/repos/lock
++ ''['' x ''!=''
x/export/home/osstest/repos/lock '']''
++ OSSTEST_REPOS_LOCK_LOCKED=/export/home/osstest/repos/lock
++ exec with-lock-ex -w /export/home/osstest/repos/lock ./ap-push linux-3.0
0527fde0639955203ad48a9fd83bd6fc35e82e07
+ branch=linux-3.0
+ revision=0527fde0639955203ad48a9fd83bd6fc35e82e07
+ . cri-lock-repos
++ . cri-common
+++ umask 002
+++ getconfig Repos
+++ perl -e ''
use Osstest;
readconfigonly();
print $c{Repos} or die $!;
''
++ repos=/export/home/osstest/repos
++ repos_lock=/export/home/osstest/repos/lock
++ ''['' x/export/home/osstest/repos/lock ''!=''
x/export/home/osstest/repos/lock '']''
+ . cri-common
++ umask 002
+ select_xenbranch
+ case "$branch" in
+ tree=linux
+ xenbranch=xen-unstable
+ ''['' xlinux = xlinux '']''
+ linuxbranch=linux-3.0
+ : master
+ : tested/2.6.39.x
+ . ap-common
++ : xen@xenbits.xensource.com
++ : http://xenbits.xen.org/staging/xen-unstable.hg
++ : git://xenbits.xen.org/staging/qemu-xen-unstable.git
++ : git://git.kernel.org
++ : git://git.kernel.org/pub/scm/linux/kernel/git
++ : git
++ : git://git.kernel.org/pub/scm/linux/kernel/git/stable/linux-stable.git
++ : master
++ : xen@xenbits.xensource.com:git/linux-pvops.git
++ : git://xenbits.xen.org/linux-pvops.git
++ : master
++ : git://git.kernel.org/pub/scm/linux/kernel/git/konrad/xen.git
++ : tested/2.6.39.x
++ : daily-cron.linux-3.0
++ : http://hg.uk.xensource.com/carbon/trunk/linux-2.6.27
++ : git://xenbits.xen.org/staging/qemu-upstream-unstable.git
++ : daily-cron.linux-3.0
+ TREE_LINUX=xen@xenbits.xensource.com:git/linux-pvops.git
+ TREE_QEMU_UPSTREAM=xen@xenbits.xensource.com:git/qemu-upstream-unstable.git
+ info_linux_tree linux-3.0
+ case $1 in
+ : git://git.kernel.org/pub/scm/linux/kernel/git/stable/linux-stable.git
+ : linux-3.0.y
+ : linux-3.0.y
+ : git
+ : git
+ : git://xenbits.xen.org/linux-pvops.git
+ : xen@xenbits.xensource.com:git/linux-pvops.git
+ : tested/linux-3.0
+ : tested/linux-3.0
+ return 0
+ cd /export/home/osstest/repos/linux
+ git push xen@xenbits.xensource.com:git/linux-pvops.git
0527fde0639955203ad48a9fd83bd6fc35e82e07:tested/linux-3.0
Counting objects: 1
Counting objects: 123
Counting objects: 3942
Counting objects: 12600, done.
Compressing objects: 0% (1/2022)
Compressing objects: 1% (21/2022)
Compressing objects: 2% (41/2022)
Compressing objects: 3% (61/2022)
Compressing objects: 4% (81/2022)
Compressing objects: 5% (102/2022)
Compressing objects: 6% (122/2022)
Compressing objects: 7% (142/2022)
Compressing objects: 8% (162/2022)
Compressing objects: 9% (182/2022)
Compressing objects: 10% (203/2022)
Compressing objects: 11% (223/2022)
Compressing objects: 12% (243/2022)
Compressing objects: 13% (263/2022)
Compressing objects: 14% (284/2022)
Compressing objects: 15% (304/2022)
Compressing objects: 16% (324/2022)
Compressing objects: 17% (344/2022)
Compressing objects: 18% (364/2022)
Compressing objects: 19% (385/2022)
Compressing objects: 20% (405/2022)
Compressing objects: 21% (425/2022)
Compressing objects: 22% (445/2022)
Compressing objects: 23% (466/2022)
Compressing objects: 24% (486/2022)
Compressing objects: 25% (506/2022)
Compressing objects: 26% (526/2022)
Compressing objects: 27% (546/2022)
Compressing objects: 28% (567/2022)
Compressing objects: 29% (587/2022)
Compressing objects: 30% (607/2022)
Compressing objects: 31% (627/2022)
Compressing objects: 32% (648/2022)
Compressing objects: 33% (668/2022)
Compressing objects: 34% (688/2022)
Compressing objects: 35% (708/2022)
Compressing objects: 36% (728/2022)
Compressing objects: 37% (749/2022)
Compressing objects: 38% (769/2022)
Compressing objects: 39% (789/2022)
Compressing objects: 40% (809/2022)
Compressing objects: 41% (830/2022)
Compressing objects: 42% (850/2022)
Compressing objects: 43% (870/2022)
Compressing objects: 44% (890/2022)
Compressing objects: 45% (910/2022)
Compressing objects: 46% (931/2022)
Compressing objects: 47% (951/2022)
Compressing objects: 48% (971/2022)
Compressing objects: 49% (991/2022)
Compressing objects: 50% (1011/2022)
Compressing objects: 51% (1032/2022)
Compressing objects: 52% (1052/2022)
Compressing objects: 53% (1072/2022)
Compressing objects: 54% (1092/2022)
Compressing objects: 55% (1113/2022)
Compressing objects: 56% (1133/2022)
Compressing objects: 57% (1153/2022)
Compressing objects: 58% (1173/2022)
Compressing objects: 59% (1193/2022)
Compressing objects: 60% (1214/2022)
Compressing objects: 61% (1234/2022)
Compressing objects: 62% (1254/2022)
Compressing objects: 63% (1274/2022)
Compressing objects: 64% (1295/2022)
Compressing objects: 65% (1315/2022)
Compressing objects: 66% (1335/2022)
Compressing objects: 67% (1355/2022)
Compressing objects: 68% (1375/2022)
Compressing objects: 69% (1396/2022)
Compressing objects: 70% (1416/2022)
Compressing objects: 71% (1436/2022)
Compressing objects: 72% (1456/2022)
Compressing objects: 73% (1477/2022)
Compressing objects: 74% (1497/2022)
Compressing objects: 75% (1517/2022)
Compressing objects: 76% (1537/2022)
Compressing objects: 77% (1557/2022)
Compressing objects: 78% (1578/2022)
Compressing objects: 79% (1598/2022)
Compressing objects: 80% (1618/2022)
Compressing objects: 81% (1638/2022)
Compressing objects: 82% (1659/2022)
Compressing objects: 83% (1679/2022)
Compressing objects: 84% (1699/2022)
Compressing objects: 85% (1719/2022)
Compressing objects: 86% (1739/2022)
Compressing objects: 87% (1760/2022)
Compressing objects: 88% (1780/2022)
Compressing objects: 89% (1800/2022)
Compressing objects: 90% (1820/2022)
Compressing objects: 91% (1841/2022)
Compressing objects: 92% (1861/2022)
Compressing objects: 93% (1881/2022)
Compressing objects: 94% (1901/2022)
Compressing objects: 95% (1921/2022)
Compressing objects: 96% (1942/2022)
Compressing objects: 97% (1962/2022)
Compressing objects: 98% (1982/2022)
Compressing objects: 99% (2002/2022)
Compressing objects: 100% (2022/2022)
Compressing objects: 100% (2022/2022), done.
Writing objects: 0% (1/10720)
Writing objects: 1% (108/10720)
Writing objects: 2% (215/10720)
Writing objects: 3% (322/10720)
Writing objects: 4% (429/10720)
Writing objects: 5% (536/10720)
Writing objects: 6% (644/10720)
Writing objects: 7% (751/10720)
Writing objects: 8% (858/10720)
Writing objects: 9% (965/10720)
Writing objects: 10% (1072/10720)
Writing objects: 11% (1180/10720)
Writing objects: 12% (1287/10720)
Writing objects: 13% (1394/10720)
Writing objects: 14% (1501/10720)
Writing objects: 15% (1608/10720)
Writing objects: 16% (1717/10720)
Writing objects: 17% (1823/10720)
Writing objects: 18% (1930/10720)
Writing objects: 19% (2037/10720)
Writing objects: 20% (2144/10720)
Writing objects: 21% (2252/10720)
Writing objects: 22% (2359/10720)
Writing objects: 23% (2466/10720)
Writing objects: 24% (2573/10720)
Writing objects: 25% (2680/10720)
Writing objects: 26% (2788/10720)
Writing objects: 27% (2896/10720)
Writing objects: 28% (3002/10720)
Writing objects: 29% (3109/10720)
Writing objects: 30% (3216/10720)
Writing objects: 31% (3324/10720)
Writing objects: 32% (3431/10720)
Writing objects: 33% (3538/10720)
Writing objects: 34% (3646/10720)
Writing objects: 35% (3752/10720)
Writing objects: 36% (3860/10720)
Writing objects: 37% (3969/10720)
Writing objects: 38% (4074/10720)
Writing objects: 39% (4181/10720)
Writing objects: 40% (4288/10720)
Writing objects: 41% (4396/10720)
Writing objects: 42% (4503/10720)
Writing objects: 43% (4610/10720)
Writing objects: 44% (4718/10720)
Writing objects: 45% (4824/10720)
Writing objects: 46% (4932/10720)
Writing objects: 47% (5039/10720)
Writing objects: 48% (5146/10720)
Writing objects: 49% (5253/10720)
Writing objects: 50% (5360/10720)
Writing objects: 51% (5468/10720)
Writing objects: 52% (5575/10720)
Writing objects: 53% (5682/10720)
Writing objects: 54% (5789/10720)
Writing objects: 55% (5896/10720)
Writing objects: 56% (6004/10720)
Writing objects: 57% (6111/10720)
Writing objects: 58% (6218/10720)
Writing objects: 59% (6326/10720)
Writing objects: 60% (6432/10720)
Writing objects: 61% (6540/10720)
Writing objects: 62% (6647/10720)
Writing objects: 63% (6754/10720)
Writing objects: 64% (6861/10720)
Writing objects: 65% (6968/10720)
Writing objects: 66% (7076/10720)
Writing objects: 67% (7184/10720)
Writing objects: 68% (7290/10720)
Writing objects: 69% (7397/10720)
Writing objects: 70% (7504/10720)
Writing objects: 71% (7612/10720)
Writing objects: 72% (7719/10720)
Writing objects: 73% (7826/10720)
Writing objects: 74% (7933/10720)
Writing objects: 75% (8040/10720)
Writing objects: 76% (8148/10720)
Writing objects: 77% (8255/10720)
Writing objects: 78% (8362/10720)
Writing objects: 79% (8469/10720)
Writing objects: 80% (8576/10720)
Writing objects: 81% (8684/10720)
Writing objects: 82% (8791/10720)
Writing objects: 83% (8898/10720)
Writing objects: 84% (9005/10720)
Writing objects: 85% (9112/10720)
Writing objects: 86% (9220/10720)
Writing objects: 87% (9327/10720)
Writing objects: 88% (9434/10720)
Writing objects: 89% (9541/10720)
Writing objects: 90% (9648/10720)
Writing objects: 91% (9756/10720)
Writing objects: 92% (9864/10720)
Writing objects: 93% (9970/10720)
Writing objects: 94% (10077/10720)
Writing objects: 95% (10184/10720)
Writing objects: 96% (10292/10720)
Writing objects: 97% (10399/10720)
Writing objects: 98% (10506/10720)
Writing objects: 99% (10613/10720)
Writing objects: 100% (10720/10720)
Writing objects: 100% (10720/10720), 1.94 MiB, done.
Total 10720 (delta 8815), reused 10549 (delta 8644)
To xen@xenbits.xensource.com:git/linux-pvops.git
02f8c6a..0527fde 0527fde0639955203ad48a9fd83bd6fc35e82e07 ->
tested/linux-3.0
+ exit 0