xen.org
2012-Apr-12 21:32 UTC
[linux-3.0 test] 12657: regressions - trouble: broken/fail/pass
flight 12657 linux-3.0 real [real]
http://www.chiark.greenend.org.uk/~xensrcts/logs/12657/
Regressions :-(
Tests which did not succeed and are blocking,
including tests which could not be run:
test-i386-i386-xl 5 xen-boot fail REGR. vs. 12592
test-amd64-i386-rhel6hvm-amd 5 xen-boot fail REGR. vs. 12592
test-amd64-i386-xl-credit2 5 xen-boot fail REGR. vs. 12592
test-i386-i386-pv 5 xen-boot fail REGR. vs. 12592
test-amd64-amd64-xl-pcipt-intel 5 xen-boot fail REGR. vs. 12592
test-amd64-i386-qemuu-rhel6hvm-amd 5 xen-boot fail REGR. vs. 12592
test-amd64-i386-qemuu-rhel6hvm-intel 5 xen-boot fail REGR. vs. 12592
test-amd64-amd64-xl-winxpsp3 5 xen-boot fail REGR. vs. 12592
test-amd64-i386-pair 8 xen-boot/dst_host fail REGR. vs. 12592
test-amd64-i386-pair 7 xen-boot/src_host fail REGR. vs. 12592
test-i386-i386-pair 7 xen-boot/src_host fail REGR. vs. 12592
test-i386-i386-pair 8 xen-boot/dst_host fail REGR. vs. 12592
test-amd64-amd64-pv 5 xen-boot fail REGR. vs. 12592
test-amd64-i386-win 5 xen-boot fail REGR. vs. 12592
test-amd64-amd64-pair 8 xen-boot/dst_host fail REGR. vs. 12592
test-amd64-amd64-pair 7 xen-boot/src_host fail REGR. vs. 12592
test-i386-i386-xl-win 5 xen-boot fail REGR. vs. 12592
test-i386-i386-xl-winxpsp3 5 xen-boot fail REGR. vs. 12592
test-i386-i386-xl-qemuu-winxpsp3 5 xen-boot fail REGR. vs. 12592
test-amd64-amd64-xl-qemuu-winxpsp3 5 xen-boot fail REGR. vs. 12592
test-amd64-amd64-win 5 xen-boot fail REGR. vs. 12592
test-amd64-amd64-xl-win 5 xen-boot fail REGR. vs. 12592
test-amd64-i386-xl-win7-amd64 5 xen-boot fail in 12646 REGR. vs. 12592
Tests which are failing intermittently (not blocking):
test-amd64-i386-xl-win7-amd64 3 host-install(3) broken pass in 12646
Regressions which are regarded as allowable (not blocking):
test-amd64-amd64-xl-sedf 5 xen-boot fail REGR. vs. 12592
test-amd64-i386-xl-win-vcpus1 5 xen-boot fail REGR. vs. 12592
test-amd64-i386-xl-winxpsp3-vcpus1 5 xen-boot fail REGR. vs. 12592
Tests which did not succeed, but are not blocking:
test-amd64-i386-win-vcpus1 5 xen-boot fail never pass
test-amd64-amd64-xl-win7-amd64 5 xen-boot fail never pass
test-amd64-i386-xl-multivcpu 5 xen-boot fail never pass
test-amd64-amd64-xl-qemuu-win7-amd64 5 xen-boot fail never pass
test-amd64-i386-rhel6hvm-intel 5 xen-boot fail never pass
test-amd64-i386-pv 5 xen-boot fail never pass
test-amd64-i386-xend-winxpsp3 5 xen-boot fail never pass
test-i386-i386-win 5 xen-boot fail never pass
test-amd64-amd64-xl-sedf-pin 5 xen-boot fail never pass
test-amd64-i386-xl 5 xen-boot fail never pass
test-amd64-amd64-xl 5 xen-boot fail never pass
version targeted for testing:
linux 8aa122f38398503c72a83f15c815e84e6e6e6890
baseline version:
linux 02f8c6aee8df3cdc935e9bdd4f2d020306035dbe
jobs:
build-amd64 pass
build-i386 pass
build-amd64-pvops pass
build-i386-pvops pass
test-amd64-amd64-xl fail
test-amd64-i386-xl fail
test-i386-i386-xl fail
test-amd64-i386-rhel6hvm-amd fail
test-amd64-i386-qemuu-rhel6hvm-amd fail
test-amd64-amd64-xl-qemuu-win7-amd64 fail
test-amd64-amd64-xl-win7-amd64 fail
test-amd64-i386-xl-win7-amd64 broken
test-amd64-i386-xl-credit2 fail
test-amd64-amd64-xl-pcipt-intel fail
test-amd64-i386-rhel6hvm-intel fail
test-amd64-i386-qemuu-rhel6hvm-intel fail
test-amd64-i386-xl-multivcpu fail
test-amd64-amd64-pair fail
test-amd64-i386-pair fail
test-i386-i386-pair fail
test-amd64-amd64-xl-sedf-pin fail
test-amd64-amd64-pv fail
test-amd64-i386-pv fail
test-i386-i386-pv fail
test-amd64-amd64-xl-sedf fail
test-amd64-i386-win-vcpus1 fail
test-amd64-i386-xl-win-vcpus1 fail
test-amd64-i386-xl-winxpsp3-vcpus1 fail
test-amd64-amd64-win fail
test-amd64-i386-win fail
test-i386-i386-win fail
test-amd64-amd64-xl-win fail
test-i386-i386-xl-win fail
test-amd64-amd64-xl-qemuu-winxpsp3 fail
test-i386-i386-xl-qemuu-winxpsp3 fail
test-amd64-i386-xend-winxpsp3 fail
test-amd64-amd64-xl-winxpsp3 fail
test-i386-i386-xl-winxpsp3 fail
------------------------------------------------------------
sg-report-flight on woking.cam.xci-test.com
logs: /home/xc_osstest/logs
images: /home/xc_osstest/images
Logs, config files, etc. are available at
http://www.chiark.greenend.org.uk/~xensrcts/logs
Test harness code can be found at
http://xenbits.xensource.com/gitweb?p=osstest.git;a=summary
Not pushing.