xen.org
2012-Apr-10 08:35 UTC
[xen-unstable test] 12627: tolerable trouble: broken/fail/pass
flight 12627 xen-unstable real [real]
http://www.chiark.greenend.org.uk/~xensrcts/logs/12627/
Failures :-/ but no regressions.
Tests which are failing intermittently (not blocking):
test-amd64-i386-rhel6hvm-amd 7 redhat-install fail pass in 12617
test-amd64-i386-xl-credit2 3 host-install(3) broken pass in 12617
Regressions which are regarded as allowable (not blocking):
test-amd64-amd64-pv 3 host-install(3) broken like 12617
test-amd64-i386-qemuu-rhel6hvm-amd 9 guest-start.2 fail like 12617
test-amd64-i386-xl-win-vcpus1 3 host-install(3) broken like 12617
test-amd64-amd64-win 3 host-install(3) broken like 12617
test-amd64-i386-pv 3 host-install(3) broken like 12617
test-amd64-i386-xl-multivcpu 3 host-install(3) broken in 12617 like 12595
test-amd64-i386-xl 3 host-install(3) broken in 12617 like 12606
Tests which did not succeed, but are not blocking:
test-amd64-amd64-xl-pcipt-intel 9 guest-start fail never pass
test-amd64-i386-rhel6hvm-intel 11 leak-check/check fail never pass
test-amd64-i386-qemuu-rhel6hvm-intel 9 guest-start.2 fail never pass
test-amd64-i386-xend-winxpsp3 16 leak-check/check fail never pass
test-amd64-amd64-xl-winxpsp3 13 guest-stop fail never pass
test-i386-i386-xl-winxpsp3 13 guest-stop fail never pass
test-amd64-amd64-xl-win7-amd64 13 guest-stop fail never pass
test-amd64-i386-xl-win7-amd64 13 guest-stop fail never pass
test-amd64-i386-xl-winxpsp3-vcpus1 13 guest-stop fail never pass
test-amd64-i386-win 16 leak-check/check fail never pass
test-amd64-i386-win-vcpus1 16 leak-check/check fail never pass
test-i386-i386-win 16 leak-check/check fail never pass
test-amd64-amd64-xl-win 13 guest-stop fail never pass
test-i386-i386-xl-win 13 guest-stop fail never pass
test-i386-i386-xl-qemuu-winxpsp3 7 windows-install fail never pass
test-amd64-amd64-xl-qemuu-winxpsp3 7 windows-install fail never pass
test-amd64-amd64-xl-qemuu-win7-amd64 7 windows-install fail never pass
test-amd64-i386-rhel6hvm-amd 11 leak-check/check fail in 12617 never pass
version targeted for testing:
xen d690c7e896a2
baseline version:
xen d690c7e896a2
jobs:
build-amd64 pass
build-i386 pass
build-amd64-oldkern pass
build-i386-oldkern pass
build-amd64-pvops pass
build-i386-pvops pass
test-amd64-amd64-xl pass
test-amd64-i386-xl pass
test-i386-i386-xl pass
test-amd64-i386-rhel6hvm-amd fail
test-amd64-i386-qemuu-rhel6hvm-amd fail
test-amd64-amd64-xl-qemuu-win7-amd64 fail
test-amd64-amd64-xl-win7-amd64 fail
test-amd64-i386-xl-win7-amd64 fail
test-amd64-i386-xl-credit2 broken
test-amd64-amd64-xl-pcipt-intel fail
test-amd64-i386-rhel6hvm-intel fail
test-amd64-i386-qemuu-rhel6hvm-intel fail
test-amd64-i386-xl-multivcpu pass
test-amd64-amd64-pair pass
test-amd64-i386-pair pass
test-i386-i386-pair pass
test-amd64-amd64-xl-sedf-pin pass
test-amd64-amd64-pv broken
test-amd64-i386-pv broken
test-i386-i386-pv pass
test-amd64-amd64-xl-sedf pass
test-amd64-i386-win-vcpus1 fail
test-amd64-i386-xl-win-vcpus1 broken
test-amd64-i386-xl-winxpsp3-vcpus1 fail
test-amd64-amd64-win broken
test-amd64-i386-win fail
test-i386-i386-win fail
test-amd64-amd64-xl-win fail
test-i386-i386-xl-win fail
test-amd64-amd64-xl-qemuu-winxpsp3 fail
test-i386-i386-xl-qemuu-winxpsp3 fail
test-amd64-i386-xend-winxpsp3 fail
test-amd64-amd64-xl-winxpsp3 fail
test-i386-i386-xl-winxpsp3 fail
------------------------------------------------------------
sg-report-flight on woking.cam.xci-test.com
logs: /home/xc_osstest/logs
images: /home/xc_osstest/images
Logs, config files, etc. are available at
http://www.chiark.greenend.org.uk/~xensrcts/logs
Test harness code can be found at
http://xenbits.xensource.com/gitweb?p=osstest.git;a=summary
Published tested tree is already up to date.