flight 12586 qemu-upstream-unstable real [real]
http://www.chiark.greenend.org.uk/~xensrcts/logs/12586/
Failures :-/ but no regressions.
Regressions which are regarded as allowable (not blocking):
test-amd64-i386-qemuu-rhel6hvm-amd 9 guest-start.2 fail blocked in 11890
Tests which did not succeed, but are not blocking:
test-amd64-i386-qemuu-rhel6hvm-intel 9 guest-start.2 fail never pass
test-amd64-amd64-qemuu-win 16 leak-check/check fail never pass
test-amd64-i386-qemuu-win-vcpus1 16 leak-check/check fail never pass
test-amd64-i386-qemuu-win 16 leak-check/check fail never pass
test-amd64-i386-xend-qemuu-winxpsp3 16 leak-check/check fail never pass
test-amd64-i386-xl-qemuu-win-vcpus1 7 windows-install fail never pass
test-i386-i386-xl-qemuu-win 7 windows-install fail never pass
test-amd64-amd64-xl-qemuu-win 7 windows-install fail never pass
test-amd64-amd64-xl-qemuu-win7-amd64 7 windows-install fail never pass
test-i386-i386-qemuu-win 16 leak-check/check fail never pass
test-amd64-i386-xl-qemuu-win7-amd64 7 windows-install fail never pass
test-amd64-i386-xl-qemuu-winxpsp3-vcpus1 7 windows-install fail never pass
test-i386-i386-xl-qemuu-winxpsp3 7 windows-install fail never pass
test-amd64-amd64-xl-qemuu-winxpsp3 7 windows-install fail never pass
version targeted for testing:
qemuu e1615984e765751b430f86be679c0b74b5d5cd15
baseline version:
qemuu 86a8d63bc11431509506b95c1481e1a023302cbc
jobs:
build-amd64 pass
build-i386 pass
build-amd64-oldkern pass
build-i386-oldkern pass
build-amd64-pvops pass
build-i386-pvops pass
test-amd64-i386-qemuu-rhel6hvm-amd fail
test-amd64-amd64-xl-qemuu-win7-amd64 fail
test-amd64-i386-xl-qemuu-win7-amd64 fail
test-amd64-i386-qemuu-rhel6hvm-intel fail
test-amd64-i386-qemuu-win-vcpus1 fail
test-amd64-i386-xl-qemuu-win-vcpus1 fail
test-amd64-i386-xl-qemuu-winxpsp3-vcpus1 fail
test-amd64-amd64-qemuu-win fail
test-amd64-i386-qemuu-win fail
test-i386-i386-qemuu-win fail
test-amd64-amd64-xl-qemuu-win fail
test-i386-i386-xl-qemuu-win fail
test-amd64-i386-xend-qemuu-winxpsp3 fail
test-amd64-amd64-xl-qemuu-winxpsp3 fail
test-i386-i386-xl-qemuu-winxpsp3 fail
------------------------------------------------------------
sg-report-flight on woking.cam.xci-test.com
logs: /home/xc_osstest/logs
images: /home/xc_osstest/images
Logs, config files, etc. are available at
http://www.chiark.greenend.org.uk/~xensrcts/logs
Test harness code can be found at
http://xenbits.xensource.com/gitweb?p=osstest.git;a=summary
Pushing revision :
+ branch=qemu-upstream-unstable
+ revision=e1615984e765751b430f86be679c0b74b5d5cd15
+ . cri-lock-repos
++ . cri-common
+++ umask 002
+++ getconfig Repos
+++ perl -e ''
use Osstest;
readconfigonly();
print $c{Repos} or die $!;
''
++ repos=/export/home/osstest/repos
++ repos_lock=/export/home/osstest/repos/lock
++ ''['' x ''!=''
x/export/home/osstest/repos/lock '']''
++ OSSTEST_REPOS_LOCK_LOCKED=/export/home/osstest/repos/lock
++ exec with-lock-ex -w /export/home/osstest/repos/lock ./ap-push
qemu-upstream-unstable e1615984e765751b430f86be679c0b74b5d5cd15
+ branch=qemu-upstream-unstable
+ revision=e1615984e765751b430f86be679c0b74b5d5cd15
+ . cri-lock-repos
++ . cri-common
+++ umask 002
+++ getconfig Repos
+++ perl -e ''
use Osstest;
readconfigonly();
print $c{Repos} or die $!;
''
++ repos=/export/home/osstest/repos
++ repos_lock=/export/home/osstest/repos/lock
++ ''['' x/export/home/osstest/repos/lock ''!=''
x/export/home/osstest/repos/lock '']''
+ . cri-common
++ umask 002
+ select_xenbranch
+ case "$branch" in
+ tree=qemuu
+ xenbranch=xen-unstable
+ ''['' xqemuu = xlinux '']''
+ linuxbranch=linux
+ : master
+ : tested/2.6.39.x
+ : :git/qemu-upstream-unstable.git
+ . ap-common
++ : xen@xenbits.xensource.com
++ : http://xenbits.xen.org/staging/xen-unstable.hg
++ : git://xenbits.xen.org/staging/qemu-xen-unstable.git
++ : git://git.kernel.org
++ : git://git.kernel.org/pub/scm/linux/kernel/git
++ : git
++ : git://xenbits.xen.org/linux-pvops.git
++ : master
++ : xen@xenbits.xensource.com:git/linux-pvops.git
++ : git://xenbits.xen.org/linux-pvops.git
++ : master
++ : git://git.kernel.org/pub/scm/linux/kernel/git/konrad/xen.git
++ : tested/2.6.39.x
++ : daily-cron.qemu-upstream-unstable
++ : http://hg.uk.xensource.com/carbon/trunk/linux-2.6.27
++ : :git/qemu-upstream-unstable.git
++ : daily-cron.qemu-upstream-unstable
+ TREE_LINUX=xen@xenbits.xensource.com:git/linux-pvops.git
+ info_linux_tree qemu-upstream-unstable
+ case $1 in
+ return 1
+ case "$branch" in
+ cd /export/home/osstest/repos/qemu-upstream-unstable
+ git push :git/qemu-upstream-unstable.git
e1615984e765751b430f86be679c0b74b5d5cd15:master
ssh: Could not resolve hostname : Name or service not known
fatal: The remote end hung up unexpectedly