flight 12574 linux-linus real [real]
http://www.chiark.greenend.org.uk/~xensrcts/logs/12574/
Regressions :-(
Tests which did not succeed and are blocking,
including tests which could not be run:
test-amd64-i386-xl 5 xen-boot fail REGR. vs. 12557
test-amd64-i386-rhel6hvm-amd 5 xen-boot fail REGR. vs. 12557
test-amd64-amd64-xl-sedf 5 xen-boot fail REGR. vs. 12557
test-amd64-amd64-pv 5 xen-boot fail REGR. vs. 12557
test-amd64-i386-qemuu-rhel6hvm-amd 5 xen-boot fail REGR. vs. 12557
test-i386-i386-pv 5 xen-boot fail REGR. vs. 12557
test-amd64-i386-xl-multivcpu 5 xen-boot fail REGR. vs. 12557
test-i386-i386-pair 7 xen-boot/src_host fail REGR. vs. 12557
test-i386-i386-pair 8 xen-boot/dst_host fail REGR. vs. 12557
test-amd64-amd64-pair 8 xen-boot/dst_host fail REGR. vs. 12557
test-amd64-amd64-pair 7 xen-boot/src_host fail REGR. vs. 12557
test-amd64-i386-pair 8 xen-boot/dst_host fail REGR. vs. 12557
test-amd64-i386-pair 7 xen-boot/src_host fail REGR. vs. 12557
test-amd64-amd64-xl-win 5 xen-boot fail REGR. vs. 12557
test-amd64-amd64-xl 5 xen-boot fail REGR. vs. 12557
test-amd64-amd64-xl-win7-amd64 5 xen-boot fail REGR. vs. 12557
test-amd64-i386-xend-winxpsp3 5 xen-boot fail REGR. vs. 12557
test-i386-i386-xl 5 xen-boot fail REGR. vs. 12557
test-amd64-i386-xl-credit2 5 xen-boot fail REGR. vs. 12557
test-amd64-amd64-xl-winxpsp3 5 xen-boot fail REGR. vs. 12557
test-i386-i386-xl-win 5 xen-boot fail REGR. vs. 12557
test-i386-i386-win 5 xen-boot fail REGR. vs. 12557
test-amd64-amd64-xl-qemuu-winxpsp3 5 xen-boot fail REGR. vs. 12557
test-amd64-amd64-win 5 xen-boot fail REGR. vs. 12557
Regressions which are regarded as allowable (not blocking):
test-amd64-amd64-xl-sedf-pin 5 xen-boot fail REGR. vs. 12557
test-amd64-i386-xl-winxpsp3-vcpus1 5 xen-boot fail REGR. vs. 12557
Tests which did not succeed, but are not blocking:
test-amd64-i386-rhel6hvm-intel 5 xen-boot fail never pass
test-amd64-i386-pv 5 xen-boot fail never pass
test-amd64-i386-xl-win7-amd64 5 xen-boot fail never pass
test-i386-i386-xl-winxpsp3 5 xen-boot fail never pass
test-amd64-i386-xl-win-vcpus1 5 xen-boot fail never pass
test-i386-i386-xl-qemuu-winxpsp3 5 xen-boot fail never pass
test-amd64-i386-qemuu-rhel6hvm-intel 5 xen-boot fail never pass
test-amd64-amd64-xl-qemuu-win7-amd64 5 xen-boot fail never pass
test-amd64-i386-win 5 xen-boot fail never pass
test-amd64-i386-win-vcpus1 5 xen-boot fail never pass
test-amd64-amd64-xl-pcipt-intel 5 xen-boot fail never pass
version targeted for testing:
linux 6c216ec636f75d834461be15f83ec41a6759bd2b
baseline version:
linux c16fa4f2ad19908a47c63d8fa436a1178438c7e7
jobs:
build-amd64 pass
build-i386 pass
build-amd64-pvops pass
build-i386-pvops pass
test-amd64-amd64-xl fail
test-amd64-i386-xl fail
test-i386-i386-xl fail
test-amd64-i386-rhel6hvm-amd fail
test-amd64-i386-qemuu-rhel6hvm-amd fail
test-amd64-amd64-xl-qemuu-win7-amd64 fail
test-amd64-amd64-xl-win7-amd64 fail
test-amd64-i386-xl-win7-amd64 fail
test-amd64-i386-xl-credit2 fail
test-amd64-amd64-xl-pcipt-intel fail
test-amd64-i386-rhel6hvm-intel fail
test-amd64-i386-qemuu-rhel6hvm-intel fail
test-amd64-i386-xl-multivcpu fail
test-amd64-amd64-pair fail
test-amd64-i386-pair fail
test-i386-i386-pair fail
test-amd64-amd64-xl-sedf-pin fail
test-amd64-amd64-pv fail
test-amd64-i386-pv fail
test-i386-i386-pv fail
test-amd64-amd64-xl-sedf fail
test-amd64-i386-win-vcpus1 fail
test-amd64-i386-xl-win-vcpus1 fail
test-amd64-i386-xl-winxpsp3-vcpus1 fail
test-amd64-amd64-win fail
test-amd64-i386-win fail
test-i386-i386-win fail
test-amd64-amd64-xl-win fail
test-i386-i386-xl-win fail
test-amd64-amd64-xl-qemuu-winxpsp3 fail
test-i386-i386-xl-qemuu-winxpsp3 fail
test-amd64-i386-xend-winxpsp3 fail
test-amd64-amd64-xl-winxpsp3 fail
test-i386-i386-xl-winxpsp3 fail
------------------------------------------------------------
sg-report-flight on woking.cam.xci-test.com
logs: /home/xc_osstest/logs
images: /home/xc_osstest/images
Logs, config files, etc. are available at
http://www.chiark.greenend.org.uk/~xensrcts/logs
Test harness code can be found at
http://xenbits.xensource.com/gitweb?p=osstest.git;a=summary
Not pushing.
Konrad Rzeszutek Wilk
2012-Apr-05 15:50 UTC
Re: [linux-linus test] 12574: regressions - FAIL
On Thu, Apr 05, 2012 at 04:20:09PM +0100, xen.org wrote:> flight 12574 linux-linus real [real] > http://www.chiark.greenend.org.uk/~xensrcts/logs/12574/So I know what fix to push for this. Shall I tell you when it should be upstream and when it should be working?> > Regressions :-( > > Tests which did not succeed and are blocking, > including tests which could not be run: > test-amd64-i386-xl 5 xen-boot fail REGR. vs. 12557 > test-amd64-i386-rhel6hvm-amd 5 xen-boot fail REGR. vs. 12557 > test-amd64-amd64-xl-sedf 5 xen-boot fail REGR. vs. 12557 > test-amd64-amd64-pv 5 xen-boot fail REGR. vs. 12557 > test-amd64-i386-qemuu-rhel6hvm-amd 5 xen-boot fail REGR. vs. 12557 > test-i386-i386-pv 5 xen-boot fail REGR. vs. 12557 > test-amd64-i386-xl-multivcpu 5 xen-boot fail REGR. vs. 12557 > test-i386-i386-pair 7 xen-boot/src_host fail REGR. vs. 12557 > test-i386-i386-pair 8 xen-boot/dst_host fail REGR. vs. 12557 > test-amd64-amd64-pair 8 xen-boot/dst_host fail REGR. vs. 12557 > test-amd64-amd64-pair 7 xen-boot/src_host fail REGR. vs. 12557 > test-amd64-i386-pair 8 xen-boot/dst_host fail REGR. vs. 12557 > test-amd64-i386-pair 7 xen-boot/src_host fail REGR. vs. 12557 > test-amd64-amd64-xl-win 5 xen-boot fail REGR. vs. 12557 > test-amd64-amd64-xl 5 xen-boot fail REGR. vs. 12557 > test-amd64-amd64-xl-win7-amd64 5 xen-boot fail REGR. vs. 12557 > test-amd64-i386-xend-winxpsp3 5 xen-boot fail REGR. vs. 12557 > test-i386-i386-xl 5 xen-boot fail REGR. vs. 12557 > test-amd64-i386-xl-credit2 5 xen-boot fail REGR. vs. 12557 > test-amd64-amd64-xl-winxpsp3 5 xen-boot fail REGR. vs. 12557 > test-i386-i386-xl-win 5 xen-boot fail REGR. vs. 12557 > test-i386-i386-win 5 xen-boot fail REGR. vs. 12557 > test-amd64-amd64-xl-qemuu-winxpsp3 5 xen-boot fail REGR. vs. 12557 > test-amd64-amd64-win 5 xen-boot fail REGR. vs. 12557 > > Regressions which are regarded as allowable (not blocking): > test-amd64-amd64-xl-sedf-pin 5 xen-boot fail REGR. vs. 12557 > test-amd64-i386-xl-winxpsp3-vcpus1 5 xen-boot fail REGR. vs. 12557 > > Tests which did not succeed, but are not blocking: > test-amd64-i386-rhel6hvm-intel 5 xen-boot fail never pass > test-amd64-i386-pv 5 xen-boot fail never pass > test-amd64-i386-xl-win7-amd64 5 xen-boot fail never pass > test-i386-i386-xl-winxpsp3 5 xen-boot fail never pass > test-amd64-i386-xl-win-vcpus1 5 xen-boot fail never pass > test-i386-i386-xl-qemuu-winxpsp3 5 xen-boot fail never pass > test-amd64-i386-qemuu-rhel6hvm-intel 5 xen-boot fail never pass > test-amd64-amd64-xl-qemuu-win7-amd64 5 xen-boot fail never pass > test-amd64-i386-win 5 xen-boot fail never pass > test-amd64-i386-win-vcpus1 5 xen-boot fail never pass > test-amd64-amd64-xl-pcipt-intel 5 xen-boot fail never pass > > version targeted for testing: > linux 6c216ec636f75d834461be15f83ec41a6759bd2b > baseline version: > linux c16fa4f2ad19908a47c63d8fa436a1178438c7e7 > > jobs: > build-amd64 pass > build-i386 pass > build-amd64-pvops pass > build-i386-pvops pass > test-amd64-amd64-xl fail > test-amd64-i386-xl fail > test-i386-i386-xl fail > test-amd64-i386-rhel6hvm-amd fail > test-amd64-i386-qemuu-rhel6hvm-amd fail > test-amd64-amd64-xl-qemuu-win7-amd64 fail > test-amd64-amd64-xl-win7-amd64 fail > test-amd64-i386-xl-win7-amd64 fail > test-amd64-i386-xl-credit2 fail > test-amd64-amd64-xl-pcipt-intel fail > test-amd64-i386-rhel6hvm-intel fail > test-amd64-i386-qemuu-rhel6hvm-intel fail > test-amd64-i386-xl-multivcpu fail > test-amd64-amd64-pair fail > test-amd64-i386-pair fail > test-i386-i386-pair fail > test-amd64-amd64-xl-sedf-pin fail > test-amd64-amd64-pv fail > test-amd64-i386-pv fail > test-i386-i386-pv fail > test-amd64-amd64-xl-sedf fail > test-amd64-i386-win-vcpus1 fail > test-amd64-i386-xl-win-vcpus1 fail > test-amd64-i386-xl-winxpsp3-vcpus1 fail > test-amd64-amd64-win fail > test-amd64-i386-win fail > test-i386-i386-win fail > test-amd64-amd64-xl-win fail > test-i386-i386-xl-win fail > test-amd64-amd64-xl-qemuu-winxpsp3 fail > test-i386-i386-xl-qemuu-winxpsp3 fail > test-amd64-i386-xend-winxpsp3 fail > test-amd64-amd64-xl-winxpsp3 fail > test-i386-i386-xl-winxpsp3 fail > > > ------------------------------------------------------------ > sg-report-flight on woking.cam.xci-test.com > logs: /home/xc_osstest/logs > images: /home/xc_osstest/images > > Logs, config files, etc. are available at > http://www.chiark.greenend.org.uk/~xensrcts/logs > > Test harness code can be found at > http://xenbits.xensource.com/gitweb?p=osstest.git;a=summary > > > Not pushing. > > > _______________________________________________ > Xen-devel mailing list > Xen-devel@lists.xen.org > http://lists.xen.org/xen-devel
Konrad Rzeszutek Wilk writes ("Re: [Xen-devel] [linux-linus test] 12574:
regressions - FAIL"):> On Thu, Apr 05, 2012 at 04:20:09PM +0100, xen.org wrote:
> > flight 12574 linux-linus real [real]
> > http://www.chiark.greenend.org.uk/~xensrcts/logs/12574/
>
> So I know what fix to push for this.
Excellent.
> Shall I tell you when it should
> be upstream and when it should be working?
No, there is no need. I have this set up to run daily, so it should
come through in due course.
Thanks,
Ian.