flight 12414 xen-unstable real [real]
http://www.chiark.greenend.org.uk/~xensrcts/logs/12414/
Regressions :-(
Tests which did not succeed and are blocking,
including tests which could not be run:
build-amd64 4 xen-build fail REGR. vs. 12407
build-amd64-oldkern 4 xen-build fail REGR. vs. 12407
build-amd64-pvops 4 kernel-build fail REGR. vs. 12407
Tests which did not succeed, but are not blocking:
test-amd64-i386-rhel6hvm-intel 1 xen-build-check(1) blocked n/a
test-amd64-i386-rhel6hvm-amd 1 xen-build-check(1) blocked n/a
test-amd64-amd64-xl-pcipt-intel 1 xen-build-check(1) blocked n/a
test-amd64-amd64-pv 1 xen-build-check(1) blocked n/a
test-amd64-i386-xl 1 xen-build-check(1) blocked n/a
test-amd64-i386-qemuu-rhel6hvm-intel 1 xen-build-check(1) blocked n/a
test-amd64-i386-xl-multivcpu 1 xen-build-check(1) blocked n/a
test-amd64-amd64-xl-sedf-pin 1 xen-build-check(1) blocked n/a
test-amd64-i386-xl-credit2 1 xen-build-check(1) blocked n/a
test-amd64-amd64-pair 1 xen-build-check(1) blocked n/a
test-amd64-amd64-xl 1 xen-build-check(1) blocked n/a
test-amd64-i386-xl-win7-amd64 1 xen-build-check(1) blocked n/a
test-amd64-i386-xend-winxpsp3 1 xen-build-check(1) blocked n/a
test-amd64-amd64-win 1 xen-build-check(1) blocked n/a
test-amd64-i386-qemuu-rhel6hvm-amd 1 xen-build-check(1) blocked n/a
test-amd64-amd64-xl-win7-amd64 1 xen-build-check(1) blocked n/a
test-amd64-i386-pv 1 xen-build-check(1) blocked n/a
test-amd64-i386-win-vcpus1 1 xen-build-check(1) blocked n/a
test-amd64-i386-xl-win-vcpus1 1 xen-build-check(1) blocked n/a
test-amd64-amd64-xl-sedf 1 xen-build-check(1) blocked n/a
test-i386-i386-xl-winxpsp3 13 guest-stop fail never pass
test-amd64-amd64-xl-winxpsp3 1 xen-build-check(1) blocked n/a
test-amd64-i386-xl-winxpsp3-vcpus1 1 xen-build-check(1) blocked n/a
test-amd64-i386-win 1 xen-build-check(1) blocked n/a
test-amd64-i386-pair 1 xen-build-check(1) blocked n/a
test-amd64-amd64-xl-win 1 xen-build-check(1) blocked n/a
test-amd64-amd64-xl-qemuu-winxpsp3 1 xen-build-check(1) blocked n/a
test-i386-i386-xl-qemuu-winxpsp3 7 windows-install fail never pass
test-i386-i386-win 16 leak-check/check fail never pass
test-amd64-amd64-xl-qemuu-win7-amd64 1 xen-build-check(1) blocked n/a
test-i386-i386-xl-win 13 guest-stop fail never pass
version targeted for testing:
xen 4bd752a4cdf3
baseline version:
xen b7a1794aed59
------------------------------------------------------------
People who touched revisions under test:
Andrew Cooper <andrew.cooper3@citrix.com>
David Vrabel <david.vrabel@citrix.com>
Jan Beulich <jbeulich@suse.com>
Keir Fraser <keir@xen.org>
Liu, Jinsong <jinsong.liu@intel.com>
Stefano Stabellini <stefano.stabellini@eu.citrix.com>
------------------------------------------------------------
jobs:
build-amd64 fail
build-i386 pass
build-amd64-oldkern fail
build-i386-oldkern pass
build-amd64-pvops fail
build-i386-pvops pass
test-amd64-amd64-xl blocked
test-amd64-i386-xl blocked
test-i386-i386-xl pass
test-amd64-i386-rhel6hvm-amd blocked
test-amd64-i386-qemuu-rhel6hvm-amd blocked
test-amd64-amd64-xl-qemuu-win7-amd64 blocked
test-amd64-amd64-xl-win7-amd64 blocked
test-amd64-i386-xl-win7-amd64 blocked
test-amd64-i386-xl-credit2 blocked
test-amd64-amd64-xl-pcipt-intel blocked
test-amd64-i386-rhel6hvm-intel blocked
test-amd64-i386-qemuu-rhel6hvm-intel blocked
test-amd64-i386-xl-multivcpu blocked
test-amd64-amd64-pair blocked
test-amd64-i386-pair blocked
test-i386-i386-pair pass
test-amd64-amd64-xl-sedf-pin blocked
test-amd64-amd64-pv blocked
test-amd64-i386-pv blocked
test-i386-i386-pv pass
test-amd64-amd64-xl-sedf blocked
test-amd64-i386-win-vcpus1 blocked
test-amd64-i386-xl-win-vcpus1 blocked
test-amd64-i386-xl-winxpsp3-vcpus1 blocked
test-amd64-amd64-win blocked
test-amd64-i386-win blocked
test-i386-i386-win fail
test-amd64-amd64-xl-win blocked
test-i386-i386-xl-win fail
test-amd64-amd64-xl-qemuu-winxpsp3 blocked
test-i386-i386-xl-qemuu-winxpsp3 fail
test-amd64-i386-xend-winxpsp3 blocked
test-amd64-amd64-xl-winxpsp3 blocked
test-i386-i386-xl-winxpsp3 fail
------------------------------------------------------------
sg-report-flight on woking.cam.xci-test.com
logs: /home/xc_osstest/logs
images: /home/xc_osstest/images
Logs, config files, etc. are available at
http://www.chiark.greenend.org.uk/~xensrcts/logs
Test harness code can be found at
http://xenbits.xensource.com/gitweb?p=osstest.git;a=summary
Not pushing.
------------------------------------------------------------
changeset: 25099:4bd752a4cdf3
tag: tip
user: Keir Fraser <keir@xen.org>
date: Fri Mar 23 20:51:48 2012 +0000
x86_emulate: Do not push an error code onto a #UD exception stack
Signed-off-by: Keir Fraser <keir@xen.org>
changeset: 25098:2e45b26bc412
user: Andrew Cooper <andrew.cooper3@citrix.com>
date: Fri Mar 23 20:45:16 2012 +0000
x86_emulate: raise #UD rather than #GP on invalid use of LOCK prefix
From: Andrew Cooper <andrew.cooper3@citrix.com>
Signed-off-by: Keir Fraser <keir@xen.org>
Committed-by: Keir Fraser <keir@xen.org>
changeset: 25097:2ca43b65718f
user: Jan Beulich <jbeulich@suse.com>
date: Fri Mar 23 16:13:29 2012 +0100
x86/hpet: simplify hpet_get_channel()
There''s no need for a lock here, elimination of which makes the
function a leaf one, thus allowing for better (and smaller) code.
Further, use the variable next_channel according to its name - so far
it represented the most recently used channel rather than the next one
to use.
Signed-off-by: Jan Beulich <jbeulich@suse.com>
Acked-by: Keir Fraser <keir@xen.org>
changeset: 25096:5863a55b807e
user: Liu, Jinsong <jinsong.liu@intel.com>
date: Fri Mar 23 15:08:17 2012 +0000
Xen core parking 2: core parking implementation
This patch implement Xen core parking.
Different core parking sequence has different power/performance
result, due to cpu socket/core/thread topology.
This patch provide power-first and performance-first policies, users
can choose core parking policy by their own demand.
Signed-off-by: Liu, Jinsong <jinsong.liu@intel.com>
Committed-by: Keir Fraser <keir@xen.org>
changeset: 25095:f6a2fb739ad0
user: Liu, Jinsong <jinsong.liu@intel.com>
date: Fri Mar 23 15:07:53 2012 +0000
Xen core parking 1: hypercall
This patch implement hypercall through which dom0 send core parking
request, and get core parking result.
Due to the characteristic of continue_hypercall_on_cpu, dom0
seperately send/get core parking request/result.
Signed-off-by: Liu, Jinsong <jinsong.liu@intel.com>
Committed-by: Keir Fraser <keir@xen.org>
changeset: 25094:b7a1794aed59
user: David Vrabel <david.vrabel@citrix.com>
date: Fri Mar 23 13:45:28 2012 +0000
Fix test for NULL command line in cmdline_parse()
Signed-off-by: David Vrabel <david.vrabel@citrix.com>
Committed-by: Keir Fraser <keir@xen.org>
=======================================commit
2503d4d5a29e7af8dffd1e11229e11c1917d2ccf
Author: Stefano Stabellini <stefano.stabellini@eu.citrix.com>
Date: Thu Mar 1 18:58:27 2012 +0000
qemu-xen: ignore console disconnect events for console/0
The first console has a different location compared to other PV devices
(console, rather than device/console/0) and doesn''t obey the
xenstore
state protocol. We already special case the first console in con_init
and con_initialise, we should also do it in con_disconnect.
This patch should be applied to 4.1 too.
Signed-off-by: Stefano Stabellini <stefano.stabellini@eu.citrix.com>