flight 12382 linux real [real]
http://www.chiark.greenend.org.uk/~xensrcts/logs/12382/
Failures :-/ but no regressions.
Regressions which are regarded as allowable (not blocking):
test-amd64-amd64-xl-sedf-pin 14 guest-localmigrate/x10 fail like 12205
test-amd64-i386-qemuu-rhel6hvm-intel 9 guest-start.2 fail like 12226
test-i386-i386-xl-win 7 windows-install fail like 12222
Tests which did not succeed, but are not blocking:
test-amd64-amd64-xl-pcipt-intel 9 guest-start fail never pass
test-amd64-i386-rhel6hvm-intel 11 leak-check/check fail never pass
test-amd64-i386-rhel6hvm-amd 11 leak-check/check fail never pass
test-amd64-amd64-xl-win7-amd64 13 guest-stop fail never pass
test-amd64-i386-xl-winxpsp3-vcpus1 13 guest-stop fail never pass
test-amd64-i386-xl-win7-amd64 13 guest-stop fail never pass
test-amd64-i386-xend-winxpsp3 16 leak-check/check fail never pass
test-i386-i386-win 16 leak-check/check fail never pass
test-i386-i386-xl-winxpsp3 13 guest-stop fail never pass
test-amd64-i386-qemuu-rhel6hvm-amd 9 guest-start.2 fail never pass
test-amd64-i386-win-vcpus1 16 leak-check/check fail never pass
test-amd64-i386-xl-win-vcpus1 13 guest-stop fail never pass
test-amd64-i386-win 16 leak-check/check fail never pass
test-amd64-amd64-xl-winxpsp3 13 guest-stop fail never pass
test-amd64-amd64-xl-win 13 guest-stop fail never pass
test-amd64-amd64-xl-qemuu-winxpsp3 7 windows-install fail never pass
test-i386-i386-xl-qemuu-winxpsp3 7 windows-install fail never pass
test-amd64-amd64-xl-qemuu-win7-amd64 7 windows-install fail never pass
test-amd64-amd64-win 16 leak-check/check fail never pass
version targeted for testing:
linux a938a246d34912423c560f475ccf1ce0c71d9d00
baseline version:
linux 8326829847694d598382b3c5717f220e30b03137
------------------------------------------------------------
People who touched revisions under test:
------------------------------------------------------------
jobs:
build-amd64 pass
build-i386 pass
build-amd64-pvops pass
build-i386-pvops pass
test-amd64-amd64-xl pass
test-amd64-i386-xl pass
test-i386-i386-xl pass
test-amd64-i386-rhel6hvm-amd fail
test-amd64-i386-qemuu-rhel6hvm-amd fail
test-amd64-amd64-xl-qemuu-win7-amd64 fail
test-amd64-amd64-xl-win7-amd64 fail
test-amd64-i386-xl-win7-amd64 fail
test-amd64-i386-xl-credit2 pass
test-amd64-amd64-xl-pcipt-intel fail
test-amd64-i386-rhel6hvm-intel fail
test-amd64-i386-qemuu-rhel6hvm-intel fail
test-amd64-i386-xl-multivcpu pass
test-amd64-amd64-pair pass
test-amd64-i386-pair pass
test-i386-i386-pair pass
test-amd64-amd64-xl-sedf-pin fail
test-amd64-amd64-pv pass
test-amd64-i386-pv pass
test-i386-i386-pv pass
test-amd64-amd64-xl-sedf pass
test-amd64-i386-win-vcpus1 fail
test-amd64-i386-xl-win-vcpus1 fail
test-amd64-i386-xl-winxpsp3-vcpus1 fail
test-amd64-amd64-win fail
test-amd64-i386-win fail
test-i386-i386-win fail
test-amd64-amd64-xl-win fail
test-i386-i386-xl-win fail
test-amd64-amd64-xl-qemuu-winxpsp3 fail
test-i386-i386-xl-qemuu-winxpsp3 fail
test-amd64-i386-xend-winxpsp3 fail
test-amd64-amd64-xl-winxpsp3 fail
test-i386-i386-xl-winxpsp3 fail
------------------------------------------------------------
sg-report-flight on woking.cam.xci-test.com
logs: /home/xc_osstest/logs
images: /home/xc_osstest/images
Logs, config files, etc. are available at
http://www.chiark.greenend.org.uk/~xensrcts/logs
Test harness code can be found at
http://xenbits.xensource.com/gitweb?p=osstest.git;a=summary
Pushing revision :
+ branch=linux
+ revision=a938a246d34912423c560f475ccf1ce0c71d9d00
+ . cri-lock-repos
++ . cri-common
+++ umask 002
+++ getconfig Repos
+++ perl -e ''
use Osstest;
readconfigonly();
print $c{Repos} or die $!;
''
++ repos=/export/home/osstest/repos
++ repos_lock=/export/home/osstest/repos/lock
++ ''['' x ''!=''
x/export/home/osstest/repos/lock '']''
++ OSSTEST_REPOS_LOCK_LOCKED=/export/home/osstest/repos/lock
++ exec with-lock-ex -w /export/home/osstest/repos/lock ./ap-push linux
a938a246d34912423c560f475ccf1ce0c71d9d00
+ branch=linux
+ revision=a938a246d34912423c560f475ccf1ce0c71d9d00
+ . cri-lock-repos
++ . cri-common
+++ umask 002
+++ getconfig Repos
+++ perl -e ''
use Osstest;
readconfigonly();
print $c{Repos} or die $!;
''
++ repos=/export/home/osstest/repos
++ repos_lock=/export/home/osstest/repos/lock
++ ''['' x/export/home/osstest/repos/lock ''!=''
x/export/home/osstest/repos/lock '']''
+ . cri-common
++ umask 002
+ select_xenbranch
+ case "$branch" in
+ tree=linux
+ xenbranch=xen-unstable
+ : xen@xenbits.xensource.com
+ : xen@xenbits.xensource.com:git/linux-pvops
+ : master
+ : tested/2.6.39.x
+ : xen@xenbits.xensource.com:git/qemu-upstream-unstable.git
+ . ap-common
++ : http://xenbits.xen.org/staging/xen-unstable.hg
++ : git://xenbits.xen.org/staging/qemu-xen-unstable.git
++ : git://git.kernel.org
++ : xen@xenbits.xensource.com:git/linux-pvops
++ : master
++ : git://git.kernel.org/pub/scm/linux/kernel/git/konrad/xen.git
++ : tested/2.6.39.x
++ : daily-cron.linux
++ : http://hg.uk.xensource.com/carbon/trunk/linux-2.6.27
++ : xen@xenbits.xensource.com:git/qemu-upstream-unstable.git
++ : daily-cron.linux
+ case "$branch" in
+ cd /export/home/osstest/repos/linux
+ git push xen@xenbits.xensource.com:git/linux-pvops
a938a246d34912423c560f475ccf1ce0c71d9d00:master
Counting objects: 1
Counting objects: 198, done.
Compressing objects: 4% (1/24)
Compressing objects: 8% (2/24)
Compressing objects: 12% (3/24)
Compressing objects: 16% (4/24)
Compressing objects: 20% (5/24)
Compressing objects: 25% (6/24)
Compressing objects: 29% (7/24)
Compressing objects: 33% (8/24)
Compressing objects: 37% (9/24)
Compressing objects: 41% (10/24)
Compressing objects: 45% (11/24)
Compressing objects: 50% (12/24)
Compressing objects: 54% (13/24)
Compressing objects: 58% (14/24)
Compressing objects: 62% (15/24)
Compressing objects: 66% (16/24)
Compressing objects: 70% (17/24)
Compressing objects: 75% (18/24)
Compressing objects: 79% (19/24)
Compressing objects: 83% (20/24)
Compressing objects: 87% (21/24)
Compressing objects: 91% (22/24)
Compressing objects: 95% (23/24)
Compressing objects: 100% (24/24)
Compressing objects: 100% (24/24), done.
Writing objects: 0% (1/138)
Writing objects: 1% (2/138)
Writing objects: 2% (3/138)
Writing objects: 3% (5/138)
Writing objects: 4% (6/138)
Writing objects: 5% (7/138)
Writing objects: 6% (9/138)
Writing objects: 7% (10/138)
Writing objects: 8% (12/138)
Writing objects: 9% (13/138)
Writing objects: 10% (14/138)
Writing objects: 11% (16/138)
Writing objects: 12% (17/138)
Writing objects: 13% (18/138)
Writing objects: 14% (20/138)
Writing objects: 15% (21/138)
Writing objects: 16% (23/138)
Writing objects: 17% (24/138)
Writing objects: 18% (25/138)
Writing objects: 19% (27/138)
Writing objects: 20% (28/138)
Writing objects: 21% (29/138)
Writing objects: 22% (31/138)
Writing objects: 23% (32/138)
Writing objects: 24% (34/138)
Writing objects: 25% (35/138)
Writing objects: 26% (36/138)
Writing objects: 27% (38/138)
Writing objects: 28% (39/138)
Writing objects: 29% (41/138)
Writing objects: 30% (42/138)
Writing objects: 31% (43/138)
Writing objects: 32% (45/138)
Writing objects: 33% (46/138)
Writing objects: 34% (47/138)
Writing objects: 35% (49/138)
Writing objects: 36% (50/138)
Writing objects: 37% (52/138)
Writing objects: 38% (53/138)
Writing objects: 39% (54/138)
Writing objects: 40% (56/138)
Writing objects: 41% (57/138)
Writing objects: 42% (58/138)
Writing objects: 43% (60/138)
Writing objects: 44% (61/138)
Writing objects: 45% (63/138)
Writing objects: 46% (64/138)
Writing objects: 47% (65/138)
Writing objects: 48% (67/138)
Writing objects: 49% (68/138)
Writing objects: 50% (69/138)
Writing objects: 51% (71/138)
Writing objects: 52% (72/138)
Writing objects: 53% (74/138)
Writing objects: 54% (75/138)
Writing objects: 55% (76/138)
Writing objects: 56% (78/138)
Writing objects: 57% (79/138)
Writing objects: 58% (81/138)
Writing objects: 59% (82/138)
Writing objects: 60% (83/138)
Writing objects: 61% (85/138)
Writing objects: 62% (86/138)
Writing objects: 63% (87/138)
Writing objects: 64% (89/138)
Writing objects: 65% (90/138)
Writing objects: 66% (92/138)
Writing objects: 67% (93/138)
Writing objects: 68% (94/138)
Writing objects: 69% (96/138)
Writing objects: 70% (97/138)
Writing objects: 71% (98/138)
Writing objects: 72% (100/138)
Writing objects: 73% (101/138)
Writing objects: 74% (103/138)
Writing objects: 75% (104/138)
Writing objects: 76% (105/138)
Writing objects: 77% (107/138)
Writing objects: 78% (108/138)
Writing objects: 79% (110/138)
Writing objects: 80% (111/138)
Writing objects: 81% (112/138)
Writing objects: 82% (114/138)
Writing objects: 83% (115/138)
Writing objects: 84% (116/138)
Writing objects: 85% (118/138)
Writing objects: 86% (119/138)
Writing objects: 87% (121/138)
Writing objects: 88% (122/138)
Writing objects: 89% (123/138)
Writing objects: 90% (125/138)
Writing objects: 91% (126/138)
Writing objects: 92% (127/138)
Writing objects: 93% (129/138)
Writing objects: 94% (130/138)
Writing objects: 95% (132/138)
Writing objects: 96% (133/138)
Writing objects: 97% (134/138)
Writing objects: 98% (136/138)
Writing objects: 99% (137/138)
Writing objects: 100% (138/138)
Writing objects: 100% (138/138), 21.62 KiB, done.
Total 138 (delta 114), reused 138 (delta 114)
To xen@xenbits.xensource.com:git/linux-pvops
8326829..a938a24 a938a246d34912423c560f475ccf1ce0c71d9d00 -> master