xen.org
2012-Mar-20 05:31 UTC
[xen-unstable test] 12360: tolerable trouble: blocked/broken/fail
flight 12360 xen-unstable real [real]
http://www.chiark.greenend.org.uk/~xensrcts/logs/12360/
Failures :-/ but no regressions.
Tests which are failing intermittently (not blocking):
build-i386-pvops 2 host-install(2) broken pass in 12353
build-i386 2 host-install(2) broken pass in 12353
build-i386-oldkern 2 host-install(2) broken pass in 12353
build-amd64 2 host-install(2) broken pass in 12353
build-amd64-oldkern 4 xen-build fail pass in 12353
build-amd64-pvops 2 host-install(2) broken pass in 12353
build-i386-pvops 4 kernel-build fail in 12353 pass in 12352
build-amd64-pvops 4 kernel-build fail in 12353 pass in 12352
test-amd64-i386-xl-credit2 9 guest-start fail in 12352 pass in 12351
test-amd64-i386-qemuu-rhel6hvm-amd 7 redhat-install fail in 12351 pass in 12352
test-amd64-amd64-xl-sedf 9 guest-start fail in 12351 pass in 12352
Regressions which are regarded as allowable (not blocking):
test-amd64-i386-qemuu-rhel6hvm-amd 9 guest-start.2 fail in 12352 like 12278
Tests which did not succeed, but are not blocking:
test-amd64-i386-rhel6hvm-intel 1 xen-build-check(1) blocked n/a
test-amd64-i386-rhel6hvm-amd 1 xen-build-check(1) blocked n/a
test-amd64-amd64-xl-pcipt-intel 1 xen-build-check(1) blocked n/a
test-i386-i386-pv 1 xen-build-check(1) blocked n/a
test-amd64-amd64-pv 1 xen-build-check(1) blocked n/a
test-i386-i386-xl 1 xen-build-check(1) blocked n/a
test-amd64-i386-qemuu-rhel6hvm-intel 1 xen-build-check(1) blocked n/a
test-amd64-i386-pv 1 xen-build-check(1) blocked n/a
test-amd64-i386-xl 1 xen-build-check(1) blocked n/a
test-amd64-i386-xl-multivcpu 1 xen-build-check(1) blocked n/a
test-amd64-amd64-xl-sedf-pin 1 xen-build-check(1) blocked n/a
test-amd64-i386-xl-credit2 1 xen-build-check(1) blocked n/a
test-amd64-amd64-pair 1 xen-build-check(1) blocked n/a
test-amd64-amd64-xl 1 xen-build-check(1) blocked n/a
test-amd64-i386-xend-winxpsp3 1 xen-build-check(1) blocked n/a
test-amd64-i386-xl-win7-amd64 1 xen-build-check(1) blocked n/a
test-amd64-amd64-win 1 xen-build-check(1) blocked n/a
test-amd64-i386-qemuu-rhel6hvm-amd 1 xen-build-check(1) blocked n/a
test-amd64-amd64-xl-win7-amd64 1 xen-build-check(1) blocked n/a
test-amd64-i386-win-vcpus1 1 xen-build-check(1) blocked n/a
test-amd64-i386-xl-win-vcpus1 1 xen-build-check(1) blocked n/a
test-amd64-amd64-xl-sedf 1 xen-build-check(1) blocked n/a
test-i386-i386-xl-winxpsp3 1 xen-build-check(1) blocked n/a
test-amd64-amd64-xl-winxpsp3 1 xen-build-check(1) blocked n/a
test-amd64-i386-xl-winxpsp3-vcpus1 1 xen-build-check(1) blocked n/a
test-amd64-i386-win 1 xen-build-check(1) blocked n/a
test-amd64-i386-pair 1 xen-build-check(1) blocked n/a
test-i386-i386-pair 1 xen-build-check(1) blocked n/a
test-i386-i386-xl-qemuu-winxpsp3 1 xen-build-check(1) blocked n/a
test-amd64-amd64-xl-qemuu-winxpsp3 1 xen-build-check(1) blocked n/a
test-i386-i386-win 1 xen-build-check(1) blocked n/a
test-amd64-amd64-xl-qemuu-win7-amd64 1 xen-build-check(1) blocked n/a
test-amd64-amd64-xl-win 1 xen-build-check(1) blocked n/a
test-i386-i386-xl-win 1 xen-build-check(1) blocked n/a
test-amd64-i386-rhel6hvm-intel 11 leak-check/check fail in 12352 never pass
test-amd64-i386-rhel6hvm-amd 11 leak-check/check fail in 12352 never pass
test-amd64-amd64-xl-pcipt-intel 9 guest-start fail in 12352 never pass
test-amd64-i386-qemuu-rhel6hvm-intel 9 guest-start.2 fail in 12352 never pass
test-amd64-i386-xend-winxpsp3 16 leak-check/check fail in 12352 never pass
test-amd64-i386-xl-win7-amd64 13 guest-stop fail in 12352 never pass
test-amd64-amd64-win 16 leak-check/check fail in 12352 never pass
test-amd64-amd64-xl-win7-amd64 13 guest-stop fail in 12352 never pass
test-amd64-i386-win-vcpus1 16 leak-check/check fail in 12352 never pass
test-amd64-i386-xl-win-vcpus1 13 guest-stop fail in 12352 never pass
test-i386-i386-xl-winxpsp3 13 guest-stop fail in 12352 never pass
test-amd64-amd64-xl-winxpsp3 13 guest-stop fail in 12352 never pass
test-amd64-i386-xl-winxpsp3-vcpus1 13 guest-stop fail in 12352 never pass
test-amd64-i386-win 16 leak-check/check fail in 12352 never pass
test-i386-i386-xl-qemuu-winxpsp3 7 windows-install fail in 12352 never pass
test-amd64-amd64-xl-qemuu-winxpsp3 7 windows-install fail in 12352 never pass
test-i386-i386-win 16 leak-check/check fail in 12352 never pass
test-amd64-amd64-xl-qemuu-win7-amd64 7 windows-install fail in 12352 never pass
test-amd64-amd64-xl-win 13 guest-stop fail in 12352 never pass
test-i386-i386-xl-win 13 guest-stop fail in 12352 never pass
version targeted for testing:
xen 4e1d091d10d8
baseline version:
xen 4e1d091d10d8
jobs:
build-amd64 broken
build-i386 broken
build-amd64-oldkern fail
build-i386-oldkern broken
build-amd64-pvops broken
build-i386-pvops broken
test-amd64-amd64-xl blocked
test-amd64-i386-xl blocked
test-i386-i386-xl blocked
test-amd64-i386-rhel6hvm-amd blocked
test-amd64-i386-qemuu-rhel6hvm-amd blocked
test-amd64-amd64-xl-qemuu-win7-amd64 blocked
test-amd64-amd64-xl-win7-amd64 blocked
test-amd64-i386-xl-win7-amd64 blocked
test-amd64-i386-xl-credit2 blocked
test-amd64-amd64-xl-pcipt-intel blocked
test-amd64-i386-rhel6hvm-intel blocked
test-amd64-i386-qemuu-rhel6hvm-intel blocked
test-amd64-i386-xl-multivcpu blocked
test-amd64-amd64-pair blocked
test-amd64-i386-pair blocked
test-i386-i386-pair blocked
test-amd64-amd64-xl-sedf-pin blocked
test-amd64-amd64-pv blocked
test-amd64-i386-pv blocked
test-i386-i386-pv blocked
test-amd64-amd64-xl-sedf blocked
test-amd64-i386-win-vcpus1 blocked
test-amd64-i386-xl-win-vcpus1 blocked
test-amd64-i386-xl-winxpsp3-vcpus1 blocked
test-amd64-amd64-win blocked
test-amd64-i386-win blocked
test-i386-i386-win blocked
test-amd64-amd64-xl-win blocked
test-i386-i386-xl-win blocked
test-amd64-amd64-xl-qemuu-winxpsp3 blocked
test-i386-i386-xl-qemuu-winxpsp3 blocked
test-amd64-i386-xend-winxpsp3 blocked
test-amd64-amd64-xl-winxpsp3 blocked
test-i386-i386-xl-winxpsp3 blocked
------------------------------------------------------------
sg-report-flight on woking.cam.xci-test.com
logs: /home/xc_osstest/logs
images: /home/xc_osstest/images
Logs, config files, etc. are available at
http://www.chiark.greenend.org.uk/~xensrcts/logs
Test harness code can be found at
http://xenbits.xensource.com/gitweb?p=osstest.git;a=summary
Published tested tree is already up to date.