flight 12234 xen-4.1-testing real [real]
http://www.chiark.greenend.org.uk/~xensrcts/logs/12234/
Regressions :-(
Tests which did not succeed and are blocking,
including tests which could not be run:
test-i386-i386-xl 9 guest-start fail REGR. vs. 12229
Regressions which are regarded as allowable (not blocking):
test-amd64-amd64-xl-sedf 5 xen-boot fail like 12229
Tests which did not succeed, but are not blocking:
test-amd64-amd64-xl-pcipt-intel 9 guest-start fail never pass
test-amd64-i386-rhel6hvm-intel 11 leak-check/check fail never pass
test-amd64-i386-qemuu-rhel6hvm-intel 11 leak-check/check fail never pass
test-amd64-i386-rhel6hvm-amd 11 leak-check/check fail never pass
test-amd64-i386-qemuu-rhel6hvm-amd 11 leak-check/check fail never pass
test-amd64-amd64-xl-qemuu-winxpsp3 13 guest-stop fail never pass
test-amd64-i386-xl-win7-amd64 13 guest-stop fail never pass
test-amd64-amd64-xl-win7-amd64 13 guest-stop fail never pass
test-amd64-amd64-xl-win 13 guest-stop fail never pass
test-amd64-i386-xend-winxpsp3 16 leak-check/check fail never pass
test-amd64-amd64-xl-winxpsp3 13 guest-stop fail never pass
test-amd64-amd64-xl-qemuu-win7-amd64 13 guest-stop fail never pass
test-amd64-i386-xl-winxpsp3-vcpus1 13 guest-stop fail never pass
test-amd64-amd64-win 16 leak-check/check fail never pass
test-amd64-i386-win-vcpus1 16 leak-check/check fail never pass
test-amd64-i386-xl-win-vcpus1 13 guest-stop fail never pass
test-i386-i386-xl-winxpsp3 13 guest-stop fail never pass
test-i386-i386-xl-win 13 guest-stop fail never pass
test-amd64-i386-win 16 leak-check/check fail never pass
test-i386-i386-win 16 leak-check/check fail never pass
test-i386-i386-xl-qemuu-winxpsp3 13 guest-stop fail never pass
version targeted for testing:
xen 93fc9441e90c
baseline version:
xen 0f1958876090
------------------------------------------------------------
People who touched revisions under test:
Anthony Liguori <aliguori@us.ibm.com>
Ian Campbell <ian.campbell.com>
Ian Campbell <Ian.Campbell@citrix.com>
Ian Jackson <ian.jackson.citrix.com>
Ian Jackson <ian.jackson@eu.citrix.com>
Jim Fehlig <jfehlig@suse.com>
Wei Liu <wei.liu2@citrix.com>
------------------------------------------------------------
jobs:
build-amd64 pass
build-i386 pass
build-amd64-oldkern pass
build-i386-oldkern pass
build-amd64-pvops pass
build-i386-pvops pass
test-amd64-amd64-xl pass
test-amd64-i386-xl pass
test-i386-i386-xl fail
test-amd64-i386-rhel6hvm-amd fail
test-amd64-i386-qemuu-rhel6hvm-amd fail
test-amd64-amd64-xl-qemuu-win7-amd64 fail
test-amd64-amd64-xl-win7-amd64 fail
test-amd64-i386-xl-win7-amd64 fail
test-amd64-i386-xl-credit2 pass
test-amd64-amd64-xl-pcipt-intel fail
test-amd64-i386-rhel6hvm-intel fail
test-amd64-i386-qemuu-rhel6hvm-intel fail
test-amd64-i386-xl-multivcpu pass
test-amd64-amd64-pair pass
test-amd64-i386-pair pass
test-i386-i386-pair pass
test-amd64-amd64-xl-sedf-pin pass
test-amd64-amd64-pv pass
test-amd64-i386-pv pass
test-i386-i386-pv pass
test-amd64-amd64-xl-sedf fail
test-amd64-i386-win-vcpus1 fail
test-amd64-i386-xl-win-vcpus1 fail
test-amd64-i386-xl-winxpsp3-vcpus1 fail
test-amd64-amd64-win fail
test-amd64-i386-win fail
test-i386-i386-win fail
test-amd64-amd64-xl-win fail
test-i386-i386-xl-win fail
test-amd64-amd64-xl-qemuu-winxpsp3 fail
test-i386-i386-xl-qemuu-winxpsp3 fail
test-amd64-i386-xend-winxpsp3 fail
test-amd64-amd64-xl-winxpsp3 fail
test-i386-i386-xl-winxpsp3 fail
------------------------------------------------------------
sg-report-flight on woking.cam.xci-test.com
logs: /home/xc_osstest/logs
images: /home/xc_osstest/images
Logs, config files, etc. are available at
http://www.chiark.greenend.org.uk/~xensrcts/logs
Test harness code can be found at
http://xenbits.xensource.com/gitweb?p=osstest.git;a=summary
Not pushing.
------------------------------------------------------------
changeset: 23266:93fc9441e90c
tag: tip
user: Jim Fehlig <jfehlig@suse.com>
date: Wed Mar 14 10:03:07 2012 +0000
tools: xencommons init script: Fix setting XENSTORED_ROOTDIR
Due to a logic bug, XENSTORED_ROOTDIR was not being set to
default value when zero length.
Signed-off-by: Jim Fehlig <jfehlig@suse.com>
Acked-by: Ian Jackson <ian.jackson@eu.citrix.com>
Committed-by: Ian Jackson <ian.jackson@eu.citrix.com>
xen-unstable changeset: 24593:e2722b24dc09
Backport-requested-by: Teck Choon Giam <giamteckchoon@gmail.com>
Committed-by: Ian Jackson <ian.jackson@eu.citrix.com>
changeset: 23265:0f1958876090
user: Wei Liu <wei.liu2@citrix.com>
date: Tue Mar 13 16:49:03 2012 +0000
libxl: print out vifname in create dryrun.
Signed-off-by: Wei Liu <wei.liu2@citrix.com>
Acked-by: Ian Campbell <ian.campbell.com>
Committed-by: Ian Jackson <ian.jackson.citrix.com>
xen-unstable changeset: 24458:19ac027a3c31
Backport-requested-by: Roderick Colenbrander <thunderbird2k@gmail.com>
Committed-by: Ian Jackson <ian.jackson@eu.citrix.com>
=======================================commit
3cf61880403b4e484539596a95937cc066243388
Author: Ian Campbell <Ian.Campbell@citrix.com>
Date: Thu Feb 2 13:47:06 2012 +0000
e1000: bounds packet size against buffer size
Otherwise we can write beyond the buffer and corrupt memory. This is
tracked
as CVE-2012-0029.
Signed-off-by: Anthony Liguori <aliguori@us.ibm.com>
(Backported from qemu upstream 65f82df0d7a71ce1b10cd4c5ab08888d176ac840
by Ian Campbell.)
Signed-off-by: Ian Campbell <Ian.Campbell@citrix.com>
(cherry picked from commit ebe37b2a3f844bad02dcc30d081f39eda06118f8)