flight 12226 linux real [real]
http://www.chiark.greenend.org.uk/~xensrcts/logs/12226/
Failures :-/ but no regressions.
Regressions which are regarded as allowable (not blocking):
test-amd64-i386-qemuu-rhel6hvm-intel 9 guest-start.2 fail blocked in 11891
test-amd64-i386-qemuu-rhel6hvm-amd 7 redhat-install fail like 11891
test-amd64-amd64-win 7 windows-install fail like 11644
Tests which did not succeed, but are not blocking:
test-amd64-amd64-xl-pcipt-intel 9 guest-start fail never pass
test-amd64-i386-rhel6hvm-intel 11 leak-check/check fail never pass
test-amd64-i386-rhel6hvm-amd 11 leak-check/check fail never pass
test-amd64-i386-xl-winxpsp3-vcpus1 13 guest-stop fail never pass
test-amd64-i386-xl-win7-amd64 13 guest-stop fail never pass
test-amd64-i386-xend-winxpsp3 16 leak-check/check fail never pass
test-i386-i386-xl-winxpsp3 13 guest-stop fail never pass
test-amd64-i386-win-vcpus1 16 leak-check/check fail never pass
test-amd64-i386-xl-win-vcpus1 13 guest-stop fail never pass
test-amd64-i386-win 16 leak-check/check fail never pass
test-i386-i386-win 16 leak-check/check fail never pass
test-amd64-amd64-xl-win 13 guest-stop fail never pass
test-amd64-amd64-xl-win7-amd64 13 guest-stop fail never pass
test-i386-i386-xl-qemuu-winxpsp3 7 windows-install fail never pass
test-amd64-amd64-xl-qemuu-winxpsp3 7 windows-install fail never pass
test-amd64-amd64-xl-qemuu-win7-amd64 7 windows-install fail never pass
test-i386-i386-xl-win 13 guest-stop fail never pass
test-amd64-amd64-xl-winxpsp3 13 guest-stop fail never pass
version targeted for testing:
linux 8326829847694d598382b3c5717f220e30b03137
baseline version:
linux 1aaf53ee291d9e71d6ec05c0ebdb2854fea175ad
------------------------------------------------------------
People who touched revisions under test:
------------------------------------------------------------
jobs:
build-amd64 pass
build-i386 pass
build-amd64-pvops pass
build-i386-pvops pass
test-amd64-amd64-xl pass
test-amd64-i386-xl pass
test-i386-i386-xl pass
test-amd64-i386-rhel6hvm-amd fail
test-amd64-i386-qemuu-rhel6hvm-amd fail
test-amd64-amd64-xl-qemuu-win7-amd64 fail
test-amd64-amd64-xl-win7-amd64 fail
test-amd64-i386-xl-win7-amd64 fail
test-amd64-i386-xl-credit2 pass
test-amd64-amd64-xl-pcipt-intel fail
test-amd64-i386-rhel6hvm-intel fail
test-amd64-i386-qemuu-rhel6hvm-intel fail
test-amd64-i386-xl-multivcpu pass
test-amd64-amd64-pair pass
test-amd64-i386-pair pass
test-i386-i386-pair pass
test-amd64-amd64-xl-sedf-pin pass
test-amd64-amd64-pv pass
test-amd64-i386-pv pass
test-i386-i386-pv pass
test-amd64-amd64-xl-sedf pass
test-amd64-i386-win-vcpus1 fail
test-amd64-i386-xl-win-vcpus1 fail
test-amd64-i386-xl-winxpsp3-vcpus1 fail
test-amd64-amd64-win fail
test-amd64-i386-win fail
test-i386-i386-win fail
test-amd64-amd64-xl-win fail
test-i386-i386-xl-win fail
test-amd64-amd64-xl-qemuu-winxpsp3 fail
test-i386-i386-xl-qemuu-winxpsp3 fail
test-amd64-i386-xend-winxpsp3 fail
test-amd64-amd64-xl-winxpsp3 fail
test-i386-i386-xl-winxpsp3 fail
------------------------------------------------------------
sg-report-flight on woking.cam.xci-test.com
logs: /home/xc_osstest/logs
images: /home/xc_osstest/images
Logs, config files, etc. are available at
http://www.chiark.greenend.org.uk/~xensrcts/logs
Test harness code can be found at
http://xenbits.xensource.com/gitweb?p=osstest.git;a=summary
Pushing revision :
+ branch=linux
+ revision=8326829847694d598382b3c5717f220e30b03137
+ . cri-lock-repos
++ . cri-common
+++ umask 002
+++ getconfig Repos
+++ perl -e ''
use Osstest;
readconfigonly();
print $c{Repos} or die $!;
''
++ repos=/export/home/osstest/repos
++ repos_lock=/export/home/osstest/repos/lock
++ ''['' x ''!=''
x/export/home/osstest/repos/lock '']''
++ OSSTEST_REPOS_LOCK_LOCKED=/export/home/osstest/repos/lock
++ exec with-lock-ex -w /export/home/osstest/repos/lock ./ap-push linux
8326829847694d598382b3c5717f220e30b03137
+ branch=linux
+ revision=8326829847694d598382b3c5717f220e30b03137
+ . cri-lock-repos
++ . cri-common
+++ umask 002
+++ getconfig Repos
+++ perl -e ''
use Osstest;
readconfigonly();
print $c{Repos} or die $!;
''
++ repos=/export/home/osstest/repos
++ repos_lock=/export/home/osstest/repos/lock
++ ''['' x/export/home/osstest/repos/lock ''!=''
x/export/home/osstest/repos/lock '']''
+ . cri-common
++ umask 002
+ select_xenbranch
+ case "$branch" in
+ tree=linux
+ xenbranch=xen-unstable
+ : xen@xenbits.xensource.com
+ : xen@xenbits.xensource.com:git/linux-pvops
+ : master
+ : tested/2.6.39.x
+ : xen@xenbits.xensource.com:git/qemu-upstream-unstable.git
+ . ap-common
++ : http://xenbits.xen.org/staging/xen-unstable.hg
++ : git://xenbits.xen.org/staging/qemu-xen-unstable.git
++ : git://git.kernel.org
++ : xen@xenbits.xensource.com:git/linux-pvops
++ : master
++ : git://git.kernel.org/pub/scm/linux/kernel/git/konrad/xen.git
++ : tested/2.6.39.x
++ : daily-cron.linux
++ : http://hg.uk.xensource.com/carbon/trunk/linux-2.6.27
++ : xen@xenbits.xensource.com:git/qemu-upstream-unstable.git
++ : daily-cron.linux
+ case "$branch" in
+ cd /export/home/osstest/repos/linux
+ git push xen@xenbits.xensource.com:git/linux-pvops
8326829847694d598382b3c5717f220e30b03137:master
Counting objects: 1
Counting objects: 55
Counting objects: 190, done.
Compressing objects: 4% (1/25)
Compressing objects: 8% (2/25)
Compressing objects: 12% (3/25)
Compressing objects: 16% (4/25)
Compressing objects: 20% (5/25)
Compressing objects: 24% (6/25)
Compressing objects: 28% (7/25)
Compressing objects: 32% (8/25)
Compressing objects: 36% (9/25)
Compressing objects: 40% (10/25)
Compressing objects: 44% (11/25)
Compressing objects: 48% (12/25)
Compressing objects: 52% (13/25)
Compressing objects: 56% (14/25)
Compressing objects: 60% (15/25)
Compressing objects: 64% (16/25)
Compressing objects: 68% (17/25)
Compressing objects: 72% (18/25)
Compressing objects: 76% (19/25)
Compressing objects: 80% (20/25)
Compressing objects: 84% (21/25)
Compressing objects: 88% (22/25)
Compressing objects: 92% (23/25)
Compressing objects: 96% (24/25)
Compressing objects: 100% (25/25)
Compressing objects: 100% (25/25), done.
Writing objects: 0% (1/140)
Writing objects: 1% (2/140)
Writing objects: 2% (3/140)
Writing objects: 3% (5/140)
Writing objects: 4% (6/140)
Writing objects: 5% (7/140)
Writing objects: 6% (9/140)
Writing objects: 7% (10/140)
Writing objects: 8% (12/140)
Writing objects: 9% (13/140)
Writing objects: 10% (14/140)
Writing objects: 11% (16/140)
Writing objects: 12% (17/140)
Writing objects: 13% (19/140)
Writing objects: 14% (20/140)
Writing objects: 15% (21/140)
Writing objects: 16% (23/140)
Writing objects: 17% (24/140)
Writing objects: 18% (26/140)
Writing objects: 19% (27/140)
Writing objects: 20% (28/140)
Writing objects: 21% (30/140)
Writing objects: 22% (31/140)
Writing objects: 23% (33/140)
Writing objects: 24% (34/140)
Writing objects: 25% (35/140)
Writing objects: 26% (37/140)
Writing objects: 27% (38/140)
Writing objects: 28% (40/140)
Writing objects: 29% (41/140)
Writing objects: 30% (42/140)
Writing objects: 31% (44/140)
Writing objects: 32% (45/140)
Writing objects: 33% (47/140)
Writing objects: 34% (48/140)
Writing objects: 35% (49/140)
Writing objects: 36% (51/140)
Writing objects: 37% (53/140)
Writing objects: 38% (54/140)
Writing objects: 39% (55/140)
Writing objects: 40% (56/140)
Writing objects: 41% (58/140)
Writing objects: 42% (59/140)
Writing objects: 43% (61/140)
Writing objects: 44% (62/140)
Writing objects: 45% (63/140)
Writing objects: 46% (65/140)
Writing objects: 47% (66/140)
Writing objects: 48% (68/140)
Writing objects: 49% (69/140)
Writing objects: 50% (70/140)
Writing objects: 51% (72/140)
Writing objects: 52% (73/140)
Writing objects: 53% (75/140)
Writing objects: 54% (76/140)
Writing objects: 55% (77/140)
Writing objects: 56% (79/140)
Writing objects: 57% (80/140)
Writing objects: 58% (82/140)
Writing objects: 59% (83/140)
Writing objects: 60% (84/140)
Writing objects: 61% (86/140)
Writing objects: 62% (87/140)
Writing objects: 63% (89/140)
Writing objects: 64% (90/140)
Writing objects: 65% (91/140)
Writing objects: 66% (93/140)
Writing objects: 67% (94/140)
Writing objects: 68% (96/140)
Writing objects: 69% (97/140)
Writing objects: 70% (98/140)
Writing objects: 71% (100/140)
Writing objects: 72% (101/140)
Writing objects: 73% (103/140)
Writing objects: 74% (104/140)
Writing objects: 75% (105/140)
Writing objects: 76% (107/140)
Writing objects: 77% (108/140)
Writing objects: 78% (110/140)
Writing objects: 79% (111/140)
Writing objects: 80% (112/140)
Writing objects: 81% (114/140)
Writing objects: 82% (115/140)
Writing objects: 83% (117/140)
Writing objects: 84% (118/140)
Writing objects: 85% (119/140)
Writing objects: 86% (121/140)
Writing objects: 87% (122/140)
Writing objects: 88% (124/140)
Writing objects: 89% (125/140)
Writing objects: 90% (126/140)
Writing objects: 91% (128/140)
Writing objects: 92% (129/140)
Writing objects: 93% (131/140)
Writing objects: 94% (132/140)
Writing objects: 95% (133/140)
Writing objects: 96% (135/140)
Writing objects: 97% (136/140)
Writing objects: 98% (138/140)
Writing objects: 99% (139/140)
Writing objects: 100% (140/140)
Writing objects: 100% (140/140), 22.94 KiB, done.
Total 140 (delta 115), reused 140 (delta 115)
To xen@xenbits.xensource.com:git/linux-pvops
1aaf53e..8326829 8326829847694d598382b3c5717f220e30b03137 -> master